INSERT INTO `notifications` (`id`, `type`, `notifiable_type`, `notifiable_id`, `data`, `read_at`, `created_at`, `updated_at`) VALUES
('fbe78674-6b9a-4cb1-ae54-5fd324282ce1', 'Modules\\Backend\\Notifications\\BlogActionNotification', 'Modules\\User\\Models\\User', 1, '{\"action\":\"updated\",\"title\":\"\\u0639\\u062f\\u0645 \\u0625\\u0645\\u0643\\u0627\\u0646\\u064a\\u0629 \\u0627\\u0644\\u0648\\u0635\\u0648\\u0644 \\u0625\\u0644\\u0649 \\u0627\\u0644\\u0639\\u0645\\u0644\\u0627\\u062a \\u0627\\u0644\\u0645\\u0634\\u0641\\u0631\\u0629 \\u0642\\u062f \\u064a\\u0643\\u0648\\u0646 \\u062e\\u0637\\u064a\\u0631\\u064b\\u0627\",\"blog_id\":209,\"author\":\"Admin\",\"message\":\"Blog \'\\u0639\\u062f\\u0645 \\u0625\\u0645\\u0643\\u0627\\u0646\\u064a\\u0629 \\u0627\\u0644\\u0648\\u0635\\u0648\\u0644 \\u0625\\u0644\\u0649 \\u0627\\u0644\\u0639\\u0645\\u0644\\u0627\\u062a \\u0627\\u0644\\u0645\\u0634\\u0641\\u0631\\u0629 \\u0642\\u062f \\u064a\\u0643\\u0648\\u0646 \\u062e\\u0637\\u064a\\u0631\\u064b\\u0627\' has been updated.\"}', NULL, '2025-10-25 05:35:59', '2025-10-25 05:35:59'),
('fbecc4c0-7d5e-4514-b415-57702230f7d2', 'Modules\\Backend\\Notifications\\BlogActionNotification', 'Modules\\User\\Models\\User', 1, '{\"action\":\"updated\",\"title\":\"The Potentially Dangerous Non-Accessibility Of Crypto\",\"blog_id\":122,\"author\":\"Admin\",\"message\":\"Blog \'The Potentially Dangerous Non-Accessibility Of Crypto\' has been updated.\"}', NULL, '2025-10-25 04:30:49', '2025-10-25 04:30:49'),
('fc46fd11-48ad-4b70-b591-fc25cb2c6c2f', 'Modules\\Backend\\Notifications\\BlogActionNotification', 'Modules\\User\\Models\\User', 1, '{\"action\":\"updated\",\"title\":\"\\u0643\\u0648\\u0643\\u064a\\u0632 \\u0627\\u0644\\u0623\\u0644\\u0639\\u0627\\u0628 \\u0627\\u0644\\u062c\\u062f\\u064a\\u062f\\u0629 \\u0648\\u0627\\u0644\\u0645\\u062b\\u064a\\u0631\\u0629 \\u0628\\u0627\\u0644\\u0634\\u0648\\u0643\\u0648\\u0644\\u0627\\u062a\\u0629 \\u0627\\u0644\\u0628\\u0646\\u064a\\u0629 \\u0644\\u0648\\u062c\\u0628\\u0629 \\u0627\\u0644\\u0625\\u0641\\u0637\\u0627\\u0631 \\u0627\\u0644\\u064a\\u0648\\u0645\\u064a\\u0629\",\"blog_id\":294,\"author\":\"Admin\",\"message\":\"Blog \'\\u0643\\u0648\\u0643\\u064a\\u0632 \\u0627\\u0644\\u0623\\u0644\\u0639\\u0627\\u0628 \\u0627\\u0644\\u062c\\u062f\\u064a\\u062f\\u0629 \\u0648\\u0627\\u0644\\u0645\\u062b\\u064a\\u0631\\u0629 \\u0628\\u0627\\u0644\\u0634\\u0648\\u0643\\u0648\\u0644\\u0627\\u062a\\u0629 \\u0627\\u0644\\u0628\\u0646\\u064a\\u0629 \\u0644\\u0648\\u062c\\u0628\\u0629 \\u0627\\u0644\\u0625\\u0641\\u0637\\u0627\\u0631 \\u0627\\u0644\\u064a\\u0648\\u0645\\u064a\\u0629\' has been updated.\"}', NULL, '2025-10-16 12:21:19', '2025-10-16 12:21:19'),
('fc5ed320-2dda-48c4-8412-001d6e7e4825', 'Modules\\Backend\\Notifications\\BlogActionNotification', 'Modules\\User\\Models\\User', 1, '{\"action\":\"updated\",\"title\":\"Deploying CSS Logical Properties On Web Apps\",\"blog_id\":62,\"author\":\"Admin\",\"message\":\"Blog \'Deploying CSS Logical Properties On Web Apps\' has been updated.\"}', NULL, '2025-10-16 12:16:09', '2025-10-16 12:16:09'),
('fcac8308-4716-4dc5-be07-501ee0da7fd6', 'Modules\\Backend\\Notifications\\ProductActionNotification', 'Modules\\User\\Models\\User', 1, '{\"action\":\"updated\",\"title\":\"Noise Fit Halo Smartwatchs\",\"product_id\":11,\"author\":\"Admin\",\"message\":\"Product \'Noise Fit Halo Smartwatchs\' has been updated.\"}', NULL, '2025-10-16 07:43:56', '2025-10-16 07:43:56'),
('fcd49498-c787-48c0-a166-7e85c3e978e4', 'Modules\\Backend\\Notifications\\BlogActionNotification', 'Modules\\User\\Models\\User', 1, '{\"action\":\"updated\",\"title\":\"\\u0627\\u0644\\u0623\\u062d\\u062f\\u0627\\u062b \\u0627\\u0644\\u062a\\u064a \\u0642\\u062f \\u062a\\u0634\\u0643\\u0644 \\u062e\\u0637\\u0648\\u0631\\u0629 \\u0628\\u0633\\u0628\\u0628 \\u0639\\u062f\\u0645 \\u0625\\u0645\\u0643\\u0627\\u0646\\u064a\\u0629 \\u0627\\u0644\\u0648\\u0635\\u0648\\u0644 \\u0625\\u0644\\u0649 \\u0645\\u0644\\u0641\\u0627\\u062a \\u062a\\u0639\\u0631\\u064a\\u0641 \\u0627\\u0644\\u0627\\u0631\\u062a\\u0628\\u0627\\u0637\",\"blog_id\":297,\"author\":\"Author\",\"message\":\"Blog \'\\u0627\\u0644\\u0623\\u062d\\u062f\\u0627\\u062b \\u0627\\u0644\\u062a\\u064a \\u0642\\u062f \\u062a\\u0634\\u0643\\u0644 \\u062e\\u0637\\u0648\\u0631\\u0629 \\u0628\\u0633\\u0628\\u0628 \\u0639\\u062f\\u0645 \\u0625\\u0645\\u0643\\u0627\\u0646\\u064a\\u0629 \\u0627\\u0644\\u0648\\u0635\\u0648\\u0644 \\u0625\\u0644\\u0649 \\u0645\\u0644\\u0641\\u0627\\u062a \\u062a\\u0639\\u0631\\u064a\\u0641 \\u0627\\u0644\\u0627\\u0631\\u062a\\u0628\\u0627\\u0637\' has been updated.\"}', NULL, '2025-10-25 06:56:29', '2025-10-25 06:56:29'),
('fd993b81-5925-4415-a8fb-84a04d861c74', 'Modules\\Backend\\Notifications\\BlogActionNotification', 'Modules\\User\\Models\\User', 1, '{\"action\":\"updated\",\"title\":\"What is Gift Cards and Teach Us About Web Design\",\"blog_id\":32,\"author\":\"Admin\",\"message\":\"Blog \'What is Gift Cards and Teach Us About Web Design\' has been updated.\"}', NULL, '2025-10-08 14:28:11', '2025-10-08 14:28:11'),
('fe40d22c-234d-421b-885c-695d2edde53e', 'Modules\\Backend\\Notifications\\BlogActionNotification', 'Modules\\User\\Models\\User', 1, '{\"action\":\"updated\",\"title\":\"Action How To Build A Magazine Layout With CSS Grid Areas\",\"blog_id\":119,\"author\":\"Admin\",\"message\":\"Blog \'Action How To Build A Magazine Layout With CSS Grid Areas\' has been updated.\"}', NULL, '2025-10-16 04:59:25', '2025-10-16 04:59:25'),
('fe484682-8443-48a0-ba5a-2c93cafa1a7d', 'Modules\\Backend\\Notifications\\BlogActionNotification', 'Modules\\User\\Models\\User', 1, '{\"action\":\"updated\",\"title\":\"WAI-ARIA A Comprehensive Guide\",\"blog_id\":174,\"author\":\"Admin\",\"message\":\"Blog \'WAI-ARIA A Comprehensive Guide\' has been updated.\"}', NULL, '2025-10-08 05:05:28', '2025-10-08 05:05:28'),
('fe4abece-919b-49d0-bb05-9b3d81235035', 'Modules\\Backend\\Notifications\\BlogActionNotification', 'Modules\\User\\Models\\User', 1, '{\"action\":\"updated\",\"title\":\"Roadmap For Building A Business Chatbot\",\"blog_id\":94,\"author\":\"Admin\",\"message\":\"Blog \'Roadmap For Building A Business Chatbot\' has been updated.\"}', NULL, '2025-10-25 07:34:40', '2025-10-25 07:34:40'),
('febebdf4-bff1-4f17-93d3-d01c84d42557', 'Modules\\Backend\\Notifications\\BlogActionNotification', 'Modules\\User\\Models\\User', 1, '{\"action\":\"updated\",\"title\":\"Checklists For Interface Designers Nesw\",\"blog_id\":175,\"author\":\"Admin\",\"message\":\"Blog \'Checklists For Interface Designers Nesw\' has been updated.\"}', NULL, '2025-10-18 07:50:58', '2025-10-18 07:50:58'),
('feeeafa0-e2da-486e-a919-c0b1585ea583', 'Modules\\Backend\\Notifications\\BlogActionNotification', 'Modules\\User\\Models\\User', 1, '{\"action\":\"updated\",\"title\":\"\\u0646\\u0634\\u0631 \\u062e\\u0635\\u0627\\u0626\\u0635 CSS \\u0627\\u0644\\u0645\\u0646\\u0637\\u0642\\u064a\\u0629 \\u0639\\u0644\\u0649 \\u062a\\u0637\\u0628\\u064a\\u0642\\u0627\\u062a \\u0627\\u0644\\u0648\\u064a\\u0628\",\"blog_id\":305,\"author\":\"Admin\",\"message\":\"Blog \'\\u0646\\u0634\\u0631 \\u062e\\u0635\\u0627\\u0626\\u0635 CSS \\u0627\\u0644\\u0645\\u0646\\u0637\\u0642\\u064a\\u0629 \\u0639\\u0644\\u0649 \\u062a\\u0637\\u0628\\u064a\\u0642\\u0627\\u062a \\u0627\\u0644\\u0648\\u064a\\u0628\' has been updated.\"}', NULL, '2025-10-16 12:17:46', '2025-10-16 12:17:46'),
('fef2a8ad-725d-4e34-b727-f7af314a7c2f', 'Modules\\Backend\\Notifications\\BlogActionNotification', 'Modules\\User\\Models\\User', 1, '{\"action\":\"updated\",\"title\":\"How To Protect Your App With A Model Based On JSONDiff\",\"blog_id\":141,\"author\":\"Admin\",\"message\":\"Blog \'How To Protect Your App With A Model Based On JSONDiff\' has been updated.\"}', NULL, '2025-10-25 07:04:55', '2025-10-25 07:04:55'),
('ff888532-2688-4588-8956-52de706ee43f', 'Modules\\Backend\\Notifications\\BlogActionNotification', 'Modules\\User\\Models\\User', 1, '{\"action\":\"updated\",\"title\":\"Internationalization With React Server\",\"blog_id\":31,\"author\":\"Admin\",\"message\":\"Blog \'Internationalization With React Server\' has been updated.\"}', NULL, '2025-10-25 15:07:20', '2025-10-25 15:07:20'),
('ffcba59d-101c-4a76-ba62-9771858e718e', 'Modules\\Backend\\Notifications\\BlogActionNotification', 'Modules\\User\\Models\\User', 1, '{\"action\":\"updated\",\"title\":\"\\u0623\\u0645\\u0627\\u0632\\u0648\\u0646 \\u0643\\u064a\\u0641\\u064a\\u0629 \\u0627\\u0633\\u062a\\u0636\\u0627\\u0641\\u0629 \\u0645\\u0648\\u0642\\u0639 \\u0648\\u0648\\u0631\\u062f\\u0628\\u0631\\u064a\\u0633 \\u0639\\u0644\\u0649 \\u0623\\u0645\\u0627\\u0632\\u0648\\u0646 \\u0623\\u0645\\u0627\\u0632\\u0648\\u0646\",\"blog_id\":272,\"author\":\"Admin\",\"message\":\"Blog \'\\u0623\\u0645\\u0627\\u0632\\u0648\\u0646 \\u0643\\u064a\\u0641\\u064a\\u0629 \\u0627\\u0633\\u062a\\u0636\\u0627\\u0641\\u0629 \\u0645\\u0648\\u0642\\u0639 \\u0648\\u0648\\u0631\\u062f\\u0628\\u0631\\u064a\\u0633 \\u0639\\u0644\\u0649 \\u0623\\u0645\\u0627\\u0632\\u0648\\u0646 \\u0623\\u0645\\u0627\\u0632\\u0648\\u0646\' has been updated.\"}', NULL, '2025-10-25 07:39:10', '2025-10-25 07:39:10'),
('ffdc33b7-df7d-45d7-b388-c2d538183a87', 'Modules\\Backend\\Notifications\\BlogActionNotification', 'Modules\\User\\Models\\User', 1, '{\"action\":\"updated\",\"title\":\"How To Build A Magazine Layout With CSS Grid Areas\",\"blog_id\":45,\"author\":\"Admin\",\"message\":\"Blog \'How To Build A Magazine Layout With CSS Grid Areas\' has been updated.\"}', NULL, '2025-10-25 07:10:14', '2025-10-25 07:10:14'),
('ffeeb9b1-87e7-4de9-95d2-adc2c8e23806', 'Modules\\Backend\\Notifications\\BlogActionNotification', 'Modules\\User\\Models\\User', 1, '{\"action\":\"updated\",\"title\":\"How To Host A WordPress Site On Amazon\",\"blog_id\":109,\"author\":\"Admin\",\"message\":\"Blog \'How To Host A WordPress Site On Amazon\' has been updated.\"}', NULL, '2025-10-25 07:09:36', '2025-10-25 07:09:36');

-- --------------------------------------------------------

--
-- Table structure for table `options`
--

CREATE TABLE `options` (
  `id` bigint(20) UNSIGNED NOT NULL,
  `key` varchar(255) NOT NULL,
  `value` longtext DEFAULT NULL,
  `autoload` varchar(255) NOT NULL DEFAULT 'yes',
  `created_at` timestamp NULL DEFAULT NULL,
  `updated_at` timestamp NULL DEFAULT NULL
) ENGINE=InnoDB DEFAULT CHARSET=utf8mb4 COLLATE=utf8mb4_unicode_ci;

-- --------------------------------------------------------

--
-- Table structure for table `orders`
--

CREATE TABLE `orders` (
  `id` bigint(20) UNSIGNED NOT NULL,
  `order_number` varchar(255) NOT NULL,
  `user_id` bigint(20) UNSIGNED NOT NULL,
  `subtotal` decimal(10,2) NOT NULL,
  `tax_amount` decimal(10,2) NOT NULL DEFAULT 0.00,
  `shipping_amount` decimal(10,2) NOT NULL DEFAULT 0.00,
  `discount_amount` decimal(10,2) NOT NULL DEFAULT 0.00,
  `total_amount` decimal(10,2) NOT NULL,
  `currency` varchar(3) NOT NULL DEFAULT 'USD',
  `status` enum('pending','processing','shipped','delivered','cancelled','refunded') NOT NULL DEFAULT 'pending',
  `payment_status` enum('pending','paid','failed','refunded','cancelled') NOT NULL DEFAULT 'pending',
  `billing_address` longtext CHARACTER SET utf8mb4 COLLATE utf8mb4_bin NOT NULL CHECK (json_valid(`billing_address`)),
  `shipping_address` longtext CHARACTER SET utf8mb4 COLLATE utf8mb4_bin DEFAULT NULL CHECK (json_valid(`shipping_address`)),
  `same_as_billing` tinyint(1) NOT NULL DEFAULT 1,
  `notes` text DEFAULT NULL,
  `metadata` longtext CHARACTER SET utf8mb4 COLLATE utf8mb4_bin DEFAULT NULL CHECK (json_valid(`metadata`)),
  `payment_method` varchar(255) DEFAULT NULL,
  `payment_id` varchar(255) DEFAULT NULL,
  `paid_at` timestamp NULL DEFAULT NULL,
  `tracking_number` varchar(255) DEFAULT NULL,
  `shipped_at` timestamp NULL DEFAULT NULL,
  `delivered_at` timestamp NULL DEFAULT NULL,
  `cancellation_reason` text DEFAULT NULL,
  `cancelled_at` timestamp NULL DEFAULT NULL,
  `refund_amount` decimal(10,2) DEFAULT NULL,
  `refunded_at` timestamp NULL DEFAULT NULL,
  `created_at` timestamp NULL DEFAULT NULL,
  `updated_at` timestamp NULL DEFAULT NULL
) ENGINE=InnoDB DEFAULT CHARSET=utf8mb4 COLLATE=utf8mb4_unicode_ci;

--
-- Dumping data for table `orders`
--

INSERT INTO `orders` (`id`, `order_number`, `user_id`, `subtotal`, `tax_amount`, `shipping_amount`, `discount_amount`, `total_amount`, `currency`, `status`, `payment_status`, `billing_address`, `shipping_address`, `same_as_billing`, `notes`, `metadata`, `payment_method`, `payment_id`, `paid_at`, `tracking_number`, `shipped_at`, `delivered_at`, `cancellation_reason`, `cancelled_at`, `refund_amount`, `refunded_at`, `created_at`, `updated_at`) VALUES
(12, 'ORD-68DE0B160313E-251002', 2, 75.00, 7.50, 0.00, 0.00, 82.50, 'USD', 'processing', 'paid', '{\"name\":\"Admin\",\"email\":\"admin@gmail.com\",\"phone\":\"\",\"address\":\"\",\"city\":\"\",\"country\":\"\",\"zip\":\"\"}', '{\"name\":\"Admin\",\"email\":\"admin@gmail.com\",\"phone\":\"\",\"address\":\"\",\"city\":\"\",\"country\":\"\",\"zip\":\"\"}', 1, NULL, '{\"source\":\"frontend_checkout\",\"user_agent\":\"Mozilla\\/5.0 (Windows NT 10.0; Win64; x64; rv:143.0) Gecko\\/20100101 Firefox\\/143.0\",\"ip_address\":\"103.209.198.39\",\"original_data\":{\"amount\":82.5,\"currency\":\"USD\",\"description\":\"Order from Zaira\",\"billing_name\":\"Admin\",\"billing_email\":\"admin@gmail.com\",\"billing_phone\":\"\",\"billing_address\":\"\",\"billing_city\":null,\"billing_country\":null,\"billing_zip\":null,\"payment_method\":\"Mollie\"}}', 'Mollie', NULL, '2025-10-02 05:18:14', NULL, NULL, NULL, NULL, NULL, NULL, NULL, '2025-10-02 05:18:14', '2025-10-02 05:18:14'),
(13, 'ORD-68DE0C3AC4103-251002', 2, 105.00, 10.50, 0.00, 0.00, 115.50, 'USD', 'pending', 'pending', '{\"name\":\"Admin\",\"email\":\"admin@gmail.com\",\"phone\":\"01729542809\",\"address\":\"Hazipara\",\"city\":\"\",\"country\":\"\",\"zip\":\"\"}', '{\"name\":\"Admin\",\"email\":\"admin@gmail.com\",\"phone\":\"01729542809\",\"address\":\"Hazipara\",\"city\":\"\",\"country\":\"\",\"zip\":\"\"}', 1, NULL, '{\"source\":\"frontend_checkout\",\"user_agent\":\"Mozilla\\/5.0 (Windows NT 10.0; Win64; x64; rv:143.0) Gecko\\/20100101 Firefox\\/143.0\",\"ip_address\":\"103.209.198.33\",\"original_data\":{\"amount\":115.5,\"currency\":\"USD\",\"description\":\"Order from Zaira\",\"billing_name\":\"Admin\",\"billing_email\":\"admin@gmail.com\",\"billing_phone\":\"01729542809\",\"billing_address\":\"Hazipara\",\"billing_city\":null,\"billing_country\":null,\"billing_zip\":null,\"payment_method\":\"PayPal\"}}', 'PayPal', NULL, NULL, NULL, NULL, NULL, NULL, NULL, NULL, NULL, '2025-10-02 05:23:06', '2025-10-02 05:23:06'),
(16, 'ORD-68DE0D1EB8B28-251002', 2, 105.00, 10.50, 0.00, 0.00, 115.50, 'USD', 'processing', 'paid', '{\"name\":\"Admin\",\"email\":\"admin@gmail.com\",\"phone\":\"01729542809\",\"address\":\"Hazipara bongram\",\"city\":\"\",\"country\":\"\",\"zip\":\"\"}', '{\"name\":\"Admin\",\"email\":\"admin@gmail.com\",\"phone\":\"01729542809\",\"address\":\"Hazipara bongram\",\"city\":\"\",\"country\":\"\",\"zip\":\"\"}', 1, NULL, '{\"source\":\"frontend_checkout\",\"user_agent\":\"Mozilla\\/5.0 (Windows NT 10.0; Win64; x64; rv:143.0) Gecko\\/20100101 Firefox\\/143.0\",\"ip_address\":\"103.209.198.35\",\"original_data\":{\"amount\":115.5,\"currency\":\"USD\",\"description\":\"Order from Zaira\",\"billing_name\":\"Admin\",\"billing_email\":\"admin@gmail.com\",\"billing_phone\":\"01729542809\",\"billing_address\":\"Hazipara bongram\",\"billing_city\":null,\"billing_country\":null,\"billing_zip\":null,\"payment_method\":\"Mollie\"}}', 'Mollie', NULL, '2025-10-02 05:26:56', NULL, NULL, NULL, NULL, NULL, NULL, NULL, '2025-10-02 05:26:54', '2025-10-02 05:26:56'),
(21, 'ORD-68DE0D898C463-251002', 2, 124.00, 12.40, 0.00, 0.00, 136.40, 'USD', 'pending', 'pending', '{\"name\":\"Admin\",\"email\":\"admin@gmail.com\",\"phone\":\"\",\"address\":\"\",\"city\":\"\",\"country\":\"\",\"zip\":\"\"}', '{\"name\":\"Admin\",\"email\":\"admin@gmail.com\",\"phone\":\"\",\"address\":\"\",\"city\":\"\",\"country\":\"\",\"zip\":\"\"}', 1, NULL, '{\"source\":\"frontend_checkout\",\"user_agent\":\"Mozilla\\/5.0 (Windows NT 10.0; Win64; x64; rv:143.0) Gecko\\/20100101 Firefox\\/143.0\",\"ip_address\":\"103.209.198.35\",\"original_data\":{\"amount\":136.4,\"currency\":\"USD\",\"description\":\"Order from Zaira\",\"billing_name\":\"Admin\",\"billing_email\":\"admin@gmail.com\",\"billing_phone\":\"\",\"billing_address\":\"\",\"billing_city\":null,\"billing_country\":null,\"billing_zip\":null,\"payment_method\":\"PayPal\"}}', 'PayPal', NULL, NULL, NULL, NULL, NULL, NULL, NULL, NULL, NULL, '2025-10-02 05:28:41', '2025-10-02 05:28:41'),
(26, 'ORD-68DE0DC441CC6-251002', 2, 124.00, 12.40, 0.00, 0.00, 136.40, 'USD', 'processing', 'paid', '{\"name\":\"Admin\",\"email\":\"admin@gmail.com\",\"phone\":\"\",\"address\":\"\",\"city\":\"\",\"country\":\"\",\"zip\":\"\"}', '{\"name\":\"Admin\",\"email\":\"admin@gmail.com\",\"phone\":\"\",\"address\":\"\",\"city\":\"\",\"country\":\"\",\"zip\":\"\"}', 1, NULL, '{\"source\":\"frontend_checkout\",\"user_agent\":\"Mozilla\\/5.0 (Windows NT 10.0; Win64; x64; rv:143.0) Gecko\\/20100101 Firefox\\/143.0\",\"ip_address\":\"103.209.198.35\",\"original_data\":{\"amount\":136.4,\"currency\":\"USD\",\"description\":\"Order from Zaira\",\"billing_name\":\"Admin\",\"billing_email\":\"admin@gmail.com\",\"billing_phone\":\"\",\"billing_address\":\"\",\"billing_city\":null,\"billing_country\":null,\"billing_zip\":null,\"payment_method\":\"Mollie\"}}', 'Mollie', NULL, '2025-10-02 05:29:40', NULL, NULL, NULL, NULL, NULL, NULL, NULL, '2025-10-02 05:29:40', '2025-10-02 05:29:40'),
(27, 'ORD-68DE0DF75A2A3-251002', 2, 119.00, 11.90, 0.00, 0.00, 130.90, 'USD', 'processing', 'pending', '{\"name\":\"Admin\",\"email\":\"admin@gmail.com\",\"phone\":\"01729542809\",\"address\":\"Hazipara bongram\",\"city\":\"\",\"country\":\"\",\"zip\":\"\"}', '{\"name\":\"Admin\",\"email\":\"admin@gmail.com\",\"phone\":\"01729542809\",\"address\":\"Hazipara bongram\",\"city\":\"\",\"country\":\"\",\"zip\":\"\"}', 1, NULL, '{\"source\":\"frontend_checkout\",\"user_agent\":\"Mozilla\\/5.0 (Windows NT 10.0; Win64; x64; rv:143.0) Gecko\\/20100101 Firefox\\/143.0\",\"ip_address\":\"103.209.198.35\",\"original_data\":{\"amount\":130.9,\"currency\":\"USD\",\"description\":\"Order from Zaira\",\"billing_name\":\"Admin\",\"billing_email\":\"admin@gmail.com\",\"billing_phone\":\"01729542809\",\"billing_address\":\"Hazipara bongram\",\"billing_city\":null,\"billing_country\":null,\"billing_zip\":null,\"payment_method\":\"PayPal\"}}', 'PayPal', NULL, NULL, NULL, NULL, NULL, NULL, NULL, NULL, NULL, '2025-10-02 05:30:31', '2025-10-02 05:33:38'),
(28, 'ORD-68DE3766DD385-251002', 2, 69.00, 6.90, 0.00, 0.00, 75.90, 'USD', 'delivered', 'paid', '{\"name\":\"Admin\",\"email\":\"admin@gmail.com\",\"phone\":\"\",\"address\":\"\",\"city\":\"\",\"country\":\"\",\"zip\":\"\"}', '{\"name\":\"Admin\",\"email\":\"admin@gmail.com\",\"phone\":\"\",\"address\":\"\",\"city\":\"\",\"country\":\"\",\"zip\":\"\"}', 1, NULL, '{\"source\":\"frontend_checkout\",\"user_agent\":\"Mozilla\\/5.0 (Windows NT 10.0; Win64; x64) AppleWebKit\\/537.36 (KHTML, like Gecko) Chrome\\/140.0.0.0 Safari\\/537.36\",\"ip_address\":\"103.209.198.33\",\"original_data\":{\"amount\":75.9,\"currency\":\"USD\",\"description\":\"Order from Zaira\",\"billing_name\":\"Admin\",\"billing_email\":\"admin@gmail.com\",\"billing_phone\":\"\",\"billing_address\":\"\",\"billing_city\":null,\"billing_country\":null,\"billing_zip\":null,\"payment_method\":\"Mollie\"}}', 'Mollie', NULL, '2025-10-02 08:27:20', NULL, NULL, '2025-10-07 04:57:00', NULL, NULL, NULL, NULL, '2025-10-02 08:27:18', '2025-10-07 04:57:00'),
(29, 'ORD-68E747C27F826-251009', 2, 125.00, 12.50, 0.00, 0.00, 137.50, 'USD', 'processing', 'paid', '{\"name\":\"Admin\",\"email\":\"admin@gmail.com\",\"phone\":\"\",\"address\":\"\",\"city\":\"\",\"country\":\"\",\"zip\":\"\"}', '{\"name\":\"Admin\",\"email\":\"admin@gmail.com\",\"phone\":\"\",\"address\":\"\",\"city\":\"\",\"country\":\"\",\"zip\":\"\"}', 1, NULL, '{\"source\":\"frontend_checkout\",\"user_agent\":\"Mozilla\\/5.0 (Windows NT 10.0; Win64; x64) AppleWebKit\\/537.36 (KHTML, like Gecko) Chrome\\/140.0.0.0 Safari\\/537.36\",\"ip_address\":\"103.146.220.226\",\"original_data\":{\"amount\":137.5,\"currency\":\"USD\",\"description\":\"Order from Zaira\",\"billing_name\":\"Admin\",\"billing_email\":\"admin@gmail.com\",\"billing_phone\":\"\",\"billing_address\":\"\",\"billing_city\":null,\"billing_country\":null,\"billing_zip\":null,\"payment_method\":\"Stripe\"}}', 'Stripe', NULL, '2025-10-09 05:27:30', NULL, NULL, NULL, NULL, NULL, NULL, NULL, '2025-10-09 05:27:30', '2025-10-09 05:27:30'),
(30, 'ORD-68E7482A6B292-251009', 2, 50.00, 5.00, 0.00, 0.00, 55.00, 'USD', 'pending', 'pending', '{\"name\":\"Admin\",\"email\":\"admin@gmail.com\",\"phone\":\"\",\"address\":\"\",\"city\":\"\",\"country\":\"\",\"zip\":\"\"}', '{\"name\":\"Admin\",\"email\":\"admin@gmail.com\",\"phone\":\"\",\"address\":\"\",\"city\":\"\",\"country\":\"\",\"zip\":\"\"}', 1, NULL, '{\"source\":\"frontend_checkout\",\"user_agent\":\"Mozilla\\/5.0 (Windows NT 10.0; Win64; x64) AppleWebKit\\/537.36 (KHTML, like Gecko) Chrome\\/140.0.0.0 Safari\\/537.36\",\"ip_address\":\"103.146.220.226\",\"original_data\":{\"amount\":55,\"currency\":\"USD\",\"description\":\"Order from Zaira\",\"billing_name\":\"Admin\",\"billing_email\":\"admin@gmail.com\",\"billing_phone\":\"\",\"billing_address\":\"\",\"billing_city\":null,\"billing_country\":null,\"billing_zip\":null,\"payment_method\":\"PayPal\"}}', 'PayPal', NULL, NULL, NULL, NULL, NULL, NULL, NULL, NULL, NULL, '2025-10-09 05:29:14', '2025-10-09 05:29:14'),
(31, 'ORD-68E74839A3F5F-251009', 2, 50.00, 5.00, 0.00, 0.00, 55.00, 'USD', 'pending', 'paid', '{\"name\":\"Admin\",\"email\":\"admin@gmail.com\",\"phone\":\"\",\"address\":\"\",\"city\":\"\",\"country\":\"\",\"zip\":\"\"}', '{\"name\":\"Admin\",\"email\":\"admin@gmail.com\",\"phone\":\"\",\"address\":\"\",\"city\":\"\",\"country\":\"\",\"zip\":\"\"}', 1, NULL, '{\"source\":\"frontend_checkout\",\"user_agent\":\"Mozilla\\/5.0 (Windows NT 10.0; Win64; x64) AppleWebKit\\/537.36 (KHTML, like Gecko) Chrome\\/140.0.0.0 Safari\\/537.36\",\"ip_address\":\"103.146.220.226\",\"original_data\":{\"amount\":55,\"currency\":\"USD\",\"description\":\"Order from Zaira\",\"billing_name\":\"Admin\",\"billing_email\":\"admin@gmail.com\",\"billing_phone\":\"\",\"billing_address\":\"\",\"billing_city\":null,\"billing_country\":null,\"billing_zip\":null,\"payment_method\":\"Stripe\"}}', 'Stripe', NULL, '2025-10-09 05:29:30', NULL, NULL, NULL, NULL, NULL, NULL, NULL, '2025-10-09 05:29:29', '2025-10-11 01:45:24'),
(32, 'ORD-68E9C3E945197-251011', 2, 35.00, 3.50, 0.00, 0.00, 38.50, 'USD', 'processing', 'paid', '{\"name\":\"Admin\",\"email\":\"admin@gmail.com\",\"phone\":\"\",\"address\":\"\",\"city\":\"\",\"country\":\"\",\"zip\":\"\"}', '{\"name\":\"Admin\",\"email\":\"admin@gmail.com\",\"phone\":\"\",\"address\":\"\",\"city\":\"\",\"country\":\"\",\"zip\":\"\"}', 1, NULL, '{\"source\":\"frontend_checkout\",\"user_agent\":\"Mozilla\\/5.0 (Windows NT 10.0; Win64; x64) AppleWebKit\\/537.36 (KHTML, like Gecko) Chrome\\/141.0.0.0 Safari\\/537.36\",\"ip_address\":\"103.209.198.34\",\"original_data\":{\"amount\":38.5,\"currency\":\"USD\",\"description\":\"Order from Zaira\",\"billing_name\":\"Admin\",\"billing_email\":\"admin@gmail.com\",\"billing_phone\":\"\",\"billing_address\":\"\",\"billing_city\":null,\"billing_country\":null,\"billing_zip\":null,\"payment_method\":\"2Checkout\"}}', '2Checkout', NULL, '2025-10-11 02:41:45', NULL, NULL, NULL, NULL, NULL, NULL, NULL, '2025-10-11 02:41:45', '2025-10-11 02:41:45'),
(33, 'ORD-68E9C4AB16841-251011', 2, 140.00, 14.00, 0.00, 0.00, 154.00, 'USD', 'refunded', 'pending', '{\"name\":\"Admin\",\"email\":\"admin@gmail.com\",\"phone\":\"\",\"address\":\"\",\"city\":\"\",\"country\":\"\",\"zip\":\"\"}', '{\"name\":\"Admin\",\"email\":\"admin@gmail.com\",\"phone\":\"\",\"address\":\"\",\"city\":\"\",\"country\":\"\",\"zip\":\"\"}', 1, NULL, '{\"source\":\"frontend_checkout\",\"user_agent\":\"Mozilla\\/5.0 (Windows NT 10.0; Win64; x64) AppleWebKit\\/537.36 (KHTML, like Gecko) Chrome\\/141.0.0.0 Safari\\/537.36\",\"ip_address\":\"103.209.198.45\",\"original_data\":{\"amount\":154,\"currency\":\"USD\",\"description\":\"Order from Zaira\",\"billing_name\":\"Admin\",\"billing_email\":\"admin@gmail.com\",\"billing_phone\":\"\",\"billing_address\":\"\",\"billing_city\":null,\"billing_country\":null,\"billing_zip\":null,\"payment_method\":\"PayPal\"}}', 'PayPal', NULL, NULL, NULL, NULL, NULL, NULL, NULL, NULL, NULL, '2025-10-11 02:44:59', '2025-10-12 11:04:51'),
(35, 'ORD-68E9C4C5CF74A-251011', 2, 140.00, 14.00, 0.00, 0.00, 154.00, 'USD', 'processing', 'paid', '{\"name\":\"Admin\",\"email\":\"admin@gmail.com\",\"phone\":\"\",\"address\":\"\",\"city\":\"\",\"country\":\"\",\"zip\":\"\"}', '{\"name\":\"Admin\",\"email\":\"admin@gmail.com\",\"phone\":\"\",\"address\":\"\",\"city\":\"\",\"country\":\"\",\"zip\":\"\"}', 1, NULL, '{\"source\":\"frontend_checkout\",\"user_agent\":\"Mozilla\\/5.0 (Windows NT 10.0; Win64; x64) AppleWebKit\\/537.36 (KHTML, like Gecko) Chrome\\/141.0.0.0 Safari\\/537.36\",\"ip_address\":\"103.209.198.45\",\"original_data\":{\"amount\":154,\"currency\":\"USD\",\"description\":\"Order from Zaira\",\"billing_name\":\"Admin\",\"billing_email\":\"admin@gmail.com\",\"billing_phone\":\"\",\"billing_address\":\"\",\"billing_city\":null,\"billing_country\":null,\"billing_zip\":null,\"payment_method\":\"Stripe\"}}', 'Stripe', NULL, '2025-10-11 02:45:26', NULL, NULL, NULL, NULL, NULL, NULL, NULL, '2025-10-11 02:45:25', '2025-10-11 02:45:26'),
(36, 'ORD-68F3B4FAA97CD-251018', 2, 180.00, 18.00, 0.00, 0.00, 198.00, 'USD', 'processing', 'paid', '{\"name\":\"Admin\",\"email\":\"admin@gmail.com\",\"phone\":\"\",\"address\":\"\",\"city\":\"\",\"country\":\"\",\"zip\":\"\"}', '{\"name\":\"Admin\",\"email\":\"admin@gmail.com\",\"phone\":\"\",\"address\":\"\",\"city\":\"\",\"country\":\"\",\"zip\":\"\"}', 1, NULL, '{\"source\":\"frontend_checkout\",\"user_agent\":\"Mozilla\\/5.0 (Windows NT 10.0; Win64; x64) AppleWebKit\\/537.36 (KHTML, like Gecko) Chrome\\/141.0.0.0 Safari\\/537.36\",\"ip_address\":\"103.112.206.94\",\"original_data\":{\"amount\":198,\"currency\":\"USD\",\"description\":\"Order from Zaira\",\"billing_name\":\"Admin\",\"billing_email\":\"admin@gmail.com\",\"billing_phone\":\"\",\"billing_address\":\"\",\"billing_city\":null,\"billing_country\":null,\"billing_zip\":null,\"payment_method\":\"Razorpay\"}}', 'Razorpay', NULL, '2025-10-18 15:40:45', NULL, NULL, NULL, NULL, NULL, NULL, NULL, '2025-10-18 15:40:42', '2025-10-18 15:40:45'),
(37, 'ORD-68F60556E60FC-251020', 2, 61.00, 6.10, 0.00, 0.00, 67.10, 'USD', 'shipped', 'paid', '{\"name\":\"User\",\"email\":\"user@gmail.com\",\"phone\":\"\",\"address\":\"\",\"city\":\"\",\"country\":\"\",\"zip\":\"\"}', '{\"name\":\"User\",\"email\":\"user@gmail.com\",\"phone\":\"\",\"address\":\"\",\"city\":\"\",\"country\":\"\",\"zip\":\"\"}', 1, NULL, '{\"source\":\"frontend_checkout\",\"user_agent\":\"Mozilla\\/5.0 (Windows NT 10.0; Win64; x64) AppleWebKit\\/537.36 (KHTML, like Gecko) Chrome\\/141.0.0.0 Safari\\/537.36\",\"ip_address\":\"103.112.206.94\",\"original_data\":{\"amount\":67.1,\"currency\":\"USD\",\"description\":\"Order from Zaira\",\"billing_name\":\"User\",\"billing_email\":\"user@gmail.com\",\"billing_phone\":\"\",\"billing_address\":\"\",\"billing_city\":null,\"billing_country\":null,\"billing_zip\":null,\"payment_method\":\"Stripe\"}}', 'Stripe', NULL, '2025-10-20 09:48:25', NULL, '2025-10-20 09:48:54', NULL, NULL, NULL, NULL, NULL, '2025-10-20 09:48:06', '2025-10-20 09:48:54'),
(38, 'ORD-68F605DEDA45D-251020', 2, 70.00, 7.00, 0.00, 0.00, 77.00, 'USD', 'cancelled', 'paid', '{\"name\":\"User\",\"email\":\"user@gmail.com\",\"phone\":\"\",\"address\":\"\",\"city\":\"\",\"country\":\"\",\"zip\":\"\"}', '{\"name\":\"User\",\"email\":\"user@gmail.com\",\"phone\":\"\",\"address\":\"\",\"city\":\"\",\"country\":\"\",\"zip\":\"\"}', 1, NULL, '{\"source\":\"frontend_checkout\",\"user_agent\":\"Mozilla\\/5.0 (Windows NT 10.0; Win64; x64) AppleWebKit\\/537.36 (KHTML, like Gecko) Chrome\\/141.0.0.0 Safari\\/537.36\",\"ip_address\":\"103.112.206.94\",\"original_data\":{\"amount\":77,\"currency\":\"USD\",\"description\":\"Order from Zaira\",\"billing_name\":\"User\",\"billing_email\":\"user@gmail.com\",\"billing_phone\":\"\",\"billing_address\":\"\",\"billing_city\":null,\"billing_country\":null,\"billing_zip\":null,\"payment_method\":\"Mollie\"}}', 'Mollie', NULL, '2025-10-20 09:50:36', NULL, NULL, '2025-10-20 09:51:11', NULL, '2025-10-20 15:21:35', NULL, NULL, '2025-10-20 09:50:22', '2025-10-20 15:21:35');

-- --------------------------------------------------------

--
-- Table structure for table `order_items`
--

CREATE TABLE `order_items` (
  `id` bigint(20) UNSIGNED NOT NULL,
  `order_id` bigint(20) UNSIGNED NOT NULL,
  `orderable_type` varchar(255) NOT NULL,
  `orderable_id` bigint(20) UNSIGNED NOT NULL,
  `product_name` varchar(255) NOT NULL,
  `product_description` text DEFAULT NULL,
  `product_sku` varchar(255) DEFAULT NULL,
  `product_image` varchar(255) DEFAULT NULL,
  `unit_price` decimal(10,2) NOT NULL,
  `sale_price` decimal(10,2) DEFAULT NULL,
  `final_price` decimal(10,2) NOT NULL,
  `quantity` int(11) NOT NULL,
  `total_price` decimal(10,2) NOT NULL,
  `product_options` longtext CHARACTER SET utf8mb4 COLLATE utf8mb4_bin DEFAULT NULL CHECK (json_valid(`product_options`)),
  `metadata` longtext CHARACTER SET utf8mb4 COLLATE utf8mb4_bin DEFAULT NULL CHECK (json_valid(`metadata`)),
  `status` enum('pending','processing','shipped','delivered','cancelled','refunded') NOT NULL DEFAULT 'pending',
  `shipped_at` timestamp NULL DEFAULT NULL,
  `delivered_at` timestamp NULL DEFAULT NULL,
  `cancelled_at` timestamp NULL DEFAULT NULL,
  `created_at` timestamp NULL DEFAULT NULL,
  `updated_at` timestamp NULL DEFAULT NULL
) ENGINE=InnoDB DEFAULT CHARSET=utf8mb4 COLLATE=utf8mb4_unicode_ci;

--
-- Dumping data for table `order_items`
--

INSERT INTO `order_items` (`id`, `order_id`, `orderable_type`, `orderable_id`, `product_name`, `product_description`, `product_sku`, `product_image`, `unit_price`, `sale_price`, `final_price`, `quantity`, `total_price`, `product_options`, `metadata`, `status`, `shipped_at`, `delivered_at`, `cancelled_at`, `created_at`, `updated_at`) VALUES
(39, 12, 'Modules\\Backend\\Models\\Product', 13, 'Canon EOS R100 Mirrorless', '', '', 'https://zaira.themedox.com//uploads/media/57/listing-2025-06-27-11-05-01-3580.webp', 55.00, 35.00, 35.00, 1, 35.00, '[]', '{\"cart_id\":4,\"product_data\":{\"id\":13,\"slug\":\"canon-eos-r100-mirrorless\",\"category\":null}}', 'processing', NULL, NULL, NULL, '2025-10-02 05:18:14', '2025-10-02 05:18:14'),
(40, 12, 'Modules\\Backend\\Models\\Product', 14, 'Camera | instax | FUJIFILM', '', '', 'https://zaira.themedox.com//uploads/media/60/a.webp', 55.00, 25.00, 25.00, 1, 25.00, '[]', '{\"cart_id\":6,\"product_data\":{\"id\":14,\"slug\":\"camera-instax-fujifilm\",\"category\":null}}', 'processing', NULL, NULL, NULL, '2025-10-02 05:18:14', '2025-10-02 05:18:14'),
(41, 12, 'Modules\\Backend\\Models\\Product', 16, 'Woodland Backpack TB 142F12', '', '', 'https://zaira.themedox.com//uploads/media/67/listing-2025-06-27-04-09-03-4984.webp', 45.00, 15.00, 15.00, 1, 15.00, '[]', '{\"cart_id\":5,\"product_data\":{\"id\":16,\"slug\":\"woodland-backpack-tb-142f12\",\"category\":null}}', 'processing', NULL, NULL, NULL, '2025-10-02 05:18:14', '2025-10-02 05:18:14'),
(42, 13, 'Modules\\Backend\\Models\\Product', 11, 'Noise Fit Halo Smartwatchs', '', '', 'https://zaira.themedox.com//uploads/media/47/listing-2025-06-27-04-17-55-3065.webp', 80.00, 50.00, 50.00, 1, 50.00, '[]', '{\"cart_id\":7,\"product_data\":{\"id\":11,\"slug\":\"noise-fit-halo-smartwatchs-\",\"category\":null}}', 'pending', NULL, NULL, NULL, '2025-10-02 05:23:06', '2025-10-02 05:23:06'),
(43, 13, 'Modules\\Backend\\Models\\Product', 12, 'Hats Men Baseball Cap', '', '', 'https://zaira.themedox.com//uploads/media/51/listing-2025-06-27-04-18-59-5817.webp', 60.00, 55.00, 55.00, 1, 55.00, '[]', '{\"cart_id\":8,\"product_data\":{\"id\":12,\"slug\":\"hats-men-baseball-cap-\",\"category\":null}}', 'pending', NULL, NULL, NULL, '2025-10-02 05:23:06', '2025-10-02 05:23:06'),
(48, 16, 'Modules\\Backend\\Models\\Product', 11, 'Noise Fit Halo Smartwatchs', '', '', 'https://zaira.themedox.com//uploads/media/47/listing-2025-06-27-04-17-55-3065.webp', 80.00, 50.00, 50.00, 1, 50.00, '[]', '{\"cart_id\":7,\"product_data\":{\"id\":11,\"slug\":\"noise-fit-halo-smartwatchs-\",\"category\":null}}', 'processing', NULL, NULL, NULL, '2025-10-02 05:26:54', '2025-10-02 05:26:56'),
(49, 16, 'Modules\\Backend\\Models\\Product', 12, 'Hats Men Baseball Cap', '', '', 'https://zaira.themedox.com//uploads/media/51/listing-2025-06-27-04-18-59-5817.webp', 60.00, 55.00, 55.00, 1, 55.00, '[]', '{\"cart_id\":8,\"product_data\":{\"id\":12,\"slug\":\"hats-men-baseball-cap-\",\"category\":null}}', 'processing', NULL, NULL, NULL, '2025-10-02 05:26:54', '2025-10-02 05:26:56'),
(58, 21, 'Modules\\Backend\\Models\\Product', 12, 'Hats Men Baseball Cap', '', '', 'https://zaira.themedox.com//uploads/media/51/listing-2025-06-27-04-18-59-5817.webp', 60.00, 55.00, 55.00, 1, 55.00, '[]', '{\"cart_id\":9,\"product_data\":{\"id\":12,\"slug\":\"hats-men-baseball-cap-\",\"category\":null}}', 'pending', NULL, NULL, NULL, '2025-10-02 05:28:41', '2025-10-02 05:28:41'),
(59, 21, 'Modules\\Backend\\Models\\Product', 15, 'EDIFIER WH950NB Wireless Noise', '', '', 'https://zaira.themedox.com//uploads/media/65/listing-2025-06-27-04-08-39-7361.webp', 80.00, 69.00, 69.00, 1, 69.00, '[]', '{\"cart_id\":10,\"product_data\":{\"id\":15,\"slug\":\"edifier-wh950nb-wireless-noise\",\"category\":null}}', 'pending', NULL, NULL, NULL, '2025-10-02 05:28:41', '2025-10-02 05:28:41'),
(68, 26, 'Modules\\Backend\\Models\\Product', 12, 'Hats Men Baseball Cap', '', '', 'https://zaira.themedox.com//uploads/media/51/listing-2025-06-27-04-18-59-5817.webp', 60.00, 55.00, 55.00, 1, 55.00, '[]', '{\"cart_id\":9,\"product_data\":{\"id\":12,\"slug\":\"hats-men-baseball-cap-\",\"category\":null}}', 'processing', NULL, NULL, NULL, '2025-10-02 05:29:40', '2025-10-02 05:29:40'),
(69, 26, 'Modules\\Backend\\Models\\Product', 15, 'EDIFIER WH950NB Wireless Noise', '', '', 'https://zaira.themedox.com//uploads/media/65/listing-2025-06-27-04-08-39-7361.webp', 80.00, 69.00, 69.00, 1, 69.00, '[]', '{\"cart_id\":10,\"product_data\":{\"id\":15,\"slug\":\"edifier-wh950nb-wireless-noise\",\"category\":null}}', 'processing', NULL, NULL, NULL, '2025-10-02 05:29:40', '2025-10-02 05:29:40'),
(70, 27, 'Modules\\Backend\\Models\\Product', 11, 'Noise Fit Halo Smartwatchs', '', '', 'https://zaira.themedox.com//uploads/media/47/listing-2025-06-27-04-17-55-3065.webp', 80.00, 50.00, 50.00, 1, 50.00, '[]', '{\"cart_id\":11,\"product_data\":{\"id\":11,\"slug\":\"noise-fit-halo-smartwatchs-\",\"category\":null}}', 'processing', NULL, NULL, NULL, '2025-10-02 05:30:31', '2025-10-02 05:33:38'),
(71, 27, 'Modules\\Backend\\Models\\Product', 15, 'EDIFIER WH950NB Wireless Noise', '', '', 'https://zaira.themedox.com//uploads/media/65/listing-2025-06-27-04-08-39-7361.webp', 80.00, 69.00, 69.00, 1, 69.00, '[]', '{\"cart_id\":12,\"product_data\":{\"id\":15,\"slug\":\"edifier-wh950nb-wireless-noise\",\"category\":null}}', 'processing', NULL, NULL, NULL, '2025-10-02 05:30:31', '2025-10-02 05:33:38'),
(72, 28, 'Modules\\Backend\\Models\\Product', 15, 'EDIFIER WH950NB Wireless Noise', '', '', 'https://zaira.themedox.com//uploads/media/65/listing-2025-06-27-04-08-39-7361.webp', 80.00, 69.00, 69.00, 1, 69.00, '[]', '{\"cart_id\":12,\"product_data\":{\"id\":15,\"slug\":\"edifier-wh950nb-wireless-noise\",\"category\":null}}', 'delivered', NULL, NULL, NULL, '2025-10-02 08:27:18', '2025-10-07 04:57:00'),
(73, 29, 'Modules\\Backend\\Models\\Product', 11, 'Noise Fit Halo Smartwatchs', '', '', 'https://zaira.themedox.com//uploads/media/47/listing-2025-06-27-04-17-55-3065.webp', 80.00, 50.00, 50.00, 1, 50.00, '[]', '{\"cart_id\":14,\"product_data\":{\"id\":11,\"slug\":\"noise-fit-halo-smartwatchs-\",\"category\":null}}', 'processing', NULL, NULL, NULL, '2025-10-09 05:27:30', '2025-10-09 05:27:30'),
(74, 29, 'Modules\\Backend\\Models\\Product', 16, 'Woodland Backpack TB 142F12', '', '', 'https://zaira.themedox.com//uploads/media/67/listing-2025-06-27-04-09-03-4984.webp', 45.00, 15.00, 15.00, 1, 15.00, '[]', '{\"cart_id\":16,\"product_data\":{\"id\":16,\"slug\":\"woodland-backpack-tb-142f12\",\"category\":null}}', 'processing', NULL, NULL, NULL, '2025-10-09 05:27:30', '2025-10-09 05:27:30'),
(75, 29, 'Modules\\Backend\\Models\\Product', 19, 'Kiyo UVC Water Bottle', '', '', 'https://zaira.themedox.com//uploads/media/73/listing-2025-06-27-11-34-25-3915.webp', 22.00, 20.00, 20.00, 3, 60.00, '[]', '{\"cart_id\":15,\"product_data\":{\"id\":19,\"slug\":\"kiyo-uvc-water-bottl\",\"category\":null}}', 'processing', NULL, NULL, NULL, '2025-10-09 05:27:30', '2025-10-09 05:27:30'),
(76, 30, 'Modules\\Backend\\Models\\Product', 11, 'Noise Fit Halo Smartwatchs', '', '', 'https://zaira.themedox.com//uploads/media/47/listing-2025-06-27-04-17-55-3065.webp', 80.00, 50.00, 50.00, 1, 50.00, '[]', '{\"cart_id\":17,\"product_data\":{\"id\":11,\"slug\":\"noise-fit-halo-smartwatchs-\",\"category\":null}}', 'pending', NULL, NULL, NULL, '2025-10-09 05:29:14', '2025-10-09 05:29:14'),
(77, 31, 'Modules\\Backend\\Models\\Product', 11, 'Noise Fit Halo Smartwatchs', '', '', 'https://zaira.themedox.com//uploads/media/47/listing-2025-06-27-04-17-55-3065.webp', 80.00, 50.00, 50.00, 1, 50.00, '[]', '{\"cart_id\":17,\"product_data\":{\"id\":11,\"slug\":\"noise-fit-halo-smartwatchs-\",\"category\":null}}', 'pending', NULL, NULL, NULL, '2025-10-09 05:29:29', '2025-10-11 01:45:24'),
(78, 32, 'Modules\\Backend\\Models\\Product', 13, 'Canon EOS R100 Mirrorless', '', '', 'https://zaira.themedox.com//uploads/media/57/listing-2025-06-27-11-05-01-3580.webp', 55.00, 35.00, 35.00, 1, 35.00, '[]', '{\"cart_id\":18,\"product_data\":{\"id\":13,\"slug\":\"canon-eos-r100-mirrorless\",\"category\":null}}', 'processing', NULL, NULL, NULL, '2025-10-11 02:41:45', '2025-10-11 02:41:45'),
(79, 33, 'Modules\\Backend\\Models\\Product', 13, 'Canon EOS R100 Mirrorless', '', '', 'https://zaira.themedox.com//uploads/media/57/listing-2025-06-27-11-05-01-3580.webp', 55.00, 35.00, 35.00, 4, 140.00, '[]', '{\"cart_id\":19,\"product_data\":{\"id\":13,\"slug\":\"canon-eos-r100-mirrorless\",\"category\":null}}', 'refunded', NULL, NULL, NULL, '2025-10-11 02:44:59', '2025-10-12 11:04:51'),
(81, 35, 'Modules\\Backend\\Models\\Product', 13, 'Canon EOS R100 Mirrorless', '', '', 'https://zaira.themedox.com//uploads/media/57/listing-2025-06-27-11-05-01-3580.webp', 55.00, 35.00, 35.00, 4, 140.00, '[]', '{\"cart_id\":19,\"product_data\":{\"id\":13,\"slug\":\"canon-eos-r100-mirrorless\",\"category\":null}}', 'processing', NULL, NULL, NULL, '2025-10-11 02:45:25', '2025-10-11 02:45:26'),
(82, 36, 'Modules\\Backend\\Models\\Product', 11, 'Noise Fit Halo Smartwatchs', '', '', 'https://zaira.themedox.com//uploads/media/47/listing-2025-06-27-04-17-55-3065.webp', 80.00, 50.00, 50.00, 1, 50.00, '[]', '{\"cart_id\":27,\"product_data\":{\"id\":11,\"slug\":\"noise-fit-halo-smartwatchs-\",\"category\":null}}', 'processing', NULL, NULL, NULL, '2025-10-18 15:40:42', '2025-10-18 15:40:45'),
(83, 36, 'Modules\\Backend\\Models\\Product', 14, 'Camera | instax | FUJIFILM', '', '', 'https://zaira.themedox.com//uploads/media/60/a.webp', 55.00, 25.00, 25.00, 3, 75.00, '[]', '{\"cart_id\":32,\"product_data\":{\"id\":14,\"slug\":\"camera-instax-fujifilm\",\"category\":null}}', 'processing', NULL, NULL, NULL, '2025-10-18 15:40:42', '2025-10-18 15:40:45'),
(84, 36, 'Modules\\Backend\\Models\\Product', 19, 'Kiyo UVC Water Bottle', '', '', 'https://zaira.themedox.com//uploads/media/73/listing-2025-06-27-11-34-25-3915.webp', 22.00, 20.00, 20.00, 1, 20.00, '[]', '{\"cart_id\":44,\"product_data\":{\"id\":19,\"slug\":\"kiyo-uvc-water-bottl\",\"category\":null}}', 'processing', NULL, NULL, NULL, '2025-10-18 15:40:42', '2025-10-18 15:40:45'),
(85, 36, 'Modules\\Backend\\Models\\Product', 13, 'Canon EOS R100 Mirrorless', '', '', 'https://zaira.themedox.com//uploads/media/57/listing-2025-06-27-11-05-01-3580.webp', 55.00, 35.00, 35.00, 1, 35.00, '[]', '{\"cart_id\":45,\"product_data\":{\"id\":13,\"slug\":\"canon-eos-r100-mirrorless\",\"category\":null}}', 'processing', NULL, NULL, NULL, '2025-10-18 15:40:42', '2025-10-18 15:40:45'),
(86, 37, 'Modules\\Backend\\Models\\Product', 17, 'SoundPro 20 15 W TWS', '', '', 'https://zaira.themedox.com//uploads/media/69/listing-2025-06-27-11-24-01-1138.webp', 15.00, 10.00, 10.00, 1, 10.00, '[]', '{\"cart_id\":41,\"product_data\":{\"id\":17,\"slug\":\"soundpro-20-15-w-tws\",\"category\":null}}', 'shipped', NULL, NULL, NULL, '2025-10-20 09:48:06', '2025-10-20 09:48:54'),
(87, 37, 'Modules\\Backend\\Models\\Product', 18, 'Taran 6 Persons Tant Tent', '', '', 'https://zaira.themedox.com//uploads/media/71/listing-2025-06-27-11-31-10-3539.webp', 34.00, 31.00, 31.00, 1, 31.00, '[]', '{\"cart_id\":42,\"product_data\":{\"id\":18,\"slug\":\"taran-6-persons-tant-ten\",\"category\":null}}', 'shipped', NULL, NULL, NULL, '2025-10-20 09:48:06', '2025-10-20 09:48:54'),
(88, 37, 'Modules\\Backend\\Models\\Product', 19, 'Kiyo UVC Water Bottle', '', '', 'https://zaira.themedox.com//uploads/media/73/listing-2025-06-27-11-34-25-3915.webp', 22.00, 20.00, 20.00, 1, 20.00, '[]', '{\"cart_id\":43,\"product_data\":{\"id\":19,\"slug\":\"kiyo-uvc-water-bottl\",\"category\":null}}', 'shipped', NULL, NULL, NULL, '2025-10-20 09:48:06', '2025-10-20 09:48:54'),
(89, 38, 'Modules\\Backend\\Models\\Product', 19, 'Kiyo UVC Water Bottle', '', '', 'https://zaira.themedox.com//uploads/media/73/listing-2025-06-27-11-34-25-3915.webp', 22.00, 20.00, 20.00, 1, 20.00, '[]', '{\"cart_id\":58,\"product_data\":{\"id\":19,\"slug\":\"kiyo-uvc-water-bottl\",\"category\":null}}', 'cancelled', NULL, NULL, NULL, '2025-10-20 09:50:22', '2025-10-20 15:21:35'),
(90, 38, 'Modules\\Backend\\Models\\Product', 16, 'Woodland Backpack TB 142F12', '', '', 'https://zaira.themedox.com//uploads/media/67/listing-2025-06-27-04-09-03-4984.webp', 45.00, 15.00, 15.00, 1, 15.00, '[]', '{\"cart_id\":59,\"product_data\":{\"id\":16,\"slug\":\"woodland-backpack-tb-142f12\",\"category\":null}}', 'cancelled', NULL, NULL, NULL, '2025-10-20 09:50:22', '2025-10-20 15:21:35'),
(91, 38, 'Modules\\Backend\\Models\\Product', 13, 'Canon EOS R100 Mirrorless', '', '', 'https://zaira.themedox.com//uploads/media/57/listing-2025-06-27-11-05-01-3580.webp', 55.00, 35.00, 35.00, 1, 35.00, '[]', '{\"cart_id\":60,\"product_data\":{\"id\":13,\"slug\":\"canon-eos-r100-mirrorless\",\"category\":null}}', 'cancelled', NULL, NULL, NULL, '2025-10-20 09:50:22', '2025-10-20 15:21:35');

-- --------------------------------------------------------

--
-- Table structure for table `pages`
--

CREATE TABLE `pages` (
  `id` bigint(20) UNSIGNED NOT NULL,
  `title` varchar(255) NOT NULL,
  `slug` varchar(255) NOT NULL,
  `status` varchar(255) NOT NULL DEFAULT 'draft',
  `created_at` timestamp NULL DEFAULT NULL,
  `updated_at` timestamp NULL DEFAULT NULL
) ENGINE=InnoDB DEFAULT CHARSET=utf8mb4 COLLATE=utf8mb4_unicode_ci;

-- --------------------------------------------------------

--
-- Table structure for table `page_contents`
--

CREATE TABLE `page_contents` (
  `id` bigint(20) UNSIGNED NOT NULL,
  `page_id` bigint(20) UNSIGNED NOT NULL,
  `content` longtext DEFAULT NULL,
  `created_at` timestamp NULL DEFAULT NULL,
  `updated_at` timestamp NULL DEFAULT NULL
) ENGINE=InnoDB DEFAULT CHARSET=utf8mb4 COLLATE=utf8mb4_unicode_ci;

-- --------------------------------------------------------

--
-- Table structure for table `password_reset_tokens`
--

CREATE TABLE `password_reset_tokens` (
  `email` varchar(255) NOT NULL,
  `token` varchar(255) NOT NULL,
  `created_at` timestamp NULL DEFAULT NULL
) ENGINE=InnoDB DEFAULT CHARSET=utf8mb4 COLLATE=utf8mb4_unicode_ci;

-- --------------------------------------------------------

--
-- Table structure for table `payment_histories`
--

CREATE TABLE `payment_histories` (
  `id` char(36) NOT NULL,
  `module` varchar(50) NOT NULL,
  `paymentable_type` varchar(255) NOT NULL,
  `paymentable_id` varchar(255) NOT NULL,
  `payer_type` varchar(255) NOT NULL,
  `payer_id` char(36) NOT NULL,
  `payment_id` varchar(150) DEFAULT NULL,
  `payment_method` varchar(50) DEFAULT NULL,
  `status` varchar(50) NOT NULL DEFAULT 'processing',
  `data` longtext CHARACTER SET utf8mb4 COLLATE utf8mb4_bin DEFAULT NULL CHECK (json_valid(`data`)),
  `created_at` timestamp NULL DEFAULT NULL,
  `updated_at` timestamp NULL DEFAULT NULL
) ENGINE=InnoDB DEFAULT CHARSET=utf8mb4 COLLATE=utf8mb4_unicode_ci;

--
-- Dumping data for table `payment_histories`
--

INSERT INTO `payment_histories` (`id`, `module`, `paymentable_type`, `paymentable_id`, `payer_type`, `payer_id`, `payment_id`, `payment_method`, `status`, `data`, `created_at`, `updated_at`) VALUES
('a003cfaa-7a24-44fa-8150-8f17e9eeb101', 'frontend', 'Modules\\FrontEnd\\Models\\Order', '12', 'Modules\\User\\Models\\User', '1', 'tr_hXZ4JirSn2cLjQinVWzEJ', 'Mollie', 'success', NULL, '2025-10-02 05:18:14', '2025-10-02 05:18:14'),
('a003d169-3d92-4a58-aa31-84ac06d3d02e', 'frontend', 'Modules\\FrontEnd\\Models\\Order', '13', 'Modules\\User\\Models\\User', '1', 'PAYID-NDPAYOY2FB05781933107255', 'PayPal', 'processing', NULL, '2025-10-02 05:23:06', '2025-10-02 05:23:07'),
('a003d2c5-128e-4d9a-8ceb-4b4bab65b8de', 'frontend', 'Modules\\FrontEnd\\Models\\Order', '16', 'Modules\\User\\Models\\User', '1', 'tr_mjgotKBxxJAWcGeVPXzEJ', 'Mollie', 'success', NULL, '2025-10-02 05:26:54', '2025-10-02 05:26:56'),
('a003d368-0e8f-44b6-a460-6ce022c5938e', 'frontend', 'Modules\\FrontEnd\\Models\\Order', '21', 'Modules\\User\\Models\\User', '1', 'PAYID-NDPA3CQ2UR64624XG458835Y', 'PayPal', 'processing', NULL, '2025-10-02 05:28:41', '2025-10-02 05:28:42'),
('a003d3c1-9e7b-474b-82c2-ec1c8abbab67', 'frontend', 'Modules\\FrontEnd\\Models\\Order', '26', 'Modules\\User\\Models\\User', '1', 'tr_8FN2iasxaeirrV4cfXzEJ', 'Mollie', 'success', NULL, '2025-10-02 05:29:40', '2025-10-02 05:29:40'),
('a003d40f-9821-41d6-add4-9c261731fa68', 'frontend', 'Modules\\FrontEnd\\Models\\Order', '27', 'Modules\\User\\Models\\User', '1', 'PAYID-NDPA36A4SL93863P70635111', 'PayPal', 'processing', NULL, '2025-10-02 05:30:31', '2025-10-02 05:30:32'),
('a0041349-6960-4f98-8c81-314286abe6de', 'frontend', 'Modules\\FrontEnd\\Models\\Order', '28', 'Modules\\User\\Models\\User', '1', 'tr_w6KWse8CMZouDxmPsqzEJ', 'Mollie', 'success', NULL, '2025-10-02 08:27:18', '2025-10-02 08:27:20'),
('a011e7df-35e3-4a78-acf7-80c4c1f541ed', 'frontend', 'Modules\\FrontEnd\\Models\\Order', '29', 'Modules\\User\\Models\\User', '1', 'cs_test_a1xzIwdVPddQNlCtSPSng8rFbBN93FT15jm8FcCm3ppeyAwZTxXNJDVA8t', 'Stripe', 'success', NULL, '2025-10-09 05:27:30', '2025-10-09 05:27:30'),
('a011e87d-c400-4f34-b613-98bebbde38b8', 'frontend', 'Modules\\FrontEnd\\Models\\Order', '30', 'Modules\\User\\Models\\User', '1', 'PAYID-NDTUQKY2UP7442102989410Y', 'PayPal', 'processing', NULL, '2025-10-09 05:29:14', '2025-10-09 05:29:15'),
('a011e895-024b-45f3-92bc-ccd370a4e2b4', 'frontend', 'Modules\\FrontEnd\\Models\\Order', '31', 'Modules\\User\\Models\\User', '1', 'cs_test_a138C4ycHEZ4jPC0AC70B3elpCoLl6q71e7qtL4b3JUEnZ7EV9oLhCKs9E', 'Stripe', 'success', NULL, '2025-10-09 05:29:29', '2025-10-09 05:29:30'),
('a015b28f-d9a4-4f4c-85b2-5615bb939f01', 'frontend', 'Modules\\FrontEnd\\Models\\Order', '32', 'Modules\\User\\Models\\User', '1', 'ORD-68E9C3E945197-251011_1760150505', '2Checkout', 'success', NULL, '2025-10-11 02:41:45', '2025-10-11 02:41:45'),
('a015b3b7-9325-48b3-a4a6-1f58965a8755', 'frontend', 'Modules\\FrontEnd\\Models\\Order', '33', 'Modules\\User\\Models\\User', '1', 'PAYID-NDU4JLA9R898546RH160733X', 'PayPal', 'processing', NULL, '2025-10-11 02:44:59', '2025-10-11 02:45:00'),
('a015b3e0-67cc-4154-9316-57b01247dcfe', 'frontend', 'Modules\\FrontEnd\\Models\\Order', '35', 'Modules\\User\\Models\\User', '1', 'cs_test_a1p8rmHVigKTxafbuYzg64kDdu9Lsqku4OPTRkvqjmNijjaJdPf0nE1FFp', 'Stripe', 'success', NULL, '2025-10-11 02:45:25', '2025-10-11 02:45:26'),
('a024de07-0d34-4d1c-b601-fd1822a2aeec', 'frontend', 'Modules\\FrontEnd\\Models\\Order', '36', 'Modules\\User\\Models\\User', '1', 'order_RUzMdCzDQ56y2E', 'Razorpay', 'success', NULL, '2025-10-18 15:40:42', '2025-10-18 15:40:45'),
('a02865e5-ce30-481f-b5f5-7e4b103109bb', 'frontend', 'Modules\\FrontEnd\\Models\\Order', '37', 'Modules\\User\\Models\\User', '2', 'cs_test_a1ijHJBiYM9wuzFd7xEN1x5SPEaAV3JknEhAFytyGIoGg22OsX3BZBCS95', 'Stripe', 'success', NULL, '2025-10-20 09:48:06', '2025-10-20 09:48:25'),
('a02866b5-3f44-4c5a-b8e9-473b93bddaab', 'frontend', 'Modules\\FrontEnd\\Models\\Order', '38', 'Modules\\User\\Models\\User', '2', 'tr_4E3ZxKekwSMkrtSPubpFJ', 'Mollie', 'success', NULL, '2025-10-20 09:50:22', '2025-10-20 09:50:36');

-- --------------------------------------------------------

--
-- Table structure for table `payment_methods`
--

CREATE TABLE `payment_methods` (
  `id` bigint(20) UNSIGNED NOT NULL,
  `driver` varchar(50) NOT NULL,
  `config` longtext CHARACTER SET utf8mb4 COLLATE utf8mb4_bin DEFAULT NULL CHECK (json_valid(`config`)),
  `name` varchar(255) NOT NULL,
  `description` text DEFAULT NULL,
  `image` varchar(255) DEFAULT NULL,
  `supported_currencies` longtext CHARACTER SET utf8mb4 COLLATE utf8mb4_bin DEFAULT NULL CHECK (json_valid(`supported_currencies`)),
  `display_title` varchar(255) DEFAULT NULL,
  `display_description` text DEFAULT NULL,
  `theme_color` varchar(7) DEFAULT NULL,
  `sort_order` int(11) NOT NULL DEFAULT 0,
  `active` tinyint(1) NOT NULL DEFAULT 1,
  `visibility` tinyint(1) NOT NULL DEFAULT 1,
  `created_at` timestamp NULL DEFAULT NULL,
  `updated_at` timestamp NULL DEFAULT NULL
) ENGINE=InnoDB DEFAULT CHARSET=utf8mb4 COLLATE=utf8mb4_unicode_ci;

--
-- Dumping data for table `payment_methods`
--

INSERT INTO `payment_methods` (`id`, `driver`, `config`, `name`, `description`, `image`, `supported_currencies`, `display_title`, `display_description`, `theme_color`, `sort_order`, `active`, `visibility`, `created_at`, `updated_at`) VALUES
(1, 'PayPal', '{\"clientId\":\"AWlV5x8Lhj9BRF8-TnawXtbNs-zt69mMVXME1BGJUIoDdrAYz8QIeeTBQp0sc2nIL9E529KJZys32Ipy\",\"secret\":\"EEvn1J_oIC6alxb-FoF4t8buKwy4uEWHJ4_Jd_wolaSPRMzFHe6GrMrliZAtawDDuE-WKkCKpWGiz0Yn\",\"sandbox\":\"1\"}', 'PayPal', 'Fast and secure payment through your PayPal account', 'uploads/payment-method/payment-methods-2025-10-18-07-53-00-4398.png', NULL, NULL, NULL, '#007bff', 0, 1, 1, '2025-10-02 04:37:12', '2025-10-18 07:53:00'),
(2, 'Mollie', '{\"api_key\":\"test_eRJJ8VxNMm2Jg5RsgehpEQPWRseqbG\",\"sandbox\":\"1\"}', 'Mollie', 'European payment provider with local payment methods and seamless integration', NULL, NULL, NULL, NULL, '#007bff', 0, 1, 1, '2025-10-02 04:43:11', '2025-10-18 07:41:05'),
(3, 'Paystack', '{\"secret_key\":\"sk_test_7f44936818aae79abd8b8e10dabff8c5b09090a5\",\"public_key\":\"pk_test_7aa8e027f05fdd082ef57922c50e1283fd5855c7\",\"default_currency\":\"\",\"conversion_rate\":\"\",\"sandbox\":\"1\"}', 'Paystack', 'African payment platform with card, bank, and mobile money integration', 'uploads/payment-method/payment-methods-2025-10-18-07-52-25-2646.png', NULL, NULL, NULL, '#007bff', 0, 1, 1, '2025-10-02 04:45:17', '2025-10-18 07:52:25'),
(4, 'Instamojo', '{\"api_key\":\"test_5f4a2c9a58ef216f8a1a688910f\",\"auth_token\":\"test_994252ada69ce7b3d282b9941c2\",\"sandbox\":\"1\"}', 'Instamojo', 'Indian payment solution with UPI, cards, and wallet support', 'uploads/payment-method/payment-methods-2025-10-18-07-51-22-5384.png', NULL, NULL, NULL, '#007bff', 0, 1, 1, '2025-10-02 04:45:54', '2025-10-18 07:51:22'),
(5, 'Stripe', '{\"secret_key\":\"sk_test_51JU61aF56Pb8BOOXlz7jGkzJsCkozuAoRlFJskYGsgunfaHLmcvKLubYRQLCQOuyYHq0mvjoBFLzV7d8F6q8f6Hv00CGwULEEV\",\"publishable_key\":\"pk_test_51JU61aF56Pb8BOOX5ucAe5DlDwAkCZyffqlKMDUWsAwhKbdtuY71VvIzr0NgFKjq4sOVVaaeeyVXXnNWwu5dKgeq00kMzCBUm5\",\"webhook_secret\":\"https://zaira.themedox.com/payment/webhook/test/stripe\",\"sandbox\":\"1\"}', 'Stripe', 'Instant payment processing with advanced fraud protection', 'uploads/payment-method/payment-methods-2025-10-18-07-50-23-7600.png', NULL, NULL, NULL, '#007bff', 0, 1, 1, '2025-10-02 04:57:28', '2025-10-18 07:50:23'),
(6, 'Flutterwave', '{\"secret_key\":\"FLWSECK_TEST-cccdc68a53742e1e9e5ae6d9ed6047f9-X\",\"public_key\":\"FLWPUBK_TEST-fb44624408737bc1234009c035840c76-X\",\"secret_hash\":\"FLWSECK_TEST78946aebf434\",\"sandbox\":\"1\"}', 'Flutterwave', 'African payment gateway supporting cards, mobile money, and bank transfers', 'uploads/payment-method/payment-methods-2025-10-18-07-49-43-2428.png', NULL, NULL, NULL, '#007bff', 0, 1, 1, '2025-10-05 08:44:21', '2025-10-18 07:49:43'),
(7, '2Checkout', '{\"seller_id\":\"255666652246\",\"secret_word\":\"B88CFD7E-0559-4B3C-A6F8-965B4C5FB12A\",\"sandbox\":\"1\"}', '2Checkout', 'Global payment solution accepting credit cards and PayPal worldwide', 'uploads/payment-method/payment-methods-2025-10-18-07-48-58-6269.png', NULL, NULL, NULL, '#007bff', 0, 1, 1, '2025-10-05 08:48:23', '2025-10-18 07:48:58'),
(8, 'PayMongo', '{\"secret_key\":\"sk_test_cZ4NGYFvj24vdtmMefsujvfZ\",\"public_key\":\"pk_test_131kYmrfmRhup2TvSSE6hENX\",\"webhook_secret\":\"sk_test_cZ4NG\",\"usd_to_php_rate\":\"\",\"sandbox\":\"1\"}', 'PayMongo', 'Philippines-focused gateway with GCash, cards, and installment options', 'uploads/payment-method/payment-methods-2025-10-18-07-43-17-5101.png', NULL, NULL, NULL, '#007bff', 0, 1, 1, '2025-10-05 08:51:36', '2025-10-18 07:43:17'),
(9, 'Razorpay', '{\"key_id\":\"rzp_test_K7CipNQYyyMPiS\",\"key_secret\":\"zSBmNMorJrirOrnDrbOd1ALO\",\"webhook_secret\":\"https://zaira-main.test/payment/webhook/test/razorpay\",\"sandbox\":\"1\"}', 'Razorpay', 'Razorpay payment', 'uploads/payment-method/payment-methods-2025-10-18-03-39-48-5973.png', NULL, NULL, NULL, '#007bff', 0, 1, 1, '2025-10-18 15:39:48', '2025-10-18 15:39:48');

-- --------------------------------------------------------

--
-- Table structure for table `payment_method_translations`
--

CREATE TABLE `payment_method_translations` (
  `id` bigint(20) UNSIGNED NOT NULL,
  `name` varchar(255) NOT NULL,
  `description` text DEFAULT NULL,
  `payment_method_id` bigint(20) UNSIGNED NOT NULL,
  `locale` varchar(5) NOT NULL,
  `created_at` timestamp NULL DEFAULT NULL,
  `updated_at` timestamp NULL DEFAULT NULL
) ENGINE=InnoDB DEFAULT CHARSET=utf8mb4 COLLATE=utf8mb4_unicode_ci;

-- --------------------------------------------------------

--
-- Table structure for table `permissions`
--

CREATE TABLE `permissions` (
  `id` bigint(20) UNSIGNED NOT NULL,
  `name` varchar(255) NOT NULL,
  `guard_name` varchar(255) NOT NULL,
  `group_name` varchar(255) DEFAULT NULL,
  `created_at` timestamp NULL DEFAULT NULL,
  `updated_at` timestamp NULL DEFAULT NULL
) ENGINE=InnoDB DEFAULT CHARSET=utf8mb4 COLLATE=utf8mb4_unicode_ci;

--
-- Dumping data for table `permissions`
--

INSERT INTO `permissions` (`id`, `name`, `guard_name`, `group_name`, `created_at`, `updated_at`) VALUES
(1, 'user_read', 'web', 'User', '2025-09-29 14:04:34', '2025-09-29 14:04:34'),
(2, 'user_create', 'web', 'User', '2025-09-29 14:04:34', '2025-09-29 14:04:34'),
(3, 'user_update', 'web', 'User', '2025-09-29 14:04:34', '2025-09-29 14:04:34'),
(4, 'user_delete', 'web', 'User', '2025-09-29 14:04:34', '2025-09-29 14:04:34');

-- --------------------------------------------------------

--
-- Table structure for table `roles`
--

CREATE TABLE `roles` (
  `id` bigint(20) UNSIGNED NOT NULL,
  `name` varchar(255) NOT NULL,
  `guard_name` varchar(255) NOT NULL,
  `created_at` timestamp NULL DEFAULT NULL,
  `updated_at` timestamp NULL DEFAULT NULL
) ENGINE=InnoDB DEFAULT CHARSET=utf8mb4 COLLATE=utf8mb4_unicode_ci;

--
-- Dumping data for table `roles`
--

INSERT INTO `roles` (`id`, `name`, `guard_name`, `created_at`, `updated_at`) VALUES
(1, 'admin', 'web', '2025-09-29 14:04:34', '2025-09-29 14:04:34'),
(2, 'user', 'web', '2025-09-29 14:04:34', '2025-09-29 14:04:34'),
(3, 'author', 'web', '2025-09-29 14:04:34', '2025-09-29 14:04:34');

-- --------------------------------------------------------

--
-- Table structure for table `role_has_permissions`
--

CREATE TABLE `role_has_permissions` (
  `permission_id` bigint(20) UNSIGNED NOT NULL,
  `role_id` bigint(20) UNSIGNED NOT NULL
) ENGINE=InnoDB DEFAULT CHARSET=utf8mb4 COLLATE=utf8mb4_unicode_ci;

--
-- Dumping data for table `role_has_permissions`
--

INSERT INTO `role_has_permissions` (`permission_id`, `role_id`) VALUES
(1, 1),
(2, 1),
(3, 1),
(4, 1),
(1, 2),
(1, 3),
(2, 3),
(3, 3),
(4, 3);

-- --------------------------------------------------------

--
-- Table structure for table `sessions`
--

CREATE TABLE `sessions` (
  `id` varchar(255) NOT NULL,
  `user_id` bigint(20) UNSIGNED DEFAULT NULL,
  `ip_address` varchar(45) DEFAULT NULL,
  `user_agent` text DEFAULT NULL,
  `payload` longtext NOT NULL,
  `last_activity` int(11) NOT NULL
) ENGINE=InnoDB DEFAULT CHARSET=utf8mb4 COLLATE=utf8mb4_unicode_ci;

-- --------------------------------------------------------

--
-- Table structure for table `settings`
--

CREATE TABLE `settings` (
  `id` bigint(20) UNSIGNED NOT NULL,
  `key` varchar(255) NOT NULL,
  `value` text DEFAULT NULL,
  `type` varchar(255) NOT NULL DEFAULT 'string',
  `group` varchar(255) NOT NULL DEFAULT 'general',
  `is_public` tinyint(1) NOT NULL DEFAULT 0,
  `created_at` timestamp NULL DEFAULT NULL,
  `updated_at` timestamp NULL DEFAULT NULL
) ENGINE=InnoDB DEFAULT CHARSET=utf8mb4 COLLATE=utf8mb4_unicode_ci;

--
-- Dumping data for table `settings`
--

INSERT INTO `settings` (`id`, `key`, `value`, `type`, `group`, `is_public`, `created_at`, `updated_at`) VALUES
(1, 'logo', 'uploads/logo/logo-2025-10-25-01-34-21-6444.png', 'string', 'general', 1, '2025-09-29 14:07:21', '2025-10-25 13:34:21'),
(2, 'site_name', 'Posty', 'string', 'general', 1, '2025-09-29 14:36:06', '2025-10-23 13:09:30'),
(3, 'site_description', 'Browned butter and brown sugar caramelly goodness, crispy edges thick and soft centers and melty little puddles of chocolate.', 'string', 'general', 1, '2025-09-29 14:36:06', '2025-09-29 14:38:10'),
(4, 'site_url', 'https://posty-laravel.themedox.com/', 'string', 'general', 1, '2025-09-29 14:36:06', '2025-10-23 13:09:30'),
(5, 'admin_email', 'info@webmail.com', 'string', 'general', 1, '2025-09-29 14:36:06', '2025-09-29 14:36:06'),
(6, 'commission_per_sale', '10', 'string', 'general', 1, '2025-09-29 14:36:06', '2025-09-29 14:36:06'),
(7, 'preloader_status', '1', 'string', 'general', 1, '2025-09-29 14:36:06', '2025-09-29 14:36:06'),
(8, 'preloader_text', 'Posty', 'string', 'general', 1, '2025-09-29 14:36:06', '2025-10-23 13:09:30'),
(9, 'blog_layout', 'all_layout', 'string', 'general', 1, '2025-09-29 14:36:06', '2025-09-29 14:36:06'),
(10, 'blog_detail_layout', 'all_layout', 'string', 'general', 1, '2025-09-29 14:36:06', '2025-09-29 14:36:06'),
(11, 'primary_color', NULL, 'string', 'general', 1, '2025-09-29 14:36:06', '2025-09-29 14:36:06'),
(12, 'secondary_color', NULL, 'string', 'general', 1, '2025-09-29 14:36:06', '2025-09-29 14:36:06'),
(13, 'timezone', 'Asia/Dhaka', 'string', 'general', 1, '2025-09-29 14:36:06', '2025-09-29 14:36:06'),
(14, 'back_top_status', '1', 'string', 'general', 1, '2025-09-29 14:36:06', '2025-09-29 14:36:06'),
(15, 'dark_light_mode_status', '1', 'string', 'general', 1, '2025-09-29 14:36:06', '2025-09-29 14:36:06'),
(16, 'phone', '888 999 888 77', 'string', 'general', 1, '2025-09-29 14:36:06', '2025-09-29 14:36:06'),
(17, 'location', '12/A, New Booston, NYC', 'string', 'general', 1, '2025-09-29 14:36:06', '2025-09-29 14:36:06'),
(18, 'copyright_text', '© 2025 All Rights Reserved', 'string', 'general', 1, '2025-09-29 14:36:06', '2025-09-29 14:36:06'),
(19, 'show_search_bar_status', '1', 'string', 'general', 1, '2025-09-29 14:36:06', '2025-09-29 14:36:06'),
(20, 'show_wishlist_icon', '1', 'string', 'general', 1, '2025-09-29 14:36:06', '2025-09-29 14:36:06'),
(21, 'show_cart_icon', '1', 'string', 'general', 1, '2025-09-29 14:36:06', '2025-09-29 14:36:06'),
(22, 'white_logo', 'uploads/logo/white_logo-2025-10-26-03-19-10-1892.png', 'string', 'general', 1, '2025-09-29 14:37:20', '2025-10-26 03:19:10'),
(23, 'dashboard_logo', 'uploads/logo/dashboard_logo-2025-10-25-01-34-31-2191.png', 'string', 'general', 1, '2025-09-29 14:37:20', '2025-10-25 13:34:31'),
(24, 'favicon', 'uploads/logo/favicon-2025-10-23-01-12-46-3928.png', 'string', 'general', 1, '2025-09-29 14:37:20', '2025-10-23 13:12:46'),
(25, 'home-page', '\"{\\\"title\\\":\\\"Posty - News Magazine Laravel Script\\\",\\\"description\\\":\\\"Posty is a modern and responsive News Magazine Laravel Script make for online newspapers, blogs, magazines, publishers, and content-rich websites. Featuring clean layouts, fast performance, and easy customization, it\\\\u2019s perfect for showcasing trending stories and breaking news with style.\\\",\\\"keywords\\\":\\\"Posty, news Laravel Script, magazine Laravel Script, newspaper website Script, responsive news Script.\\\"}\"', 'array', 'seo', 1, '2025-09-29 14:44:15', '2025-10-23 13:15:56'),
(26, 'active_theme', 'theme2', 'string', 'general', 0, NULL, '2025-10-27 13:21:54'),
(27, 'offcanvas_gallery', '\"[\\\"uploads\\\\\\/gallery\\\\\\/gallery-2025-09-30-10-43-21-5841.jpg\\\",\\\"uploads\\\\\\/gallery\\\\\\/gallery-2025-09-30-10-43-21-8398.jpg\\\",\\\"uploads\\\\\\/gallery\\\\\\/gallery-2025-09-30-10-43-21-1541.jpg\\\",\\\"uploads\\\\\\/gallery\\\\\\/gallery-2025-09-30-10-43-21-6516.jpg\\\",\\\"uploads\\\\\\/gallery\\\\\\/gallery-2025-09-30-10-43-21-5398.jpg\\\",\\\"uploads\\\\\\/gallery\\\\\\/gallery-2025-09-30-10-43-21-8908.jpg\\\"]\"', 'json', 'general', 1, '2025-09-30 08:33:00', '2025-09-30 10:43:21'),
(28, 'error_title', 'Error Page', 'string', 'general', 1, '2025-10-01 15:36:58', '2025-10-11 15:03:37'),
(29, 'error_message', 'Sorry! This Page Is Not Avliable', 'string', 'general', 1, '2025-10-01 15:36:58', '2025-10-11 15:03:37'),
(30, 'error_status', '1', 'string', 'general', 1, '2025-10-01 15:36:58', '2025-10-11 15:03:37'),
(31, 'facebook_link', 'https://www.facebook.com/', 'string', 'general', 1, '2025-10-01 15:37:27', '2025-10-05 17:20:07'),
(32, 'twitter_link', 'https://www.x.com', 'string', 'general', 1, '2025-10-01 15:37:27', '2025-10-05 17:39:47'),
(33, 'instagram_link', 'https://www.instagram.com/', 'string', 'general', 1, '2025-10-01 15:37:27', '2025-10-05 17:20:07'),
(34, 'linkedin_link', 'https://www.linkedin.com', 'string', 'general', 1, '2025-10-01 15:37:27', '2025-10-05 17:40:26'),
(35, 'youtube_link', 'https://www.youtube.com/', 'string', 'general', 1, '2025-10-01 15:37:27', '2025-10-05 17:20:07'),
(36, 'tiktok_link', NULL, 'string', 'general', 1, '2025-10-01 15:37:27', '2025-10-01 15:37:27'),
(37, 'github_link', NULL, 'string', 'general', 1, '2025-10-01 15:37:27', '2025-10-01 15:37:27'),
(38, 'behance_link', NULL, 'string', 'general', 1, '2025-10-01 15:37:27', '2025-10-01 15:37:27'),
(39, 'dribbble_link', NULL, 'string', 'general', 1, '2025-10-01 15:37:27', '2025-10-01 15:37:27'),
(40, 'pinterest_link', NULL, 'string', 'general', 1, '2025-10-01 15:37:27', '2025-10-01 15:37:27'),
(41, 'show_social_links', '1', 'string', 'general', 1, '2025-10-01 15:37:27', '2025-10-01 15:37:43'),
(42, 'about-page', '\"{\\\"title\\\":\\\"About Us | Posty - News Magazine Laravel Script\\\",\\\"description\\\":\\\"Posty - News Magazine Laravel Script\\\",\\\"keywords\\\":\\\"\\\"}\"', 'array', 'seo', 1, '2025-10-01 15:40:03', '2025-10-23 13:16:27'),
(43, 'multi_theme_blog', '1', 'string', 'general', 1, '2025-10-04 13:18:49', '2025-10-04 14:04:31'),
(44, 'language_switch_status', '1', 'string', 'general', 1, '2025-10-07 08:28:11', '2025-10-07 08:28:11'),
(45, 'error_image', 'uploads/img/error_image-2025-10-11-03-42-43-7827.jpg', 'string', 'general', 1, '2025-10-11 15:03:37', '2025-10-11 15:42:43'),
(46, 'contact-page', '\"{\\\"title\\\":\\\"Contact | Posty - News Magazine Laravel Script\\\",\\\"description\\\":\\\"Posty - News Magazine Laravel Script\\\",\\\"keywords\\\":\\\"\\\"}\"', 'array', 'seo', 1, '2025-10-12 05:27:43', '2025-10-23 13:16:41'),
(47, 'blog-page', '\"{\\\"title\\\":\\\"Blog | Posty - News Magazine Laravel Script\\\",\\\"description\\\":\\\"Posty is a modern and responsive News Magazine Laravel Script make for online newspapers, blogs, magazines, publishers, and content-rich websites. Featuring clean layouts, fast performance, and easy customization, it\\\\u2019s perfect for showcasing trending stories and breaking news with style.\\\",\\\"keywords\\\":\\\"Posty, news Laravel Script, magazine Laravel Script, newspaper website Script, responsive news Script.\\\"}\"', 'array', 'seo', 1, '2025-10-12 05:37:06', '2025-10-23 13:16:16'),
(48, 'faq-page', '{\"title\":\"FAQ\",\"description\":\"Faq\",\"keywords\":\"\"}', 'array', 'seo', 1, '2025-10-12 05:48:27', '2025-10-12 05:48:27'),
(49, 'team-page', '\"{\\\"title\\\":\\\"Team Member | Posty - News Magazine Laravel Script\\\",\\\"description\\\":\\\"Posty - News Magazine Laravel Script\\\",\\\"keywords\\\":\\\"\\\"}\"', 'array', 'seo', 1, '2025-10-12 05:48:51', '2025-10-23 13:16:57'),
(50, 'product-page', '\"{\\\"title\\\":\\\"Shop | Posty - News Magazine Laravel Script\\\",\\\"description\\\":\\\"Posty - News Magazine Laravel Script\\\",\\\"keywords\\\":\\\"\\\"}\"', 'array', 'seo', 1, '2025-10-12 05:50:42', '2025-10-23 13:17:07'),
(51, 'checkout-page', '\"{\\\"title\\\":\\\"Checkout | Posty - News Magazine Laravel Script\\\",\\\"description\\\":\\\"Posty - News Magazine Laravel Script\\\",\\\"keywords\\\":\\\"\\\"}\"', 'array', 'seo', 1, '2025-10-12 05:51:58', '2025-10-23 13:17:31'),
(52, 'cart-page', '\"{\\\"title\\\":\\\"Cart | Posty - News Magazine Laravel Script\\\",\\\"description\\\":\\\"Posty - News Magazine Laravel Script\\\",\\\"keywords\\\":\\\"\\\"}\"', 'array', 'seo', 1, '2025-10-12 05:52:10', '2025-10-23 13:17:17'),
(53, 'login_title', 'Sign In to Continue', 'string', 'login_page', 1, '2025-10-13 10:57:03', '2025-10-13 10:59:37'),
(54, 'login_subtitle', 'Access your content and manage your blog effortlessly.', 'string', 'login_page', 1, '2025-10-13 10:57:03', '2025-10-13 10:59:37'),
(55, 'register_title', 'Create Your Account', 'string', 'register_page', 1, '2025-10-13 10:57:03', '2025-10-13 11:01:05'),
(56, 'register_subtitle', 'Join our CMS platform and start managing your blog with ease.', 'string', 'register_page', 1, '2025-10-13 10:57:03', '2025-10-13 11:01:05'),
(57, 'google_visible_status', NULL, 'string', 'general', 1, '2025-10-13 10:57:03', '2025-10-20 14:10:26'),
(58, 'facebook_visible_status', NULL, 'string', 'general', 1, '2025-10-13 10:57:03', '2025-10-20 14:09:10'),
(59, 'admin_login_register_image', 'uploads/img/admin-2025-10-13-10-57-03-7915.png', 'string', 'general', 1, '2025-10-13 10:57:03', '2025-10-13 10:57:03'),
(60, 'author_login_register_image', 'uploads/img/author-2025-10-13-10-57-03-4851.png', 'string', 'general', 1, '2025-10-13 10:57:03', '2025-10-13 10:57:03'),
(61, 'google_client_id', '558668706664-rpt5cf4n9s0ms832j9pbamk1s16ikmg7.apps.googleusercontent.com', 'string', 'social_login', 1, '2025-10-13 11:35:03', '2025-10-13 11:35:03'),
(62, 'google_client_secret', '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', 'string', 'social_login', 1, '2025-10-13 11:35:03', '2025-10-13 11:35:03'),
(63, 'google_redirect_url', 'http://zaira.themedox.com/auth/google/callback', 'string', 'social_login', 1, '2025-10-13 11:35:03', '2025-10-13 11:40:14'),
(64, 'facebook_client_id', '1196567012243744', 'string', 'social_login', 1, '2025-10-13 11:35:03', '2025-10-13 11:35:03'),
(65, 'facebook_client_secret', 'd44004103a0d7c4b86add6dffdf9c823', 'string', 'social_login', 1, '2025-10-13 11:35:03', '2025-10-13 11:35:03'),
(66, 'facebook_redirect_url', 'https://zaira.themedox.com/auth/facebook/callback', 'string', 'social_login', 1, '2025-10-13 11:35:03', '2025-10-13 11:38:11'),
(67, 'email_setting', '{\"sender_name\":\"Zaira\",\"sender_email\":\"nayeemali12019@gmail.com\",\"smtp_host\":\"sandbox.smtp.mailtrap.io\",\"smtp_username\":\"8c2968fd2433e5\",\"smtp_password\":\"44590eacb681bc\",\"smtp_port\":2525,\"smtp_encryption\":\"tls\",\"mail_driver\":\"smtp\"}', 'array', 'mail', 1, '2025-10-13 12:15:00', '2025-10-13 12:15:00'),
(68, 'google_recaptcha_key', NULL, 'string', 'general', 1, '2025-10-20 07:38:52', '2025-10-20 07:38:52'),
(69, 'google_recaptcha_secret_key', NULL, 'string', 'general', 1, '2025-10-20 07:38:52', '2025-10-20 07:38:52'),
(70, 'google_recaptcha_visible_status', NULL, 'string', 'general', 1, '2025-10-20 07:38:52', '2025-10-20 07:38:52'),
(71, 'tawk_chat_key', 'https://embed.tawk.to/681c93e042fe20190ebfb9d8/1iqnq3a4a', 'string', 'general', 1, '2025-10-20 07:38:52', '2025-10-20 07:38:52'),
(72, 'tawk_chat_visible_status', NULL, 'string', 'general', 1, '2025-10-20 07:38:52', '2025-10-20 16:26:03'),
(73, 'google_analytic_id', 'G-1234567890', 'string', 'general', 1, '2025-10-20 07:38:52', '2025-10-20 15:47:19'),
(74, 'google_analytic_visible_status', '1', 'string', 'general', 1, '2025-10-20 07:38:52', '2025-10-20 15:47:19'),
(75, 'facebook_pixel_id', '123456789012345', 'string', 'general', 1, '2025-10-20 07:38:52', '2025-10-20 15:47:19'),
(76, 'facebook_pixel_visible_status', '1', 'string', 'general', 1, '2025-10-20 07:38:52', '2025-10-20 15:47:19'),
(77, 'cookie_message', 'Cookies are small text files that are placed on your device (computer, tablet, or mobile) when you visit a website.', 'string', 'general', 1, '2025-10-20 07:40:25', '2025-10-20 07:40:43'),
(78, 'cookie_status', NULL, 'string', 'general', 1, '2025-10-20 07:40:25', '2025-10-23 13:04:03');

-- --------------------------------------------------------

--
-- Table structure for table `site_configurations`
--

CREATE TABLE `site_configurations` (
  `id` bigint(20) UNSIGNED NOT NULL,
  `section_key` varchar(255) NOT NULL,
  `configuration_type` varchar(255) NOT NULL,
  `theme_name` varchar(255) DEFAULT NULL,
  `data_values` longtext CHARACTER SET utf8mb4 COLLATE utf8mb4_bin DEFAULT NULL CHECK (json_valid(`data_values`)),
  `data_translations` longtext CHARACTER SET utf8mb4 COLLATE utf8mb4_bin DEFAULT NULL CHECK (json_valid(`data_translations`)),
  `meta_data` longtext CHARACTER SET utf8mb4 COLLATE utf8mb4_bin DEFAULT NULL CHECK (json_valid(`meta_data`)),
  `language_code` varchar(10) NOT NULL DEFAULT 'en',
  `status` enum('active','inactive','draft') NOT NULL DEFAULT 'active',
  `published_at` timestamp NULL DEFAULT NULL,
  `created_at` timestamp NULL DEFAULT NULL,
  `updated_at` timestamp NULL DEFAULT NULL
) ENGINE=InnoDB DEFAULT CHARSET=utf8mb4 COLLATE=utf8mb4_unicode_ci;

--
-- Dumping data for table `site_configurations`
--

INSERT INTO `site_configurations` (`id`, `section_key`, `configuration_type`, `theme_name`, `data_values`, `data_translations`, `meta_data`, `language_code`, `status`, `published_at`, `created_at`, `updated_at`) VALUES
(1, 'theme1_blog_categories_section', 'content', 'theme1', '{\"title\":\"Our Top Categories\",\"short_description\":\"Browned butter and brown sugar caramelly goodness, crispy edges thick and soft centers and melty little puddles\",\"show_categories\":\"1\"}', '[{\"language_code\":\"en\",\"values\":{\"title\":\"Our Top Categories\",\"short_description\":\"Browned butter and brown sugar caramelly goodness, crispy edges thick and soft centers and melty little puddles\",\"show_categories\":\"1\"},\"updated_at\":\"2025-10-20T05:23:17.573846Z\",\"created_at\":\"2025-09-29T16:17:28.042876Z\"},{\"language_code\":\"ar\",\"values\":{\"title\":\"\\u0623\\u0641\\u0636\\u0644 \\u0641\\u0626\\u0627\\u062a\\u0646\\u0627\",\"short_description\":\"\\u0632\\u0628\\u062f\\u0629 \\u0628\\u0646\\u064a\\u0629 \\u0627\\u0644\\u0644\\u0648\\u0646 \\u0648\\u0633\\u0643\\u0631 \\u0628\\u0646\\u064a \\u0644\\u0630\\u064a\\u0630\\u0627\\u0646\\u060c \\u062d\\u0648\\u0627\\u0641 \\u0645\\u0642\\u0631\\u0645\\u0634\\u0629 \\u0648\\u0645\\u0631\\u0627\\u0643\\u0632 \\u0633\\u0645\\u064a\\u0643\\u0629 \\u0648\\u0646\\u0627\\u0639\\u0645\\u0629 \\u0648\\u0628\\u0631\\u0643 \\u0635\\u063a\\u064a\\u0631\\u0629 \\u0630\\u0627\\u0626\\u0628\\u0629\",\"show_categories\":\"1\"},\"updated_at\":\"2025-10-13T15:22:08.520829Z\",\"created_at\":\"2025-10-13T15:22:08.520907Z\"}]', NULL, 'en', 'active', NULL, '2025-09-29 16:17:28', '2025-10-20 05:23:17'),
(2, 'theme1_ad_banner_one_section', 'content', 'theme1', '{\"sub_title\":\"72% Off\",\"title\":\"Home Appliances\",\"short_description\":\"FOR PERFECT HOME.\",\"banner_image\":\"https:\\/\\/posty-laravel.themedox.com\\/\\/uploads\\/media\\/379\\/banner_image_2025-10-25_04-36-24_b826a1eb.jpg\",\"button_text\":\"Shop Now\",\"button_url\":\"\\/shop\",\"show_ad_banner_one\":\"1\"}', '[{\"language_code\":\"en\",\"values\":{\"sub_title\":\"72% Off\",\"title\":\"Home Appliances\",\"short_description\":\"FOR PERFECT HOME.\",\"banner_image\":\"https:\\/\\/posty-laravel.themedox.com\\/\\/uploads\\/media\\/379\\/banner_image_2025-10-25_04-36-24_b826a1eb.jpg\",\"button_text\":\"Shop Now\",\"button_url\":\"\\/shop\",\"show_ad_banner_one\":\"1\"},\"updated_at\":\"2025-10-25T04:36:24.544154Z\",\"created_at\":\"2025-09-29T16:29:01.171262Z\"},{\"language_code\":\"ar\",\"values\":{\"sub_title\":\"\\u062e\\u0635\\u0645 72%\",\"title\":\"\\u0627\\u0644\\u0623\\u062c\\u0647\\u0632\\u0629 \\u0627\\u0644\\u0645\\u0646\\u0632\\u0644\\u064a\\u0629\",\"short_description\":\"\\u0645\\u0646 \\u0623\\u062c\\u0644 \\u0645\\u0646\\u0632\\u0644 \\u0645\\u062b\\u0627\\u0644\\u064a.\",\"banner_image\":\"https:\\/\\/posty-laravel.themedox.com\\/\\/uploads\\/media\\/379\\/banner_image_2025-10-25_04-36-24_b826a1eb.jpg\",\"button_text\":\"\\u062a\\u0633\\u0648\\u0642 \\u0627\\u0644\\u0622\\u0646\",\"button_url\":\"\\/shop\",\"show_ad_banner_one\":\"1\"},\"updated_at\":\"2025-10-25T05:42:41.692463Z\",\"created_at\":\"2025-10-25T05:42:41.692543Z\"}]', NULL, 'en', 'active', NULL, '2025-09-29 16:29:00', '2025-10-25 05:42:41'),
(4, 'theme1_ad_banner_two_section', 'content', 'theme1', '{\"logo\":\"https:\\/\\/posty-laravel.themedox.com\\/\\/uploads\\/media\\/386\\/logo_2025-10-25_05-11-16_78c1bc3a.png\",\"title\":\"News and Magazine Blog Laravel Script\",\"button_text\":\"Buy Now\",\"button_url\":\"\\/shop\",\"show_ad_banner_two\":\"1\"}', '[{\"language_code\":\"en\",\"values\":{\"logo\":\"https:\\/\\/posty-laravel.themedox.com\\/\\/uploads\\/media\\/386\\/logo_2025-10-25_05-11-16_78c1bc3a.png\",\"title\":\"News and Magazine Blog Laravel Script\",\"button_text\":\"Buy Now\",\"button_url\":\"\\/shop\",\"show_ad_banner_two\":\"1\"},\"updated_at\":\"2025-10-27T13:20:53.022190Z\",\"created_at\":\"2025-09-29T16:30:58.080460Z\"},{\"language_code\":\"ar\",\"values\":{\"logo\":\"https:\\/\\/posty-laravel.themedox.com\\/\\/uploads\\/media\\/386\\/logo_2025-10-25_05-11-16_78c1bc3a.png\",\"title\":\"\\u0645\\u062f\\u0648\\u0646\\u0629 \\u0627\\u0644\\u0623\\u062e\\u0628\\u0627\\u0631 \\u0648\\u0627\\u0644\\u0645\\u062c\\u0644\\u0627\\u062a \\u0628\\u0627\\u0633\\u062a\\u062e\\u062f\\u0627\\u0645 \\u0628\\u0631\\u0646\\u0627\\u0645\\u062c\",\"button_text\":\"\\u0627\\u0634\\u062a\\u0631\\u064a \\u0627\\u0644\\u0622\\u0646\",\"button_url\":\"\\/shop\",\"show_ad_banner_two\":\"1\"},\"updated_at\":\"2025-10-27T13:21:13.041005Z\",\"created_at\":\"2025-10-25T05:45:36.190880Z\"}]', NULL, 'en', 'active', NULL, '2025-09-29 16:30:57', '2025-10-27 13:21:13'),
(5, 'theme1_blog_sidebar_profile_section', 'content', 'theme1', '{\"profile_image\":\"https:\\/\\/posty-laravel.themedox.com\\/\\/uploads\\/media\\/380\\/profile_image_2025-10-25_04-49-25_4a55e37e.png\",\"title\":\"Hello, I&amp;#039;m James\",\"short_description\":\"Lorem ipsum dolor sit amet consectetur. Ut tellus suspendisse nulla aliquam. Risus rutrum tellus eget ultrices pretium.\",\"button_text\":\"About Me\",\"button_url\":\"\\/blog\\/author\\/1\",\"show_sidebar_profile\":\"1\"}', '[{\"language_code\":\"en\",\"values\":{\"profile_image\":\"https:\\/\\/posty-laravel.themedox.com\\/\\/uploads\\/media\\/380\\/profile_image_2025-10-25_04-49-25_4a55e37e.png\",\"title\":\"Hello, I&#039;m James\",\"short_description\":\"Lorem ipsum dolor sit amet consectetur. Ut tellus suspendisse nulla aliquam. Risus rutrum tellus eget ultrices pretium.\",\"button_text\":\"About Me\",\"button_url\":\"\\/blog\\/author\\/1\",\"show_sidebar_profile\":\"1\"},\"updated_at\":\"2025-10-25T04:49:25.352971Z\",\"created_at\":\"2025-09-29T16:42:07.220391Z\"},{\"language_code\":\"ar\",\"values\":{\"profile_image\":\"https:\\/\\/posty-laravel.themedox.com\\/\\/uploads\\/media\\/380\\/profile_image_2025-10-25_04-49-25_4a55e37e.png\",\"title\":\"\\u0645\\u0631\\u062d\\u0628\\u064b\\u0627\\u060c \\u0623\\u0646\\u0627 \\u062c\\u064a\\u0646\\u064a!\",\"short_description\":\"\\u0639\\u0646\\u062f\\u0645\\u0627 \\u0642\\u0627\\u0645 \\u0637\\u0627\\u0628\\u0639 \\u0645\\u062c\\u0647\\u0648\\u0644 \\u0628\\u0623\\u062e\\u0630 \\u0645\\u062c\\u0645\\u0648\\u0639\\u0629 \\u0645\\u0646 \\u0627\\u0644\\u062d\\u0631\\u0648\\u0641 \\u0648\\u0642\\u0627\\u0645 \\u0628\\u062e\\u0644\\u0637\\u0647\\u0627 \\u0644\\u0635\\u0646\\u0639 \\u0643\\u062a\\u0627\\u0628 \\u0639\\u064a\\u0646\\u0627\\u062a \\u0627\\u0644\\u062d\\u0631\\u0648\\u0641.\",\"button_text\":\"\\u0652\\u0639\\u064e\\u0646\\u0651\\u0650\\u064a\",\"button_url\":\"\\/blog\\/author\\/1\",\"show_sidebar_profile\":\"1\"},\"updated_at\":\"2025-10-25T05:47:15.051509Z\",\"created_at\":\"2025-10-13T15:19:17.423110Z\"}]', NULL, 'en', 'active', NULL, '2025-09-29 16:42:06', '2025-10-25 05:47:15'),
(6, 'theme1_blog_subscribe_followers_section', 'content', 'theme1', '{\"title\":\"Subscribe and Followers\",\"facebook_url\":\"https:\\/\\/www.facebook.com\\/\",\"twitter_url\":\"https:\\/\\/x.com\\/\",\"instagram_url\":\"https:\\/\\/www.instagram.com\\/\",\"youtube_url\":\"https:\\/\\/www.youtube.com\\/\",\"linkedin_url\":\"https:\\/\\/www.linkedin.com\\/\",\"pinterest_url\":\"https:\\/\\/www.pinterest.com\\/\",\"show_sidebar_Subscribe_Followers\":\"1\"}', '[{\"language_code\":\"en\",\"values\":{\"title\":\"Subscribe and Followers\",\"facebook_url\":\"https:\\/\\/www.facebook.com\\/\",\"twitter_url\":\"https:\\/\\/x.com\\/\",\"instagram_url\":\"https:\\/\\/www.instagram.com\\/\",\"youtube_url\":\"https:\\/\\/www.youtube.com\\/\",\"linkedin_url\":\"https:\\/\\/www.linkedin.com\\/\",\"pinterest_url\":\"https:\\/\\/www.pinterest.com\\/\",\"show_sidebar_Subscribe_Followers\":\"1\"},\"updated_at\":\"2025-10-09T16:09:59.678588Z\",\"created_at\":\"2025-09-30T09:19:43.871079Z\"},{\"language_code\":\"ar\",\"values\":{\"title\":\"\\u0627\\u0644\\u0627\\u0634\\u062a\\u0631\\u0627\\u0643 \\u0648\\u0627\\u0644\\u0645\\u062a\\u0627\\u0628\\u0639\\u064a\\u0646\",\"facebook_url\":\"https:\\/\\/www.facebook.com\\/\",\"twitter_url\":\"https:\\/\\/x.com\\/\",\"instagram_url\":\"https:\\/\\/www.instagram.com\\/\",\"youtube_url\":\"https:\\/\\/www.youtube.com\\/\",\"linkedin_url\":\"https:\\/\\/www.linkedin.com\\/\",\"pinterest_url\":\"https:\\/\\/www.pinterest.com\\/\",\"show_sidebar_Subscribe_Followers\":\"1\"},\"updated_at\":\"2025-10-13T15:19:48.414000Z\",\"created_at\":\"2025-10-13T15:19:48.414064Z\"}]', NULL, 'en', 'active', NULL, '2025-09-30 09:19:43', '2025-10-13 15:19:48'),
(7, 'theme1_blog_newsletter_section', 'content', 'theme1', '{\"image\":\"https:\\/\\/posty-laravel.themedox.com\\/\\/uploads\\/media\\/388\\/image_2025-10-25_05-27-54_db613dde.png\",\"title\":\"Get the best blog stories into your inbox!\",\"button_text\":\"Subscribe\",\"show_Newsletter\":\"1\"}', '[{\"language_code\":\"en\",\"values\":{\"image\":\"https:\\/\\/posty-laravel.themedox.com\\/\\/uploads\\/media\\/388\\/image_2025-10-25_05-27-54_db613dde.png\",\"title\":\"Get the best blog stories into your inbox!\",\"button_text\":\"Subscribe\",\"show_Newsletter\":\"1\"},\"updated_at\":\"2025-10-25T05:27:54.889323Z\",\"created_at\":\"2025-09-30T09:20:49.372871Z\"},{\"language_code\":\"ar\",\"values\":{\"title\":\"\\u0647\\u0644 \\u062a\\u0631\\u064a\\u062f \\u0627\\u0644\\u062d\\u0635\\u0648\\u0644 \\u0639\\u0644\\u0649 \\u0637\\u0639\\u0627\\u0645 \\u062c\\u062f\\u064a\\u062f \\u064a\\u0648\\u0645\\u064a\\u064b\\u0627\\u061f\",\"button_text\":\"\\u0623\\u0631\\u0633\\u0644 \\u0627\\u0644\\u0622\\u0646\",\"show_Newsletter\":\"1\"},\"updated_at\":\"2025-10-13T15:20:37.855718Z\",\"created_at\":\"2025-10-13T15:20:37.855823Z\"}]', NULL, 'en', 'active', NULL, '2025-09-30 09:20:49', '2025-10-25 05:27:54'),
(8, 'theme1_blog_section_heading_with_action_button_one', 'content', 'theme1', '{\"title\":\"Latest\",\"button_text\":\"View All\",\"button_url\":\"\\/blogs\",\"show_section_title\":\"1\"}', '[{\"language_code\":\"en\",\"values\":{\"title\":\"Latest\",\"button_text\":\"View All\",\"button_url\":\"\\/blogs\",\"show_section_title\":\"1\"},\"updated_at\":\"2025-10-20T05:24:27.536304Z\",\"created_at\":\"2025-09-30T09:21:45.793740Z\"},{\"language_code\":\"ar\",\"values\":{\"title\":\"\\u0623\\u062d\\u062f\\u062b\",\"button_text\":\"\\u0639\\u0631\\u0636 \\u0627\\u0644\\u0643\\u0644\",\"button_url\":\"\\/blogs\",\"show_section_title\":\"1\"},\"updated_at\":\"2025-10-13T15:23:20.467399Z\",\"created_at\":\"2025-10-13T15:23:20.467477Z\"}]', NULL, 'en', 'active', NULL, '2025-09-30 09:21:45', '2025-10-20 05:24:27'),
(10, 'theme1_blog_section_heading_with_action_button_two', 'content', 'theme1', '{\"title\":\"Weekly\",\"button_text\":\"View All\",\"button_url\":\"\\/blogs\",\"show_section_title\":\"1\"}', '[{\"language_code\":\"en\",\"values\":{\"title\":\"Weekly\",\"button_text\":\"View All\",\"button_url\":\"\\/blogs\",\"show_section_title\":\"1\"},\"updated_at\":\"2025-10-13T15:24:17.569180Z\",\"created_at\":\"2025-09-30T12:54:37.031470Z\"},{\"language_code\":\"ar\",\"values\":{\"title\":\"\\u0623\\u0633\\u0628\\u0648\\u0639\\u064a\",\"button_text\":\"\\u0639\\u0631\\u0636 \\u0627\\u0644\\u0643\\u0644\",\"button_url\":\"\\/blogs\",\"show_section_title\":\"1\"},\"updated_at\":\"2025-10-13T15:28:02.881317Z\",\"created_at\":\"2025-10-13T15:24:57.495127Z\"}]', NULL, 'en', 'active', NULL, '2025-09-30 12:54:37', '2025-10-13 15:28:02'),
(11, 'section_heading_with_out_action_button_three', 'content', 'theme1', '{\"title\":\"Trending\",\"show_section_title\":\"1\"}', '[{\"language_code\":\"en\",\"values\":{\"title\":\"Trending\",\"show_section_title\":\"1\"},\"updated_at\":\"2025-10-04T13:16:49.144417Z\",\"created_at\":\"2025-09-30T12:58:13.787383Z\"},{\"language_code\":\"ar\",\"values\":{\"title\":\"\\u0627\\u0644\\u0623\\u0643\\u062b\\u0631 \\u0631\\u0648\\u0627\\u062c\\u064b\\u0627\",\"show_section_title\":\"1\"},\"updated_at\":\"2025-10-13T15:27:52.650421Z\",\"created_at\":\"2025-10-13T15:27:29.128931Z\"}]', NULL, 'en', 'active', NULL, '2025-09-30 12:58:13', '2025-10-13 15:27:52'),
(12, 'section_heading_with_out_action_button_four', 'content', 'theme1', '{\"title\":\"Popular\",\"show_section_title\":\"1\"}', '[{\"language_code\":\"en\",\"values\":{\"title\":\"Popular\",\"show_section_title\":\"1\"},\"updated_at\":\"2025-10-13T15:26:36.479737Z\",\"created_at\":\"2025-09-30T13:50:48.603659Z\"},{\"language_code\":\"ar\",\"values\":{\"title\":\"\\u0634\\u0627\\u0626\\u0639\",\"show_section_title\":\"1\"},\"updated_at\":\"2025-10-13T15:27:07.835884Z\",\"created_at\":\"2025-10-13T15:27:07.835976Z\"}]', NULL, 'en', 'active', NULL, '2025-09-30 13:50:48', '2025-10-13 15:27:07'),
(13, 'theme2_blog_category_section', 'content', 'theme2', '{\"title\":\"Exciting Categories\",\"blog_category_count\":\"\"}', '[{\"language_code\":\"en\",\"values\":{\"title\":\"Exciting Categories\",\"blog_category_count\":\"\"},\"updated_at\":\"2025-09-30T14:38:43.002575Z\",\"created_at\":\"2025-09-30T14:38:43.002658Z\"},{\"language_code\":\"ar\",\"values\":{\"title\":\"\\u0641\\u0626\\u0627\\u062a \\u0645\\u062b\\u064a\\u0631\\u0629\",\"blog_category_count\":\"\"},\"updated_at\":\"2025-10-14T04:33:50.199584Z\",\"created_at\":\"2025-10-14T04:33:50.199651Z\"}]', NULL, 'en', 'active', NULL, '2025-09-30 14:38:43', '2025-10-14 04:33:50'),
(14, 'theme2_ad_banner_top_section', 'content', 'theme2', '{\"banner_image\":\"https:\\/\\/zaira.themedox.com\\/\\/uploads\\/media\\/106\\/banner_image_2025-09-30_14-39-41_65249bf9.jpg\",\"button_url\":\"\\/shop\",\"show_ad_banner\":\"1\"}', '[{\"language_code\":\"en\",\"values\":{\"banner_image\":\"https:\\/\\/zaira.themedox.com\\/\\/uploads\\/media\\/106\\/banner_image_2025-09-30_14-39-41_65249bf9.jpg\",\"button_url\":\"\\/shop\",\"show_ad_banner\":\"1\"},\"updated_at\":\"2025-10-08T15:35:36.086434Z\",\"created_at\":\"2025-09-30T14:39:42.663360Z\"}]', NULL, 'en', 'active', NULL, '2025-09-30 14:39:41', '2025-10-08 15:35:36'),
(15, 'theme2_ad_banner_center_section', 'content', 'theme2', '{\"banner_image\":\"https:\\/\\/zaira.themedox.com\\/\\/uploads\\/media\\/107\\/banner_image_2025-09-30_14-44-44_5b02f051.jpg\",\"button_url\":\"\\/shop\",\"show_ad_banner\":\"1\"}', '[{\"language_code\":\"en\",\"values\":{\"banner_image\":\"https:\\/\\/zaira.themedox.com\\/\\/uploads\\/media\\/107\\/banner_image_2025-09-30_14-44-44_5b02f051.jpg\",\"button_url\":\"\\/shop\",\"show_ad_banner\":\"1\"},\"updated_at\":\"2025-10-08T15:36:06.030580Z\",\"created_at\":\"2025-09-30T14:44:45.266035Z\"}]', NULL, 'en', 'active', NULL, '2025-09-30 14:44:44', '2025-10-08 15:36:06'),
(16, 'theme2_ad_sidebar_banner_section', 'content', 'theme2', '{\"banner_image\":\"https:\\/\\/zaira.themedox.com\\/\\/uploads\\/media\\/108\\/banner_image_2025-09-30_14-45-33_699284cd.jpg\",\"button_url\":\"\\/blog\\/exciting-new-browned-chocolate-gaming-cookies-daily-breakfast\",\"show_ad_banner\":\"1\"}', '[{\"language_code\":\"en\",\"values\":{\"banner_image\":\"https:\\/\\/zaira.themedox.com\\/\\/uploads\\/media\\/108\\/banner_image_2025-09-30_14-45-33_699284cd.jpg\",\"button_url\":\"\\/blog\\/exciting-new-browned-chocolate-gaming-cookies-daily-breakfast\",\"show_ad_banner\":\"1\"},\"updated_at\":\"2025-10-08T15:37:01.005005Z\",\"created_at\":\"2025-09-30T14:45:33.342591Z\"}]', NULL, 'en', 'active', NULL, '2025-09-30 14:45:33', '2025-10-08 15:37:01'),
(17, 'theme2_blog_sidebar_follow_section', 'content', 'theme2', '{\"title\":\"Follow Us\",\"facebook_url\":\"https:\\/\\/www.facebook.com\\/\",\"twitter_url\":\"https:\\/\\/x.com\\/\",\"instagram_url\":\"https:\\/\\/www.instagram.com\\/\",\"youtube_url\":\"https:\\/\\/www.youtube.com\\/\",\"linkedin_url\":\"https:\\/\\/www.linkedin.com\\/\",\"pinterest_url\":\"https:\\/\\/www.pinterest.com\\/\"}', '[{\"language_code\":\"en\",\"values\":{\"title\":\"Follow Us\",\"facebook_url\":\"https:\\/\\/www.facebook.com\\/\",\"twitter_url\":\"https:\\/\\/x.com\\/\",\"instagram_url\":\"https:\\/\\/www.instagram.com\\/\",\"youtube_url\":\"https:\\/\\/www.youtube.com\\/\",\"linkedin_url\":\"https:\\/\\/www.linkedin.com\\/\",\"pinterest_url\":\"https:\\/\\/www.pinterest.com\\/\"},\"updated_at\":\"2025-10-05T05:26:40.334390Z\",\"created_at\":\"2025-09-30T14:46:45.744458Z\"},{\"language_code\":\"ar\",\"values\":{\"title\":\"\\u062a\\u0627\\u0628\\u0639\\u0646\\u0627\",\"facebook_url\":\"https:\\/\\/www.facebook.com\\/\",\"twitter_url\":\"https:\\/\\/x.com\\/\",\"instagram_url\":\"https:\\/\\/www.instagram.com\\/\",\"youtube_url\":\"https:\\/\\/www.youtube.com\\/\",\"linkedin_url\":\"https:\\/\\/www.linkedin.com\\/\",\"pinterest_url\":\"https:\\/\\/www.pinterest.com\\/\"},\"updated_at\":\"2025-10-14T04:34:39.404791Z\",\"created_at\":\"2025-10-14T04:34:39.404884Z\"}]', NULL, 'en', 'active', NULL, '2025-09-30 14:46:45', '2025-10-14 04:34:39'),
(18, 'theme2_blog_sidebar_newsletter_section', 'content', 'theme2', '{\"title\":\"Daily Newsletter\",\"short_description\":\"Get all the top stories from Blogs to keep track.\"}', '[{\"language_code\":\"en\",\"values\":{\"title\":\"Daily Newsletter\",\"short_description\":\"Get all the top stories from Blogs to keep track.\"},\"updated_at\":\"2025-09-30T14:47:24.432731Z\",\"created_at\":\"2025-09-30T14:47:24.432823Z\"},{\"language_code\":\"ar\",\"values\":{\"title\":\"\\u0627\\u0644\\u0646\\u0634\\u0631\\u0629 \\u0627\\u0644\\u0625\\u062e\\u0628\\u0627\\u0631\\u064a\\u0629 \\u0627\\u0644\\u064a\\u0648\\u0645\\u064a\\u0629\",\"short_description\":\"\\u0627\\u062d\\u0635\\u0644 \\u0639\\u0644\\u0649 \\u062c\\u0645\\u064a\\u0639 \\u0627\\u0644\\u0642\\u0635\\u0635 \\u0627\\u0644\\u0645\\u0647\\u0645\\u0629 \\u0645\\u0646 \\u0627\\u0644\\u0645\\u062f\\u0648\\u0646\\u0627\\u062a \\u0644\\u062a\\u062a\\u0628\\u0639\\u0647\\u0627.\"},\"updated_at\":\"2025-10-14T04:35:34.987711Z\",\"created_at\":\"2025-10-14T04:35:34.987802Z\"}]', NULL, 'en', 'active', NULL, '2025-09-30 14:47:24', '2025-10-14 04:35:34'),
(19, 'theme2_blog_newsletter_bottom_section', 'content', 'theme2', '{\"title\":\"Get Our Latest Gaming News And Update\",\"button_text\":\"Submit Now\"}', '[{\"language_code\":\"en\",\"values\":{\"title\":\"Get Our Latest Gaming News And Update\",\"button_text\":\"Submit Now\"},\"updated_at\":\"2025-10-14T04:36:28.831941Z\",\"created_at\":\"2025-09-30T14:48:26.120058Z\"},{\"language_code\":\"ar\",\"values\":{\"title\":\"\\u0627\\u062d\\u0635\\u0644 \\u0639\\u0644\\u0649 \\u0622\\u062e\\u0631 \\u0623\\u062e\\u0628\\u0627\\u0631 \\u0627\\u0644\\u0623\\u0644\\u0639\\u0627\\u0628 \\u0648\\u0627\\u0644\\u062a\\u062d\\u062f\\u064a\\u062b\\u0627\\u062a\",\"button_text\":\"\\u0623\\u0631\\u0633\\u0644 \\u0627\\u0644\\u0622\\u0646\"},\"updated_at\":\"2025-10-14T04:37:10.073718Z\",\"created_at\":\"2025-10-14T04:36:14.070397Z\"}]', NULL, 'en', 'active', NULL, '2025-09-30 14:48:26', '2025-10-14 04:37:10'),
(20, 'theme2_section_heading_title_one', 'content', 'theme2', '{\"title\":\"Today\"}', '[{\"language_code\":\"en\",\"values\":{\"title\":\"Today\"},\"updated_at\":\"2025-10-08T15:38:14.253630Z\",\"created_at\":\"2025-09-30T14:48:59.176894Z\"},{\"language_code\":\"ar\",\"values\":{\"title\":\"\\u0627\\u0644\\u064a\\u0648\\u0645\"},\"updated_at\":\"2025-10-14T04:38:56.495361Z\",\"created_at\":\"2025-10-14T04:38:56.495471Z\"}]', NULL, 'en', 'active', NULL, '2025-09-30 14:48:59', '2025-10-14 04:38:56'),
(21, 'theme2_section_heading_title_two', 'content', 'theme2', '{\"title\":\"Popular\"}', '[{\"language_code\":\"en\",\"values\":{\"title\":\"Popular\"},\"updated_at\":\"2025-09-30T14:49:35.470083Z\",\"created_at\":\"2025-09-30T14:49:35.470168Z\"},{\"language_code\":\"ar\",\"values\":{\"title\":\"\\u0634\\u0627\\u0626\\u0639\"},\"updated_at\":\"2025-10-14T04:39:18.544626Z\",\"created_at\":\"2025-10-14T04:39:18.544717Z\"}]', NULL, 'en', 'active', NULL, '2025-09-30 14:49:35', '2025-10-14 04:39:18'),
(22, 'theme2_section_heading_title_three', 'content', 'theme2', '{\"title\":\"Recent\"}', '[{\"language_code\":\"en\",\"values\":{\"title\":\"Recent\"},\"updated_at\":\"2025-09-30T14:50:08.194782Z\",\"created_at\":\"2025-09-30T14:50:08.194865Z\"},{\"language_code\":\"ar\",\"values\":{\"title\":\"\\u0645\\u0624\\u062e\\u0631\\u064b\\u0627\"},\"updated_at\":\"2025-10-14T04:39:47.530856Z\",\"created_at\":\"2025-10-14T04:39:47.530962Z\"}]', NULL, 'en', 'active', NULL, '2025-09-30 14:50:08', '2025-10-14 04:39:47'),
(23, 'theme2_section_heading_title_four', 'content', 'theme2', '{\"title\":\"Trending\",\"button_text\":\"View All\",\"button_url\":\"\\/blogs\"}', '[{\"language_code\":\"en\",\"values\":{\"title\":\"Trending\",\"button_text\":\"View All\",\"button_url\":\"\\/blogs\"},\"updated_at\":\"2025-10-09T16:13:54.427138Z\",\"created_at\":\"2025-09-30T14:50:59.077976Z\"},{\"language_code\":\"ar\",\"values\":{\"title\":\"\\u0627\\u0644\\u0623\\u0643\\u062b\\u0631 \\u0631\\u0648\\u0627\\u062c\\u064b\\u0627\",\"button_text\":\"\\u0639\\u0631\\u0636 \\u0627\\u0644\\u0643\\u0644\",\"button_url\":\"\\/blogs\"},\"updated_at\":\"2025-10-14T04:40:37.550119Z\",\"created_at\":\"2025-10-14T04:40:37.550234Z\"}]', NULL, 'en', 'active', NULL, '2025-09-30 14:50:59', '2025-10-14 04:40:37'),
(24, 'theme2_section_heading_title_five', 'content', 'theme2', '{\"title\":\"Weekly\"}', '[{\"language_code\":\"en\",\"values\":{\"title\":\"Weekly\"},\"updated_at\":\"2025-09-30T14:51:40.509119Z\",\"created_at\":\"2025-09-30T14:51:40.509183Z\"},{\"language_code\":\"ar\",\"values\":{\"title\":\"\\u0623\\u0633\\u0628\\u0648\\u0639\\u064a\"},\"updated_at\":\"2025-10-14T04:41:04.861943Z\",\"created_at\":\"2025-10-14T04:41:04.862037Z\"}]', NULL, 'en', 'active', NULL, '2025-09-30 14:51:40', '2025-10-14 04:41:04'),
(25, 'theme2_section_heading_title_six', 'content', 'theme2', '{\"title\":\"Hot\"}', '[{\"language_code\":\"en\",\"values\":{\"title\":\"Hot\"},\"updated_at\":\"2025-09-30T14:52:12.489606Z\",\"created_at\":\"2025-09-30T14:52:12.489680Z\"},{\"language_code\":\"ar\",\"values\":{\"title\":\"\\u062d\\u0627\\u0631\"},\"updated_at\":\"2025-10-14T04:41:23.499363Z\",\"created_at\":\"2025-10-14T04:41:23.499445Z\"}]', NULL, 'en', 'active', NULL, '2025-09-30 14:52:12', '2025-10-14 04:41:23'),
(26, 'theme3_blog_sidebar_category_section', 'content', 'theme3', '{\"title\":\"Hot Categories\",\"blog_category_count\":\"\"}', '[{\"language_code\":\"en\",\"values\":{\"title\":\"Hot Categories\",\"blog_category_count\":\"\"},\"updated_at\":\"2025-09-30T15:59:13.992877Z\",\"created_at\":\"2025-09-30T15:59:13.992952Z\"},{\"language_code\":\"ar\",\"values\":{\"title\":\"\\u0627\\u0644\\u0641\\u0626\\u0627\\u062a \\u0627\\u0644\\u0633\\u0627\\u062e\\u0646\\u0629\",\"blog_category_count\":\"\"},\"updated_at\":\"2025-10-14T04:46:29.192950Z\",\"created_at\":\"2025-10-14T04:46:29.193040Z\"}]', NULL, 'en', 'active', NULL, '2025-09-30 15:59:13', '2025-10-14 04:46:29'),
(27, 'theme3_blog_subscribe_followers_section', 'content', 'theme3', '{\"title\":\"Subscribe and Followers\",\"facebook_url\":\"https:\\/\\/www.facebook.com\\/\",\"twitter_url\":\"https:\\/\\/x.com\\/\",\"instagram_url\":\"https:\\/\\/www.instagram.com\\/\",\"youtube_url\":\"https:\\/\\/www.youtube.com\\/\",\"linkedin_url\":\"https:\\/\\/www.linkedin.com\\/\",\"pinterest_url\":\"https:\\/\\/www.pinterest.com\\/\"}', '[{\"language_code\":\"en\",\"values\":{\"title\":\"Subscribe and Followers\",\"facebook_url\":\"https:\\/\\/www.facebook.com\\/\",\"twitter_url\":\"https:\\/\\/x.com\\/\",\"instagram_url\":\"https:\\/\\/www.instagram.com\\/\",\"youtube_url\":\"https:\\/\\/www.youtube.com\\/\",\"linkedin_url\":\"https:\\/\\/www.linkedin.com\\/\",\"pinterest_url\":\"https:\\/\\/www.pinterest.com\\/\"},\"updated_at\":\"2025-10-09T16:12:36.500476Z\",\"created_at\":\"2025-09-30T16:03:05.916941Z\"},{\"language_code\":\"ar\",\"values\":{\"title\":\"\\u0627\\u0644\\u0627\\u0634\\u062a\\u0631\\u0627\\u0643 \\u0648\\u0627\\u0644\\u0645\\u062a\\u0627\\u0628\\u0639\\u064a\\u0646\",\"facebook_url\":\"https:\\/\\/www.facebook.com\\/\",\"twitter_url\":\"https:\\/\\/x.com\\/\",\"instagram_url\":\"https:\\/\\/www.instagram.com\\/\",\"youtube_url\":\"https:\\/\\/www.youtube.com\\/\",\"linkedin_url\":\"https:\\/\\/www.linkedin.com\\/\",\"pinterest_url\":\"https:\\/\\/www.pinterest.com\\/\"},\"updated_at\":\"2025-10-14T04:48:38.532300Z\",\"created_at\":\"2025-10-14T04:48:38.532417Z\"}]', NULL, 'en', 'active', NULL, '2025-09-30 16:03:05', '2025-10-14 04:48:38'),
(28, 'theme3_blog_sidebar_newsletter_section', 'content', 'theme3', '{\"title\":\"Daily Newsletter\",\"short_description\":\"Get all the top stories from Blogs to keep track.\"}', '[{\"language_code\":\"en\",\"values\":{\"title\":\"Daily Newsletter\",\"short_description\":\"Get all the top stories from Blogs to keep track.\"},\"updated_at\":\"2025-09-30T16:03:52.905075Z\",\"created_at\":\"2025-09-30T16:03:52.905153Z\"},{\"language_code\":\"ar\",\"values\":{\"title\":\"\\u0627\\u0644\\u0646\\u0634\\u0631\\u0629 \\u0627\\u0644\\u0625\\u062e\\u0628\\u0627\\u0631\\u064a\\u0629 \\u0627\\u0644\\u064a\\u0648\\u0645\\u064a\\u0629\",\"short_description\":\"\\u0627\\u062d\\u0635\\u0644 \\u0639\\u0644\\u0649 \\u062c\\u0645\\u064a\\u0639 \\u0627\\u0644\\u0642\\u0635\\u0635 \\u0627\\u0644\\u0645\\u0647\\u0645\\u0629 \\u0645\\u0646 \\u0627\\u0644\\u0645\\u062f\\u0648\\u0646\\u0627\\u062a \\u0644\\u062a\\u062a\\u0628\\u0639\\u0647\\u0627.\"},\"updated_at\":\"2025-10-14T04:50:11.961162Z\",\"created_at\":\"2025-10-14T04:50:11.961283Z\"}]', NULL, 'en', 'active', NULL, '2025-09-30 16:03:52', '2025-10-14 04:50:11'),
(29, 'theme3_ad_banner_top_section', 'content', 'theme3', '{\"banner_image\":\"https:\\/\\/zaira.themedox.com\\/\\/uploads\\/media\\/114\\/banner_image_2025-09-30_16-04-47_1bd439bb.jpg\",\"button_url\":\"\\/blog\\/effective-for-everyday-meetings-phone\",\"show_ad_banner\":\"1\"}', '[{\"language_code\":\"en\",\"values\":{\"banner_image\":\"https:\\/\\/zaira.themedox.com\\/\\/uploads\\/media\\/114\\/banner_image_2025-09-30_16-04-47_1bd439bb.jpg\",\"button_url\":\"\\/blog\\/effective-for-everyday-meetings-phone\",\"show_ad_banner\":\"1\"},\"updated_at\":\"2025-10-08T15:50:15.403226Z\",\"created_at\":\"2025-09-30T16:04:48.056526Z\"}]', NULL, 'en', 'active', NULL, '2025-09-30 16:04:47', '2025-10-08 15:50:15'),
(30, 'theme3_ad_banner_center_section', 'content', 'theme3', '{\"banner_image\":\"https:\\/\\/zaira.themedox.com\\/\\/uploads\\/media\\/115\\/banner_image_2025-09-30_16-06-01_ed12bbe7.jpg\",\"button_url\":\"\\/blog\\/camera-one-pan-baked-sausage-and-lentils\",\"show_ad_banner\":\"1\"}', '[{\"language_code\":\"en\",\"values\":{\"banner_image\":\"https:\\/\\/zaira.themedox.com\\/\\/uploads\\/media\\/115\\/banner_image_2025-09-30_16-06-01_ed12bbe7.jpg\",\"button_url\":\"\\/blog\\/camera-one-pan-baked-sausage-and-lentils\",\"show_ad_banner\":\"1\"},\"updated_at\":\"2025-10-08T15:49:44.579766Z\",\"created_at\":\"2025-09-30T16:06:02.012226Z\"}]', NULL, 'en', 'active', NULL, '2025-09-30 16:06:01', '2025-10-08 15:49:44'),
(31, 'theme3_ad_banner_bottom_section', 'content', 'theme3', '{\"banner_image\":\"https:\\/\\/zaira.themedox.com\\/\\/uploads\\/media\\/116\\/banner_image_2025-09-30_16-06-38_94530140.jpg\",\"button_url\":\"\\/shop\",\"show_ad_banner\":\"1\"}', '[{\"language_code\":\"en\",\"values\":{\"banner_image\":\"https:\\/\\/zaira.themedox.com\\/\\/uploads\\/media\\/116\\/banner_image_2025-09-30_16-06-38_94530140.jpg\",\"button_url\":\"\\/shop\",\"show_ad_banner\":\"1\"},\"updated_at\":\"2025-10-08T15:50:27.443532Z\",\"created_at\":\"2025-09-30T16:06:38.817044Z\"}]', NULL, 'en', 'active', NULL, '2025-09-30 16:06:38', '2025-10-08 15:50:27'),
(32, 'theme3_ad_sidebar_img_section', 'content', 'theme3', '{\"banner_image\":\"https:\\/\\/zaira.themedox.com\\/\\/uploads\\/media\\/117\\/banner_image_2025-09-30_16-08-05_18fb0b45.jpg\",\"button_url\":\"\\/shop\",\"show_ad_banner\":\"1\"}', '[{\"language_code\":\"en\",\"values\":{\"banner_image\":\"https:\\/\\/zaira.themedox.com\\/\\/uploads\\/media\\/117\\/banner_image_2025-09-30_16-08-05_18fb0b45.jpg\",\"button_url\":\"\\/shop\",\"show_ad_banner\":\"1\"},\"updated_at\":\"2025-10-08T15:50:53.290828Z\",\"created_at\":\"2025-09-30T16:08:05.899897Z\"}]', NULL, 'en', 'active', NULL, '2025-09-30 16:08:05', '2025-10-08 15:50:53'),
(35, 'theme3_blog_newsletter_bottom_section', 'content', 'theme3', '{\"title\":\"Get Our Latest News and Update\",\"button_text\":\"Submit Now\",\"facebook_url\":\"https:\\/\\/www.facebook.com\\/\",\"twitter_url\":\"https:\\/\\/x.com\\/\",\"instagram_url\":\"https:\\/\\/www.instagram.com\\/\",\"linkedin_url\":\"https:\\/\\/www.linkedin.com\\/\"}', '[{\"language_code\":\"en\",\"values\":{\"title\":\"Get Our Latest News and Update\",\"button_text\":\"Submit Now\",\"facebook_url\":\"https:\\/\\/www.facebook.com\\/\",\"twitter_url\":\"https:\\/\\/x.com\\/\",\"instagram_url\":\"https:\\/\\/www.instagram.com\\/\",\"linkedin_url\":\"https:\\/\\/www.linkedin.com\\/\"},\"updated_at\":\"2025-10-09T16:13:19.633707Z\",\"created_at\":\"2025-09-30T16:15:52.397868Z\"},{\"language_code\":\"ar\",\"values\":{\"title\":\"\\u0627\\u062d\\u0635\\u0644 \\u0639\\u0644\\u0649 \\u0622\\u062e\\u0631 \\u0623\\u062e\\u0628\\u0627\\u0631\\u0646\\u0627 \\u0648\\u062a\\u062d\\u062f\\u064a\\u062b\\u0627\\u062a\\u0646\\u0627\",\"button_text\":\"\\u0623\\u0631\\u0633\\u0644 \\u0627\\u0644\\u0622\\u0646\",\"facebook_url\":\"https:\\/\\/www.facebook.com\\/\",\"twitter_url\":\"https:\\/\\/x.com\\/\",\"instagram_url\":\"https:\\/\\/www.instagram.com\\/\",\"linkedin_url\":\"https:\\/\\/www.linkedin.com\\/\"},\"updated_at\":\"2025-10-14T04:50:57.656760Z\",\"created_at\":\"2025-10-14T04:50:57.656845Z\"}]', NULL, 'en', 'active', NULL, '2025-09-30 16:15:52', '2025-10-14 04:50:57'),
(36, 'theme3_section_heading_title_one', 'content', 'theme3', '{\"title\":\"Weekly\"}', '[{\"language_code\":\"en\",\"values\":{\"title\":\"Weekly\"},\"updated_at\":\"2025-09-30T16:17:33.736550Z\",\"created_at\":\"2025-09-30T16:17:33.736620Z\"},{\"language_code\":\"ar\",\"values\":{\"title\":\"\\u0623\\u0633\\u0628\\u0648\\u0639\\u064a\"},\"updated_at\":\"2025-10-14T04:51:59.317662Z\",\"created_at\":\"2025-10-14T04:51:59.317749Z\"}]', NULL, 'en', 'active', NULL, '2025-09-30 16:17:33', '2025-10-14 04:51:59'),
(37, 'theme3_section_heading_title_two', 'content', 'theme3', '{\"title\":\"Recent\",\"button_text\":\"View All\",\"button_url\":\"\\/blogs\"}', '[{\"language_code\":\"en\",\"values\":{\"title\":\"Recent\",\"button_text\":\"View All\",\"button_url\":\"\\/blogs\"},\"updated_at\":\"2025-10-08T15:52:31.969654Z\",\"created_at\":\"2025-09-30T16:17:45.976046Z\"},{\"language_code\":\"ar\",\"values\":{\"title\":\"\\u0645\\u0624\\u062e\\u0631\\u064b\\u0627\",\"button_text\":\"\\u0639\\u0631\\u0636 \\u0627\\u0644\\u0643\\u0644\",\"button_url\":\"\\/blogs\"},\"updated_at\":\"2025-10-14T04:53:17.987405Z\",\"created_at\":\"2025-10-14T04:53:17.987515Z\"}]', NULL, 'en', 'active', NULL, '2025-09-30 16:17:45', '2025-10-14 04:53:17'),
(38, 'theme3_section_heading_title_three', 'content', 'theme3', '{\"title\":\"Trending\",\"button_text\":\"View All\",\"button_url\":\"\\/blogs\"}', '[{\"language_code\":\"en\",\"values\":{\"title\":\"Trending\",\"button_text\":\"View All\",\"button_url\":\"\\/blogs\"},\"updated_at\":\"2025-10-08T15:52:50.425099Z\",\"created_at\":\"2025-09-30T16:18:04.116778Z\"},{\"language_code\":\"ar\",\"values\":{\"title\":\"\\u0627\\u0644\\u0623\\u0643\\u062b\\u0631 \\u0631\\u0648\\u0627\\u062c\\u064b\\u0627\",\"button_text\":\"\\u0639\\u0631\\u0636 \\u0627\\u0644\\u0643\\u0644\",\"button_url\":\"\\/blogs\"},\"updated_at\":\"2025-10-14T04:53:50.862930Z\",\"created_at\":\"2025-10-14T04:53:50.863018Z\"}]', NULL, 'en', 'active', NULL, '2025-09-30 16:18:04', '2025-10-14 04:53:50'),
(39, 'theme3_section_heading_title_four', 'content', 'theme3', '{\"title\":\"Popular\"}', '[{\"language_code\":\"en\",\"values\":{\"title\":\"Popular\"},\"updated_at\":\"2025-09-30T16:18:17.557421Z\",\"created_at\":\"2025-09-30T16:18:17.557490Z\"},{\"language_code\":\"ar\",\"values\":{\"title\":\"\\u0634\\u0627\\u0626\\u0639\"},\"updated_at\":\"2025-10-14T04:54:11.363502Z\",\"created_at\":\"2025-10-14T04:54:11.363589Z\"}]', NULL, 'en', 'active', NULL, '2025-09-30 16:18:17', '2025-10-14 04:54:11'),
(40, 'theme3_section_heading_title_five', 'content', 'theme3', '{\"title\":\"Featured\"}', '[{\"language_code\":\"en\",\"values\":{\"title\":\"Featured\"},\"updated_at\":\"2025-09-30T16:18:28.659640Z\",\"created_at\":\"2025-09-30T16:18:28.659713Z\"},{\"language_code\":\"ar\",\"values\":{\"title\":\"\\u0645\\u0645\\u064a\\u0632\"},\"updated_at\":\"2025-10-14T04:54:32.626089Z\",\"created_at\":\"2025-10-14T04:54:32.626206Z\"}]', NULL, 'en', 'active', NULL, '2025-09-30 16:18:28', '2025-10-14 04:54:32'),
(41, 'theme3_section_heading_title_six', 'content', 'theme3', '{\"title\":\"Hot\",\"button_text\":\"View All\",\"button_url\":\"\\/blogs\"}', '[{\"language_code\":\"en\",\"values\":{\"title\":\"Hot\",\"button_text\":\"View All\",\"button_url\":\"\\/blogs\"},\"updated_at\":\"2025-10-08T15:54:37.534908Z\",\"created_at\":\"2025-09-30T16:18:42.161058Z\"},{\"language_code\":\"ar\",\"values\":{\"title\":\"\\u062d\\u0627\\u0631\",\"button_text\":\"\\u0639\\u0631\\u0636 \\u0627\\u0644\\u0643\\u0644\",\"button_url\":\"\\/blogs\"},\"updated_at\":\"2025-10-14T04:55:06.918682Z\",\"created_at\":\"2025-10-14T04:55:06.918774Z\"}]', NULL, 'en', 'active', NULL, '2025-09-30 16:18:42', '2025-10-14 04:55:06'),
(43, 'theme4_ad_banner_top_section', 'content', 'theme4', '{\"banner_image\":\"https:\\/\\/zaira.themedox.com\\/\\/uploads\\/media\\/229\\/banner_image_2025-10-06_14-47-41_05f9c89e.jpg\",\"button_url\":\"\\/blog\\/global-tourism-on-the-rise-again-after-record-breaking-summer\",\"show_ad_banner\":\"1\"}', '[{\"language_code\":\"en\",\"values\":{\"banner_image\":\"https:\\/\\/zaira.themedox.com\\/\\/uploads\\/media\\/229\\/banner_image_2025-10-06_14-47-41_05f9c89e.jpg\",\"button_url\":\"\\/blog\\/global-tourism-on-the-rise-again-after-record-breaking-summer\",\"show_ad_banner\":\"1\"},\"updated_at\":\"2025-10-09T16:05:02.214010Z\",\"created_at\":\"2025-10-01T05:08:20.906530Z\"}]', NULL, 'en', 'active', NULL, '2025-10-01 05:08:20', '2025-10-09 16:05:02'),
(44, 'theme4_ad_banner_bottom_section', 'content', 'theme4', '{\"banner_image\":\"https:\\/\\/zaira.themedox.com\\/\\/uploads\\/media\\/120\\/banner_image_2025-10-01_05-09-33_3dbaff8e.jpg\",\"button_url\":\"\\/blog\\/how-to-design-an-effective-for-user-onboarding-flow\",\"show_ad_banner\":\"1\"}', '[{\"language_code\":\"en\",\"values\":{\"banner_image\":\"https:\\/\\/zaira.themedox.com\\/\\/uploads\\/media\\/120\\/banner_image_2025-10-01_05-09-33_3dbaff8e.jpg\",\"button_url\":\"\\/blog\\/how-to-design-an-effective-for-user-onboarding-flow\",\"show_ad_banner\":\"1\"},\"updated_at\":\"2025-10-08T16:14:42.483568Z\",\"created_at\":\"2025-10-01T05:09:34.396223Z\"}]', NULL, 'en', 'active', NULL, '2025-10-01 05:09:33', '2025-10-08 16:14:42'),
(45, 'theme4_ad_sidebar_img_section', 'content', 'theme4', '{\"banner_image\":\"https:\\/\\/zaira.themedox.com\\/\\/uploads\\/media\\/121\\/banner_image_2025-10-01_05-10-06_d174591f.jpg\",\"button_url\":\"\\/shop\",\"show_ad_banner\":\"1\"}', '[{\"language_code\":\"en\",\"values\":{\"banner_image\":\"https:\\/\\/zaira.themedox.com\\/\\/uploads\\/media\\/121\\/banner_image_2025-10-01_05-10-06_d174591f.jpg\",\"button_url\":\"\\/shop\",\"show_ad_banner\":\"1\"},\"updated_at\":\"2025-10-08T16:15:15.719487Z\",\"created_at\":\"2025-10-01T05:10:06.914572Z\"}]', NULL, 'en', 'active', NULL, '2025-10-01 05:10:06', '2025-10-08 16:15:15'),
(46, 'theme4_blog_sidebar_profile_section', 'content', 'theme4', '{\"profile_image\":\"https:\\/\\/zaira.themedox.com\\/\\/uploads\\/media\\/122\\/profile_image_2025-10-01_05-11-34_26be672b.png\",\"title\":\"Kelly Rosse\",\"short_description\":\"myhen an unknown printer took Ahen known printer toalley etype specimen book.\",\"facebook_url\":\"https:\\/\\/www.facebook.com\\/\",\"twitter_url\":\"https:\\/\\/x.com\\/\",\"instagram_url\":\"https:\\/\\/www.instagram.com\\/\",\"youtube_url\":\"https:\\/\\/www.youtube.com\\/\"}', '[{\"language_code\":\"en\",\"values\":{\"profile_image\":\"https:\\/\\/zaira.themedox.com\\/\\/uploads\\/media\\/122\\/profile_image_2025-10-01_05-11-34_26be672b.png\",\"title\":\"Kelly Rosse\",\"short_description\":\"myhen an unknown printer took Ahen known printer toalley etype specimen book.\",\"facebook_url\":\"https:\\/\\/www.facebook.com\\/\",\"twitter_url\":\"https:\\/\\/x.com\\/\",\"instagram_url\":\"https:\\/\\/www.instagram.com\\/\",\"youtube_url\":\"https:\\/\\/www.youtube.com\\/\"},\"updated_at\":\"2025-10-09T16:03:17.885073Z\",\"created_at\":\"2025-10-01T05:11:35.029635Z\"},{\"language_code\":\"ar\",\"values\":{\"profile_image\":\"https:\\/\\/zaira.themedox.com\\/\\/uploads\\/media\\/122\\/profile_image_2025-10-01_05-11-34_26be672b.png\",\"title\":\"\\u0643\\u064a\\u0644\\u064a \\u0631\\u0648\\u0633\",\"short_description\":\"\\u0639\\u0646\\u062f\\u0645\\u0627 \\u0623\\u062e\\u0630 \\u0637\\u0627\\u0628\\u0639 \\u063a\\u064a\\u0631 \\u0645\\u0639\\u0631\\u0648\\u0641 \\u0643\\u062a\\u0627\\u0628 \\u0639\\u064a\\u0646\\u0629 \\u0645\\u0646 \\u0646\\u0648\\u0639.\",\"facebook_url\":\"https:\\/\\/www.facebook.com\\/\",\"twitter_url\":\"https:\\/\\/x.com\\/\",\"instagram_url\":\"https:\\/\\/www.instagram.com\\/\",\"youtube_url\":\"https:\\/\\/www.youtube.com\\/\"},\"updated_at\":\"2025-10-14T05:00:37.688378Z\",\"created_at\":\"2025-10-14T05:00:04.979987Z\"}]', NULL, 'en', 'active', NULL, '2025-10-01 05:11:34', '2025-10-14 05:00:37'),
(47, 'theme4_blog_subscribe_followers_section', 'content', 'theme4', '{\"title\":\"Subscribe and Followers\",\"facebook_url\":\"https:\\/\\/www.facebook.com\\/\",\"twitter_url\":\"https:\\/\\/x.com\\/\",\"instagram_url\":\"https:\\/\\/www.instagram.com\\/\",\"youtube_url\":\"https:\\/\\/www.youtube.com\\/\",\"linkedin_url\":\"https:\\/\\/www.linkedin.com\\/\",\"pinterest_url\":\"https:\\/\\/www.pinterest.com\\/\"}', '[{\"language_code\":\"en\",\"values\":{\"title\":\"Subscribe and Followers\",\"facebook_url\":\"https:\\/\\/www.facebook.com\\/\",\"twitter_url\":\"https:\\/\\/x.com\\/\",\"instagram_url\":\"https:\\/\\/www.instagram.com\\/\",\"youtube_url\":\"https:\\/\\/www.youtube.com\\/\",\"linkedin_url\":\"https:\\/\\/www.linkedin.com\\/\",\"pinterest_url\":\"https:\\/\\/www.pinterest.com\\/\"},\"updated_at\":\"2025-10-09T15:51:45.363496Z\",\"created_at\":\"2025-10-01T05:12:09.132444Z\"},{\"language_code\":\"ar\",\"values\":{\"title\":\"\\u0627\\u0644\\u0627\\u0634\\u062a\\u0631\\u0627\\u0643 \\u0648\\u0627\\u0644\\u0645\\u062a\\u0627\\u0628\\u0639\\u064a\\u0646\",\"facebook_url\":\"https:\\/\\/www.facebook.com\\/\",\"twitter_url\":\"https:\\/\\/x.com\\/\",\"instagram_url\":\"https:\\/\\/www.instagram.com\\/\",\"youtube_url\":\"https:\\/\\/www.youtube.com\\/\",\"linkedin_url\":\"https:\\/\\/www.linkedin.com\\/\",\"pinterest_url\":\"https:\\/\\/www.pinterest.com\\/\"},\"updated_at\":\"2025-10-14T05:00:45.776240Z\",\"created_at\":\"2025-10-14T05:00:45.776322Z\"}]', NULL, 'en', 'active', NULL, '2025-10-01 05:12:09', '2025-10-14 05:00:45'),
(48, 'theme4_blog_sidebar_newsletter_section', 'content', 'theme4', '{\"title\":\"Daily Newsletter\",\"short_description\":\"Get all the top stories from Blogs to keep track.\",\"button_text\":\"Subscribe Now\"}', '[{\"language_code\":\"en\",\"values\":{\"title\":\"Daily Newsletter\",\"short_description\":\"Get all the top stories from Blogs to keep track.\",\"button_text\":\"Subscribe Now\"},\"updated_at\":\"2025-10-01T05:13:01.452281Z\",\"created_at\":\"2025-10-01T05:13:01.452370Z\"},{\"language_code\":\"ar\",\"values\":{\"title\":\"\\u0627\\u0644\\u0646\\u0634\\u0631\\u0629 \\u0627\\u0644\\u0625\\u062e\\u0628\\u0627\\u0631\\u064a\\u0629 \\u0627\\u0644\\u064a\\u0648\\u0645\\u064a\\u0629\",\"short_description\":\"\\u0627\\u062d\\u0635\\u0644 \\u0639\\u0644\\u0649 \\u062c\\u0645\\u064a\\u0639 \\u0627\\u0644\\u0642\\u0635\\u0635 \\u0627\\u0644\\u0645\\u0647\\u0645\\u0629 \\u0645\\u0646 \\u0627\\u0644\\u0645\\u062f\\u0648\\u0646\\u0627\\u062a \\u0644\\u062a\\u062a\\u0628\\u0639\\u0647\\u0627.\",\"button_text\":\"Subscribe Now\"},\"updated_at\":\"2025-10-14T05:01:17.513807Z\",\"created_at\":\"2025-10-14T05:01:17.513919Z\"}]', NULL, 'en', 'active', NULL, '2025-10-01 05:13:01', '2025-10-14 05:01:17'),
(49, 'theme4_section_heading_title_one', 'content', 'theme4', '{\"title\":\"Latest\",\"button_text\":\"View All\",\"button_url\":\"\\/blogs\"}', '[{\"language_code\":\"en\",\"values\":{\"title\":\"Latest\",\"button_text\":\"View All\",\"button_url\":\"\\/blogs\"},\"updated_at\":\"2025-10-06T14:48:47.967217Z\",\"created_at\":\"2025-10-01T05:13:23.609599Z\"},{\"language_code\":\"ar\",\"values\":{\"title\":\"\\u0623\\u062d\\u062f\\u062b\",\"button_text\":\"\\u0639\\u0631\\u0636 \\u0627\\u0644\\u0643\\u0644\",\"button_url\":\"\\/blogs\"},\"updated_at\":\"2025-10-14T05:01:55.847361Z\",\"created_at\":\"2025-10-14T05:01:55.847467Z\"}]', NULL, 'en', 'active', NULL, '2025-10-01 05:13:23', '2025-10-14 05:01:55'),
(50, 'theme4_section_heading_title_two', 'content', 'theme4', '{\"title\":\"Trending\",\"button_text\":\"View All\",\"button_url\":\"\\/blogs\"}', '[{\"language_code\":\"en\",\"values\":{\"title\":\"Trending\",\"button_text\":\"View All\",\"button_url\":\"\\/blogs\"},\"updated_at\":\"2025-10-06T14:49:01.821644Z\",\"created_at\":\"2025-10-01T05:13:48.398319Z\"},{\"language_code\":\"ar\",\"values\":{\"title\":\"\\u0627\\u0644\\u0623\\u0643\\u062b\\u0631 \\u0631\\u0648\\u0627\\u062c\\u064b\\u0627\",\"button_text\":\"\\u0639\\u0631\\u0636 \\u0627\\u0644\\u0643\\u0644\",\"button_url\":\"\\/blogs\"},\"updated_at\":\"2025-10-14T05:03:20.890442Z\",\"created_at\":\"2025-10-14T05:03:20.890517Z\"}]', NULL, 'en', 'active', NULL, '2025-10-01 05:13:48', '2025-10-14 05:03:20'),
(51, 'theme4_section_heading_title_three', 'content', 'theme4', '{\"title\":\"Weekly\",\"button_text\":\"View All\",\"button_url\":\"\\/blogs\"}', '[{\"language_code\":\"en\",\"values\":{\"title\":\"Weekly\",\"button_text\":\"View All\",\"button_url\":\"\\/blogs\"},\"updated_at\":\"2025-10-08T16:17:48.133662Z\",\"created_at\":\"2025-10-01T05:14:09.205437Z\"},{\"language_code\":\"ar\",\"values\":{\"title\":\"\\u0634\\u0627\\u0626\\u0639\",\"button_text\":\"\\u0639\\u0631\\u0636 \\u0627\\u0644\\u0643\\u0644\",\"button_url\":\"\\/blogs\"},\"updated_at\":\"2025-10-14T05:04:47.227232Z\",\"created_at\":\"2025-10-14T05:04:47.227323Z\"}]', NULL, 'en', 'active', NULL, '2025-10-01 05:14:09', '2025-10-14 05:04:47'),
(52, 'theme4_section_heading_title_four', 'content', 'theme4', '{\"title\":\"Popular\"}', '[{\"language_code\":\"en\",\"values\":{\"title\":\"Popular\"},\"updated_at\":\"2025-10-01T05:14:30.656869Z\",\"created_at\":\"2025-10-01T05:14:30.656934Z\"},{\"language_code\":\"ar\",\"values\":{\"title\":\"\\u0634\\u0627\\u0626\\u0639\"},\"updated_at\":\"2025-10-14T05:05:15.329704Z\",\"created_at\":\"2025-10-14T05:05:15.329815Z\"}]', NULL, 'en', 'active', NULL, '2025-10-01 05:14:30', '2025-10-14 05:05:15'),
(53, 'theme6_ad_banner_top_section', 'content', 'theme6', '{\"banner_image\":\"https:\\/\\/zaira.themedox.com\\/\\/uploads\\/media\\/123\\/banner_image_2025-10-01_09-01-57_e2e2f81e.jpg\",\"button_url\":\"\\/blog\\/banks-warned-to-stay-alert-for-russian-jobs-related-threats\",\"show_ad_banner\":\"1\"}', '[{\"language_code\":\"en\",\"values\":{\"banner_image\":\"https:\\/\\/zaira.themedox.com\\/\\/uploads\\/media\\/123\\/banner_image_2025-10-01_09-01-57_e2e2f81e.jpg\",\"button_url\":\"\\/blog\\/banks-warned-to-stay-alert-for-russian-jobs-related-threats\",\"show_ad_banner\":\"1\"},\"updated_at\":\"2025-10-08T17:36:53.819379Z\",\"created_at\":\"2025-10-01T09:01:58.715910Z\"}]', NULL, 'en', 'active', NULL, '2025-10-01 09:01:57', '2025-10-08 17:36:53'),
(54, 'theme6_ad_banner_center_section', 'content', 'theme6', '{\"banner_image\":\"https:\\/\\/zaira.themedox.com\\/\\/uploads\\/media\\/124\\/banner_image_2025-10-01_09-02-26_61bef16d.jpg\",\"button_url\":\"\\/blog\\/awersing-instagram-tawo-promote-your\",\"show_ad_banner\":\"1\"}', '[{\"language_code\":\"en\",\"values\":{\"banner_image\":\"https:\\/\\/zaira.themedox.com\\/\\/uploads\\/media\\/124\\/banner_image_2025-10-01_09-02-26_61bef16d.jpg\",\"button_url\":\"\\/blog\\/awersing-instagram-tawo-promote-your\",\"show_ad_banner\":\"1\"},\"updated_at\":\"2025-10-08T17:37:23.967106Z\",\"created_at\":\"2025-10-01T09:02:27.416537Z\"}]', NULL, 'en', 'active', NULL, '2025-10-01 09:02:26', '2025-10-08 17:37:23'),
(55, 'theme6_ad_banner_bottom_section', 'content', 'theme6', '{\"banner_image\":\"https:\\/\\/zaira.themedox.com\\/\\/uploads\\/media\\/125\\/banner_image_2025-10-01_09-03-02_187e4744.jpg\",\"button_url\":\"\\/blog\\/designing-better-error-messages-ux\",\"show_ad_banner\":\"1\"}', '[{\"language_code\":\"en\",\"values\":{\"banner_image\":\"https:\\/\\/zaira.themedox.com\\/\\/uploads\\/media\\/125\\/banner_image_2025-10-01_09-03-02_187e4744.jpg\",\"button_url\":\"\\/blog\\/designing-better-error-messages-ux\",\"show_ad_banner\":\"1\"},\"updated_at\":\"2025-10-08T17:38:08.259238Z\",\"created_at\":\"2025-10-01T09:03:03.071150Z\"}]', NULL, 'en', 'active', NULL, '2025-10-01 09:03:02', '2025-10-08 17:38:08'),
(57, 'theme6_ad_sidebar_top_img_section', 'content', 'theme6', '{\"banner_image\":\"https:\\/\\/zaira.themedox.com\\/\\/uploads\\/media\\/128\\/banner_image_2025-10-01_09-06-16_2739e10b.jpg\",\"button_url\":\"\\/shop\",\"show_ad_banner\":\"1\"}', '[{\"language_code\":\"en\",\"values\":{\"banner_image\":\"https:\\/\\/zaira.themedox.com\\/\\/uploads\\/media\\/128\\/banner_image_2025-10-01_09-06-16_2739e10b.jpg\",\"button_url\":\"\\/shop\",\"show_ad_banner\":\"1\"},\"updated_at\":\"2025-10-08T17:38:18.956949Z\",\"created_at\":\"2025-10-01T09:05:18.169823Z\"}]', NULL, 'en', 'active', NULL, '2025-10-01 09:05:17', '2025-10-08 17:38:18'),
(58, 'theme6_ad_sidebar_bottom_img_section', 'content', 'theme6', '{\"banner_image\":\"https:\\/\\/zaira.themedox.com\\/\\/uploads\\/media\\/127\\/banner_image_2025-10-01_09-06-00_b0a77000.jpg\",\"button_url\":\"\\/shop\",\"show_ad_banner\":\"1\"}', '[{\"language_code\":\"en\",\"values\":{\"banner_image\":\"https:\\/\\/zaira.themedox.com\\/\\/uploads\\/media\\/127\\/banner_image_2025-10-01_09-06-00_b0a77000.jpg\",\"button_url\":\"\\/shop\",\"show_ad_banner\":\"1\"},\"updated_at\":\"2025-10-08T17:38:36.184888Z\",\"created_at\":\"2025-10-01T09:06:00.532407Z\"}]', NULL, 'en', 'active', NULL, '2025-10-01 09:06:00', '2025-10-08 17:38:36'),
(59, 'theme6_blog_sidebar_newsletter_section', 'content', 'theme6', '{\"title\":\"Daily Newsletter\",\"short_description\":\"Get all the top stories from Blogs to keep track.\",\"button_text\":\"Submit Now\"}', '[{\"language_code\":\"en\",\"values\":{\"title\":\"Daily Newsletter\",\"short_description\":\"Get all the top stories from Blogs to keep track.\",\"button_text\":\"Submit Now\"},\"updated_at\":\"2025-10-01T09:07:05.010101Z\",\"created_at\":\"2025-10-01T09:07:05.010199Z\"},{\"language_code\":\"ar\",\"values\":{\"title\":\"\\u0627\\u0644\\u0646\\u0634\\u0631\\u0629 \\u0627\\u0644\\u0625\\u062e\\u0628\\u0627\\u0631\\u064a\\u0629 \\u0627\\u0644\\u064a\\u0648\\u0645\\u064a\\u0629\",\"short_description\":\"\\u0627\\u062d\\u0635\\u0644 \\u0639\\u0644\\u0649 \\u062c\\u0645\\u064a\\u0639 \\u0627\\u0644\\u0642\\u0635\\u0635 \\u0627\\u0644\\u0645\\u0647\\u0645\\u0629 \\u0645\\u0646 \\u0627\\u0644\\u0645\\u062f\\u0648\\u0646\\u0627\\u062a \\u0644\\u062a\\u062a\\u0628\\u0639\\u0647\\u0627.\",\"button_text\":\"Submit Now\"},\"updated_at\":\"2025-10-14T05:21:45.297309Z\",\"created_at\":\"2025-10-14T05:21:45.297411Z\"}]', NULL, 'en', 'active', NULL, '2025-10-01 09:07:05', '2025-10-14 05:21:45'),
(61, 'theme6_blog_newsletter_bottom_section', 'content', 'theme6', '{\"title\":\"Get Subscribe To Our Latest News and Update\",\"button_text\":\"Submit Now\"}', '[{\"language_code\":\"en\",\"values\":{\"title\":\"Get Subscribe To Our Latest News and Update\",\"button_text\":\"Submit Now\"},\"updated_at\":\"2025-10-08T17:39:02.777234Z\",\"created_at\":\"2025-10-01T09:07:49.379859Z\"},{\"language_code\":\"ar\",\"values\":{\"title\":\"\\u0627\\u062d\\u0635\\u0644 \\u0639\\u0644\\u0649 \\u0627\\u0644\\u0627\\u0634\\u062a\\u0631\\u0627\\u0643 \\u0644\\u0644\\u062d\\u0635\\u0648\\u0644 \\u0639\\u0644\\u0649 \\u0623\\u062d\\u062f\\u062b \\u0627\\u0644\\u0623\\u062e\\u0628\\u0627\\u0631 \\u0648\\u0627\\u0644\\u062a\\u062d\\u062f\\u064a\\u062b\\u0627\\u062a \\u0644\\u062f\\u064a\\u0646\\u0627\",\"button_text\":\"Submit Now\"},\"updated_at\":\"2025-10-14T05:24:41.185379Z\",\"created_at\":\"2025-10-14T05:24:41.185464Z\"}]', NULL, 'en', 'active', NULL, '2025-10-01 09:07:49', '2025-10-14 05:24:41'),
(62, 'theme6_section_heading_title_one', 'content', 'theme6', '{\"title\":\"Recent\"}', '[{\"language_code\":\"en\",\"values\":{\"title\":\"Recent\"},\"updated_at\":\"2025-10-01T09:08:11.267983Z\",\"created_at\":\"2025-10-01T09:08:11.268046Z\"},{\"language_code\":\"ar\",\"values\":{\"title\":\"\\u0645\\u0624\\u062e\\u0631\\u064b\\u0627\"},\"updated_at\":\"2025-10-14T05:25:51.048307Z\",\"created_at\":\"2025-10-14T05:25:51.048427Z\"}]', NULL, 'en', 'active', NULL, '2025-10-01 09:08:11', '2025-10-14 05:25:51'),
(64, 'theme6_section_heading_title_two', 'content', 'theme6', '{\"title\":\"Hot\"}', '[{\"language_code\":\"en\",\"values\":{\"title\":\"Hot\"},\"updated_at\":\"2025-10-01T09:17:46.588359Z\",\"created_at\":\"2025-10-01T09:17:46.588454Z\"},{\"language_code\":\"ar\",\"values\":{\"title\":\"\\u062d\\u0627\\u0631\"},\"updated_at\":\"2025-10-14T05:26:35.732273Z\",\"created_at\":\"2025-10-14T05:26:35.732383Z\"}]', NULL, 'en', 'active', NULL, '2025-10-01 09:17:46', '2025-10-14 05:26:35');
INSERT INTO `site_configurations` (`id`, `section_key`, `configuration_type`, `theme_name`, `data_values`, `data_translations`, `meta_data`, `language_code`, `status`, `published_at`, `created_at`, `updated_at`) VALUES
(65, 'theme6_section_heading_title_three', 'content', 'theme6', '{\"title\":\"Tending\"}', '[{\"language_code\":\"en\",\"values\":{\"title\":\"Tending\"},\"updated_at\":\"2025-10-01T09:18:03.217062Z\",\"created_at\":\"2025-10-01T09:18:03.217124Z\"},{\"language_code\":\"ar\",\"values\":{\"title\":\"\\u0627\\u0644\\u0639\\u0646\\u0627\\u064a\\u0629\"},\"updated_at\":\"2025-10-14T05:26:56.633759Z\",\"created_at\":\"2025-10-14T05:26:56.633864Z\"}]', NULL, 'en', 'active', NULL, '2025-10-01 09:18:03', '2025-10-14 05:26:56'),
(66, 'theme6_section_heading_title_four', 'content', 'theme6', '{\"title\":\"Weekly Best\"}', '[{\"language_code\":\"en\",\"values\":{\"title\":\"Weekly Best\"},\"updated_at\":\"2025-10-01T09:18:23.456570Z\",\"created_at\":\"2025-10-01T09:18:23.456683Z\"},{\"language_code\":\"ar\",\"values\":{\"title\":\"\\u0627\\u0644\\u0623\\u0641\\u0636\\u0644 \\u0623\\u0633\\u0628\\u0648\\u0639\\u064a\\u064b\\u0627\"},\"updated_at\":\"2025-10-14T05:27:17.856727Z\",\"created_at\":\"2025-10-14T05:27:17.856820Z\"}]', NULL, 'en', 'active', NULL, '2025-10-01 09:18:23', '2025-10-14 05:27:17'),
(67, 'theme6_section_heading_title_five', 'content', 'theme6', '{\"title\":\"Featured\"}', '[{\"language_code\":\"en\",\"values\":{\"title\":\"Featured\"},\"updated_at\":\"2025-10-01T09:18:41.432960Z\",\"created_at\":\"2025-10-01T09:18:41.433020Z\"},{\"language_code\":\"ar\",\"values\":{\"title\":\"\\u0645\\u0645\\u064a\\u0632\"},\"updated_at\":\"2025-10-14T05:27:39.381237Z\",\"created_at\":\"2025-10-14T05:27:39.381301Z\"}]', NULL, 'en', 'active', NULL, '2025-10-01 09:18:41', '2025-10-14 05:27:39'),
(68, 'theme6_section_heading_title_six', 'content', 'theme6', '{\"title\":\"Popular\"}', '[{\"language_code\":\"en\",\"values\":{\"title\":\"Popular\"},\"updated_at\":\"2025-10-01T09:18:57.396277Z\",\"created_at\":\"2025-10-01T09:18:57.396354Z\"},{\"language_code\":\"ar\",\"values\":{\"title\":\"\\u0634\\u0627\\u0626\\u0639\"},\"updated_at\":\"2025-10-14T05:28:25.229067Z\",\"created_at\":\"2025-10-14T05:27:59.388297Z\"}]', NULL, 'en', 'active', NULL, '2025-10-01 09:18:57', '2025-10-14 05:28:25'),
(69, 'theme6_section_heading_title_seven', 'content', 'theme6', '{\"title\":\"Oldest\"}', '[{\"language_code\":\"en\",\"values\":{\"title\":\"Oldest\"},\"updated_at\":\"2025-10-01T09:19:11.326406Z\",\"created_at\":\"2025-10-01T09:19:11.326490Z\"},{\"language_code\":\"ar\",\"values\":{\"title\":\"\\u0627\\u0644\\u0623\\u0642\\u062f\\u0645\"},\"updated_at\":\"2025-10-14T05:28:17.089199Z\",\"created_at\":\"2025-10-14T05:28:17.089312Z\"}]', NULL, 'en', 'active', NULL, '2025-10-01 09:19:11', '2025-10-14 05:28:17'),
(70, 'theme6_section_heading_title_eight', 'content', 'theme6', '{\"title\":\"Latest\"}', '[{\"language_code\":\"en\",\"values\":{\"title\":\"Latest\"},\"updated_at\":\"2025-10-01T09:19:26.138716Z\",\"created_at\":\"2025-10-01T09:19:26.138807Z\"},{\"language_code\":\"ar\",\"values\":{\"title\":\"\\u0623\\u062d\\u062f\\u062b\"},\"updated_at\":\"2025-10-14T05:28:44.793903Z\",\"created_at\":\"2025-10-14T05:28:44.794009Z\"}]', NULL, 'en', 'active', NULL, '2025-10-01 09:19:26', '2025-10-14 05:28:44'),
(71, 'theme5_ad_banner_top_section', 'content', 'theme5', '{\"banner_image\":\"https:\\/\\/zaira.themedox.com\\/\\/uploads\\/media\\/129\\/banner_image_2025-10-01_09-21-11_713b47c9.jpg\",\"button_url\":\"\\/shop\",\"show_ad_banner\":\"1\"}', '[{\"language_code\":\"en\",\"values\":{\"banner_image\":\"https:\\/\\/zaira.themedox.com\\/\\/uploads\\/media\\/129\\/banner_image_2025-10-01_09-21-11_713b47c9.jpg\",\"button_url\":\"\\/shop\",\"show_ad_banner\":\"1\"},\"updated_at\":\"2025-10-08T16:32:51.403292Z\",\"created_at\":\"2025-10-01T09:21:12.459463Z\"}]', NULL, 'en', 'active', NULL, '2025-10-01 09:21:11', '2025-10-08 16:32:51'),
(72, 'theme5_coins_section', 'content', 'theme5', '{\"show_coins\":\"1\"}', '[{\"language_code\":\"en\",\"values\":{\"show_coins\":\"1\"},\"updated_at\":\"2025-10-09T16:16:07.520880Z\",\"created_at\":\"2025-10-01T09:27:44.676013Z\"}]', NULL, 'en', 'active', NULL, '2025-10-01 09:27:44', '2025-10-09 16:16:07'),
(73, 'theme5_ad_banner_center_section', 'content', 'theme5', '{\"banner_image\":\"https:\\/\\/zaira.themedox.com\\/\\/uploads\\/media\\/130\\/banner_image_2025-10-01_09-30-51_5cf03e99.jpg\",\"button_url\":\"\\/blog\\/what-you-miss-in-the-market-changes-and-site-credits\",\"show_ad_banner\":\"1\"}', '[{\"language_code\":\"en\",\"values\":{\"banner_image\":\"https:\\/\\/zaira.themedox.com\\/\\/uploads\\/media\\/130\\/banner_image_2025-10-01_09-30-51_5cf03e99.jpg\",\"button_url\":\"\\/blog\\/what-you-miss-in-the-market-changes-and-site-credits\",\"show_ad_banner\":\"1\"},\"updated_at\":\"2025-10-08T16:33:25.179692Z\",\"created_at\":\"2025-10-01T09:30:52.381613Z\"}]', NULL, 'en', 'active', NULL, '2025-10-01 09:30:51', '2025-10-08 16:33:25'),
(74, 'theme5_ad_banner_bottom_section', 'content', 'theme5', '{\"banner_image\":\"https:\\/\\/zaira.themedox.com\\/\\/uploads\\/media\\/131\\/banner_image_2025-10-01_09-31-27_d7cc957a.jpg\",\"button_url\":\"\\/blog\\/how-to-protect-your-app-with-a-model-based-on-jsondiff\",\"show_ad_banner\":\"1\"}', '[{\"language_code\":\"en\",\"values\":{\"banner_image\":\"https:\\/\\/zaira.themedox.com\\/\\/uploads\\/media\\/131\\/banner_image_2025-10-01_09-31-27_d7cc957a.jpg\",\"button_url\":\"\\/blog\\/how-to-protect-your-app-with-a-model-based-on-jsondiff\",\"show_ad_banner\":\"1\"},\"updated_at\":\"2025-10-08T16:33:59.323772Z\",\"created_at\":\"2025-10-01T09:31:28.575149Z\"}]', NULL, 'en', 'active', NULL, '2025-10-01 09:31:27', '2025-10-08 16:33:59'),
(75, 'theme5_ad_sidebar_img_section', 'content', 'theme5', '{\"banner_image\":\"https:\\/\\/zaira.themedox.com\\/\\/uploads\\/media\\/132\\/banner_image_2025-10-01_09-32-08_8cf8ca69.jpg\",\"button_url\":\"\\/blog\\/a-comprehensive-checklist-for-design-workshops\",\"show_ad_banner\":\"1\"}', '[{\"language_code\":\"en\",\"values\":{\"banner_image\":\"https:\\/\\/zaira.themedox.com\\/\\/uploads\\/media\\/132\\/banner_image_2025-10-01_09-32-08_8cf8ca69.jpg\",\"button_url\":\"\\/blog\\/a-comprehensive-checklist-for-design-workshops\",\"show_ad_banner\":\"1\"},\"updated_at\":\"2025-10-08T17:32:52.183449Z\",\"created_at\":\"2025-10-01T09:32:09.070771Z\"}]', NULL, 'en', 'active', NULL, '2025-10-01 09:32:08', '2025-10-08 17:32:52'),
(76, 'theme5_blog_follow_us_on_section', 'content', 'theme5', '{\"title\":\"Follow Us On\",\"facebook_url\":\"https:\\/\\/www.facebook.com\\/\",\"twitter_url\":\"https:\\/\\/x.com\\/\",\"instagram_url\":\"https:\\/\\/www.instagram.com\\/\",\"youtube_url\":\"https:\\/\\/www.youtube.com\\/\",\"linkedin_url\":\"https:\\/\\/www.linkedin.com\\/\",\"pinterest_url\":\"https:\\/\\/www.pinterest.com\\/\"}', '[{\"language_code\":\"en\",\"values\":{\"title\":\"Follow Us On\",\"facebook_url\":\"https:\\/\\/www.facebook.com\\/\",\"twitter_url\":\"https:\\/\\/x.com\\/\",\"instagram_url\":\"https:\\/\\/www.instagram.com\\/\",\"youtube_url\":\"https:\\/\\/www.youtube.com\\/\",\"linkedin_url\":\"https:\\/\\/www.linkedin.com\\/\",\"pinterest_url\":\"https:\\/\\/www.pinterest.com\\/\"},\"updated_at\":\"2025-10-09T16:18:18.577408Z\",\"created_at\":\"2025-10-01T09:33:08.811775Z\"},{\"language_code\":\"ar\",\"values\":{\"title\":\"\\u062a\\u0627\\u0628\\u0639\\u0648\\u0646\\u0627 \\u0639\\u0644\\u0649\",\"facebook_url\":\"https:\\/\\/www.facebook.com\\/\",\"twitter_url\":\"https:\\/\\/x.com\\/\",\"instagram_url\":\"https:\\/\\/www.instagram.com\\/\",\"youtube_url\":\"https:\\/\\/www.youtube.com\\/\",\"linkedin_url\":\"https:\\/\\/www.linkedin.com\\/\",\"pinterest_url\":\"https:\\/\\/www.pinterest.com\\/\"},\"updated_at\":\"2025-10-14T05:14:05.140795Z\",\"created_at\":\"2025-10-14T05:14:05.140904Z\"}]', NULL, 'en', 'active', NULL, '2025-10-01 09:33:08', '2025-10-14 05:14:05'),
(77, 'theme5_blog_sidebar_newsletter_section', 'content', 'theme5', '{\"title\":\"Daily Newsletter\",\"short_description\":\"Get all the top stories from Blogs to keep track.\",\"button_text\":\"Subscribe Now\"}', '[{\"language_code\":\"en\",\"values\":{\"title\":\"Daily Newsletter\",\"short_description\":\"Get all the top stories from Blogs to keep track.\",\"button_text\":\"Subscribe Now\"},\"updated_at\":\"2025-10-01T09:33:42.909314Z\",\"created_at\":\"2025-10-01T09:33:42.909397Z\"},{\"language_code\":\"ar\",\"values\":{\"title\":\"\\u0627\\u0644\\u0646\\u0634\\u0631\\u0629 \\u0627\\u0644\\u0625\\u062e\\u0628\\u0627\\u0631\\u064a\\u0629 \\u0627\\u0644\\u064a\\u0648\\u0645\\u064a\\u0629\",\"short_description\":\"\\u0627\\u062d\\u0635\\u0644 \\u0639\\u0644\\u0649 \\u062c\\u0645\\u064a\\u0639 \\u0627\\u0644\\u0642\\u0635\\u0635 \\u0627\\u0644\\u0645\\u0647\\u0645\\u0629 \\u0645\\u0646 \\u0627\\u0644\\u0645\\u062f\\u0648\\u0646\\u0627\\u062a \\u0644\\u062a\\u062a\\u0628\\u0639\\u0647\\u0627.\",\"button_text\":\"\\u0627\\u0634\\u062a\\u0631\\u0643 \\u0627\\u0644\\u0622\\u0646\"},\"updated_at\":\"2025-10-14T05:14:54.617807Z\",\"created_at\":\"2025-10-14T05:14:54.617884Z\"}]', NULL, 'en', 'active', NULL, '2025-10-01 09:33:42', '2025-10-14 05:14:54'),
(78, 'theme5_blog_newsletter_bottom_section', 'content', 'theme5', '{\"title\":\"Get Our Latest News And Update\",\"button_text\":\"Submit Now\",\"facebook_url\":\"https:\\/\\/www.facebook.com\\/\",\"twitter_url\":\"https:\\/\\/x.com\\/\",\"instagram_url\":\"https:\\/\\/www.instagram.com\\/\",\"linkedin_url\":\"https:\\/\\/www.linkedin.com\\/\"}', '[{\"language_code\":\"en\",\"values\":{\"title\":\"Get Our Latest News And Update\",\"button_text\":\"Submit Now\",\"facebook_url\":\"https:\\/\\/www.facebook.com\\/\",\"twitter_url\":\"https:\\/\\/x.com\\/\",\"instagram_url\":\"https:\\/\\/www.instagram.com\\/\",\"linkedin_url\":\"https:\\/\\/www.linkedin.com\\/\"},\"updated_at\":\"2025-10-14T05:17:12.845298Z\",\"created_at\":\"2025-10-01T09:34:18.660092Z\"},{\"language_code\":\"ar\",\"values\":{\"title\":\"\\u0627\\u062d\\u0635\\u0644 \\u0639\\u0644\\u0649 \\u0622\\u062e\\u0631 \\u0623\\u062e\\u0628\\u0627\\u0631\\u0646\\u0627 \\u0648\\u062a\\u062d\\u062f\\u064a\\u062b\\u0627\\u062a\\u0646\\u0627\",\"button_text\":\"\\u0623\\u0631\\u0633\\u0644 \\u0627\\u0644\\u0622\\u0646\",\"facebook_url\":\"https:\\/\\/www.facebook.com\\/\",\"twitter_url\":\"https:\\/\\/x.com\\/\",\"instagram_url\":\"https:\\/\\/www.instagram.com\\/\",\"linkedin_url\":\"https:\\/\\/www.linkedin.com\\/\"},\"updated_at\":\"2025-10-14T05:16:48.379517Z\",\"created_at\":\"2025-10-14T05:16:48.379596Z\"}]', NULL, 'en', 'active', NULL, '2025-10-01 09:34:18', '2025-10-14 05:17:12'),
(79, 'theme5_section_heading_title_one', 'content', 'theme5', '{\"title\":\"Recent\",\"button_text\":\"View All\",\"button_url\":\"\\/blogs\"}', '[{\"language_code\":\"en\",\"values\":{\"title\":\"Recent\",\"button_text\":\"View All\",\"button_url\":\"\\/blogs\"},\"updated_at\":\"2025-10-08T17:34:02.167682Z\",\"created_at\":\"2025-10-01T09:34:31.771816Z\"},{\"language_code\":\"ar\",\"values\":{\"title\":\"\\u0645\\u0624\\u062e\\u0631\\u064b\\u0627\",\"button_text\":\"\\u0639\\u0631\\u0636 \\u0627\\u0644\\u0643\\u0644\",\"button_url\":\"\\/blogs\"},\"updated_at\":\"2025-10-14T05:17:48.201633Z\",\"created_at\":\"2025-10-14T05:17:48.201715Z\"}]', NULL, 'en', 'active', NULL, '2025-10-01 09:34:31', '2025-10-14 05:17:48'),
(81, 'theme5_section_heading_title_two', 'content', 'theme5', '{\"title\":\"Trending\",\"button_text\":\"View All\",\"button_url\":\"\\/blogs\"}', '[{\"language_code\":\"en\",\"values\":{\"title\":\"Trending\",\"button_text\":\"View All\",\"button_url\":\"\\/blogs\"},\"updated_at\":\"2025-10-08T17:34:15.394169Z\",\"created_at\":\"2025-10-01T09:34:55.628062Z\"},{\"language_code\":\"ar\",\"values\":{\"title\":\"\\u0627\\u0644\\u0623\\u0643\\u062b\\u0631 \\u0631\\u0648\\u0627\\u062c\\u064b\\u0627\",\"button_text\":\"\\u0639\\u0631\\u0636 \\u0627\\u0644\\u0643\\u0644\",\"button_url\":\"\\/blogs\"},\"updated_at\":\"2025-10-14T05:18:18.533249Z\",\"created_at\":\"2025-10-14T05:18:18.533367Z\"}]', NULL, 'en', 'active', NULL, '2025-10-01 09:34:55', '2025-10-14 05:18:18'),
(82, 'theme5_section_heading_title_three', 'content', 'theme5', '{\"title\":\"Hot\"}', '[{\"language_code\":\"en\",\"values\":{\"title\":\"Hot\"},\"updated_at\":\"2025-10-01T09:35:11.162436Z\",\"created_at\":\"2025-10-01T09:35:11.162510Z\"},{\"language_code\":\"ar\",\"values\":{\"title\":\"\\u062d\\u0627\\u0631\"},\"updated_at\":\"2025-10-14T05:18:52.951632Z\",\"created_at\":\"2025-10-14T05:18:52.951742Z\"}]', NULL, 'en', 'active', NULL, '2025-10-01 09:35:11', '2025-10-14 05:18:52'),
(83, 'theme5_section_heading_title_four', 'content', 'theme5', '{\"title\":\"Weekly\",\"button_text\":\"View All\",\"button_url\":\"\\/blogs\"}', '[{\"language_code\":\"en\",\"values\":{\"title\":\"Weekly\",\"button_text\":\"View All\",\"button_url\":\"\\/blogs\"},\"updated_at\":\"2025-10-08T17:34:34.829845Z\",\"created_at\":\"2025-10-01T09:35:25.456894Z\"},{\"language_code\":\"ar\",\"values\":{\"title\":\"\\u0623\\u0633\\u0628\\u0648\\u0639\\u064a\",\"button_text\":\"\\u0639\\u0631\\u0636 \\u0627\\u0644\\u0643\\u0644\",\"button_url\":\"\\/blogs\"},\"updated_at\":\"2025-10-14T05:19:36.258591Z\",\"created_at\":\"2025-10-14T05:19:36.258683Z\"}]', NULL, 'en', 'active', NULL, '2025-10-01 09:35:25', '2025-10-14 05:19:36'),
(84, 'theme5_section_heading_title_five', 'content', 'theme5', '{\"title\":\"Popular\"}', '[{\"language_code\":\"en\",\"values\":{\"title\":\"Popular\"},\"updated_at\":\"2025-10-01T09:35:55.509998Z\",\"created_at\":\"2025-10-01T09:35:55.510098Z\"},{\"language_code\":\"ar\",\"values\":{\"title\":\"\\u0634\\u0627\\u0626\\u0639\"},\"updated_at\":\"2025-10-14T05:19:52.433259Z\",\"created_at\":\"2025-10-14T05:19:52.433365Z\"}]', NULL, 'en', 'active', NULL, '2025-10-01 09:35:55', '2025-10-14 05:19:52'),
(85, 'about_us_section', 'content', 'theme2', '{\"sub_title\":\"WHO WE ARE\",\"title\":\"We Build Bridge Between Companies And Customers\",\"short_description\":\"It was popularised in the 1960s with the release of Letraset sheets containing Lorem Ipsum passages\",\"description\":\"popularised in the 1960s with the release of Letraset sheets containing Lorem Ipsum passages, and more recently with desktop publishing software like Aldus PageMaker.\",\"button_text\":\"Read More\",\"button_url\":\"\\/about-us\",\"show_shape_image\":\"1\",\"left_top_image\":\"https:\\/\\/zaira.themedox.com\\/\\/uploads\\/media\\/165\\/left_top_image_2025-10-05_05-09-06_764f9aca.jpg\",\"left_bottom_image\":\"https:\\/\\/zaira.themedox.com\\/\\/uploads\\/media\\/166\\/left_bottom_image_2025-10-05_05-09-07_fe95ee77.jpg\",\"right_top_image\":\"https:\\/\\/zaira.themedox.com\\/\\/uploads\\/media\\/167\\/right_top_image_2025-10-05_05-09-07_1a4d6e46.jpg\"}', '[{\"language_code\":\"en\",\"values\":{\"sub_title\":\"WHO WE ARE\",\"title\":\"We Build Bridge Between Companies And Customers\",\"short_description\":\"It was popularised in the 1960s with the release of Letraset sheets containing Lorem Ipsum passages\",\"description\":\"popularised in the 1960s with the release of Letraset sheets containing Lorem Ipsum passages, and more recently with desktop publishing software like Aldus PageMaker.\",\"button_text\":\"Read More\",\"button_url\":\"\\/about-us\",\"show_shape_image\":\"1\",\"left_top_image\":\"https:\\/\\/zaira.themedox.com\\/\\/uploads\\/media\\/165\\/left_top_image_2025-10-05_05-09-06_764f9aca.jpg\",\"left_bottom_image\":\"https:\\/\\/zaira.themedox.com\\/\\/uploads\\/media\\/166\\/left_bottom_image_2025-10-05_05-09-07_fe95ee77.jpg\",\"right_top_image\":\"https:\\/\\/zaira.themedox.com\\/\\/uploads\\/media\\/167\\/right_top_image_2025-10-05_05-09-07_1a4d6e46.jpg\"},\"updated_at\":\"2025-10-20T05:18:39.836961Z\",\"created_at\":\"2025-10-05T05:09:07.574798Z\"},{\"language_code\":\"ar\",\"values\":{\"sub_title\":\"\\u0645\\u0646 \\u0646\\u062d\\u0646\",\"title\":\"\\u0646\\u062d\\u0646 \\u0646\\u0628\\u0646\\u064a \\u062c\\u0633\\u0631\\u064b\\u0627 \\u0628\\u064a\\u0646 \\u0627\\u0644\\u0634\\u0631\\u0643\\u0627\\u062a \\u0648\\u0627\\u0644\\u0639\\u0645\\u0644\\u0627\\u0621\",\"short_description\":\"\\u062a\\u0645 \\u062a\\u0631\\u0648\\u064a\\u062c\\u0647 \\u0641\\u064a \\u0627\\u0644\\u0633\\u062a\\u064a\\u0646\\u064a\\u0627\\u062a \\u0645\\u0639 \\u0625\\u0635\\u062f\\u0627\\u0631 \\u0623\\u0648\\u0631\\u0627\\u0642 \\u0627\\u0644\\u062a\\u064a \\u062a\\u062d\\u062a\\u0648\\u064a \\u0639\\u0644\\u0649 \\u0645\\u0642\\u0627\\u0637\\u0639\",\"description\":\"\\u0627\\u0646\\u062a\\u0634\\u0631 \\u0646\\u0635 \\u0641\\u064a \\u0633\\u062a\\u064a\\u0646\\u064a\\u0627\\u062a \\u0627\\u0644\\u0642\\u0631\\u0646 \\u0627\\u0644\\u0639\\u0634\\u0631\\u064a\\u0646 \\u0645\\u0639 \\u0625\\u0635\\u062f\\u0627\\u0631 \\u0623\\u0648\\u0631\\u0627\\u0642 \\u0627\\u0644\\u062a\\u064a \\u062a\\u062d\\u062a\\u0648\\u064a \\u0639\\u0644\\u0649 \\u0645\\u0642\\u0627\\u0637  \\u0648\\u0645\\u0624\\u062e\\u0631\\u064b\\u0627 \\u0645\\u0639 \\u0628\\u0631\\u0627\\u0645\\u062c \\u0627\\u0644\\u0646\\u0634\\u0631 \\u0627\\u0644\\u0645\\u0643\\u062a\\u0628\\u064a \\u0645\\u062b\\u0644 .\",\"button_text\":\"\\u0627\\u0642\\u0631\\u0623 \\u0627\\u0644\\u0645\\u0632\\u064a\\u062f\",\"button_url\":\"\\/about-us\",\"show_shape_image\":\"1\",\"left_top_image\":\"https:\\/\\/zaira.themedox.com\\/\\/uploads\\/media\\/165\\/left_top_image_2025-10-05_05-09-06_764f9aca.jpg\",\"left_bottom_image\":\"https:\\/\\/zaira.themedox.com\\/\\/uploads\\/media\\/166\\/left_bottom_image_2025-10-05_05-09-07_fe95ee77.jpg\",\"right_top_image\":\"https:\\/\\/zaira.themedox.com\\/\\/uploads\\/media\\/167\\/right_top_image_2025-10-05_05-09-07_1a4d6e46.jpg\"},\"updated_at\":\"2025-10-13T14:30:47.236920Z\",\"created_at\":\"2025-10-13T14:30:47.237019Z\"}]', NULL, 'en', 'active', NULL, '2025-10-05 05:09:06', '2025-10-20 05:18:39'),
(86, 'contact_section', 'content', 'theme1', '{\"location\":\"2118 Thornridge Cir. Syracuse\",\"email\":\"support@themedox.com\",\"phone\":\"+123 98598 000, +123 8855 2222\",\"title\":\"Drop Us a Message\",\"short_description\":\"Have a question? Need help? Don&amp;#039;t hesitate, drop us a line\",\"button_text\":\"Submit Now\",\"left_bottom_image\":\"https:\\/\\/zaira.themedox.com\\/\\/uploads\\/media\\/198\\/left_bottom_image_2025-10-05_18-44-18_47b09185.jpg\",\"contact-map\":\"\"}', '[{\"language_code\":\"en\",\"values\":{\"location\":\"2118 Thornridge Cir. Syracuse\",\"email\":\"support@themedox.com\",\"phone\":\"+123 98598 000, +123 8855 2222\",\"title\":\"Drop Us a Message\",\"short_description\":\"Have a question? Need help? Don&amp;#039;t hesitate, drop us a line\",\"button_text\":\"Submit Now\",\"left_bottom_image\":\"https:\\/\\/zaira.themedox.com\\/\\/uploads\\/media\\/198\\/left_bottom_image_2025-10-05_18-44-18_47b09185.jpg\",\"contact-map\":\"\"},\"updated_at\":\"2025-10-18T06:37:44.060162Z\",\"created_at\":\"2025-10-05T18:44:18.680152Z\"},{\"language_code\":\"ar\",\"values\":{\"location\":\"2118 \\u062f\\u0627\\u0626\\u0631\\u0629 \\u062b\\u0648\\u0631\\u0646\\u0631\\u064a\\u062f\\u062c\\u060c \\u0633\\u064a\\u0631\\u0627\\u0643\\u064a\\u0648\\u0632\",\"email\":\"support@themedox.com\",\"phone\":\"+123 98598 000, +123 8855 2222\",\"title\":\"\\u0623\\u0631\\u0633\\u0644 \\u0644\\u0646\\u0627 \\u0631\\u0633\\u0627\\u0644\\u0629\",\"short_description\":\"\\u0647\\u0644 \\u0644\\u062f\\u064a\\u0643 \\u0633\\u0624\\u0627\\u0644\\u061f \\u0647\\u0644 \\u062a\\u062d\\u062a\\u0627\\u062c \\u0645\\u0633\\u0627\\u0639\\u062f\\u0629\\u061f \\u0644\\u0627 \\u062a\\u062a\\u0631\\u062f\\u062f\\u060c \\u0631\\u0627\\u0633\\u0644\\u0646\\u0627.\",\"button_text\":\"\\u0623\\u0631\\u0633\\u0644 \\u0627\\u0644\\u0622\\u0646\",\"left_bottom_image\":\"https:\\/\\/zaira.themedox.com\\/\\/uploads\\/media\\/198\\/left_bottom_image_2025-10-05_18-44-18_47b09185.jpg\",\"contact-map\":\"\"},\"updated_at\":\"2025-10-13T15:12:58.937412Z\",\"created_at\":\"2025-10-13T15:12:58.937522Z\"}]', NULL, 'en', 'active', NULL, '2025-10-05 18:44:18', '2025-10-18 06:37:44'),
(87, 'team_section', 'content', 'theme1', '{\"sub_title\":\"Team We Have\",\"title\":\"About Our Energetic Team\",\"short_description\":\"release of Letraset sheets containing Lorem Ipsum passages\\r\\nand more recently with desktop publishing\"}', '[{\"language_code\":\"en\",\"values\":{\"sub_title\":\"Team We Have\",\"title\":\"About Our Energetic Team\",\"short_description\":\"release of Letraset sheets containing Lorem Ipsum passages\\r\\nand more recently with desktop publishing\"},\"updated_at\":\"2025-10-11T01:07:40.328132Z\",\"created_at\":\"2025-10-11T01:07:21.831533Z\"},{\"language_code\":\"ar\",\"values\":{\"sub_title\":\"\\u0627\\u0644\\u0641\\u0631\\u064a\\u0642 \\u0627\\u0644\\u0630\\u064a \\u0644\\u062f\\u064a\\u0646\\u0627\",\"title\":\"\\u0646\\u0628\\u0630\\u0629 \\u0639\\u0646 \\u0641\\u0631\\u064a\\u0642\\u0646\\u0627 \\u0627\\u0644\\u0646\\u0634\\u0637\",\"short_description\":\"\\u0625\\u0635\\u062f\\u0627\\u0631 \\u0623\\u0648\\u0631\\u0627\\u0642 \\u0627\\u0644\\u062a\\u064a \\u062a\\u062d\\u062a\\u0648\\u064a \\u0639\\u0644\\u0649 \\u0645\\u0642\\u0627\\u0637\\u0639 \\u0645\\u0646 \\u0646\\u0635 \\u0644\\u0648\\u0631\\u064a\\u0645 \\u0625\\u064a\\u0628\\u0633\\u0648\\u0645\\u060c \\u0648\\u0645\\u0624\\u062e\\u0631\\u064b\\u0627 \\u0645\\u0639 \\u0627\\u0644\\u0646\\u0634\\u0631 \\u0627\\u0644\\u0645\\u0643\\u062a\\u0628\\u064a\"},\"updated_at\":\"2025-10-13T14:59:44.043494Z\",\"created_at\":\"2025-10-13T14:59:44.043601Z\"}]', NULL, 'en', 'active', NULL, '2025-10-11 01:07:21', '2025-10-13 14:59:44'),
(88, 'theme4_section_heading_title_five', 'content', 'theme4', '{\"instagram_image_one\":\"https:\\/\\/zaira.themedox.com\\/\\/uploads\\/media\\/326\\/instagram_image_one_2025-10-14_05-08-03_a060b53a.jpg\",\"instagram_image_two\":\"https:\\/\\/zaira.themedox.com\\/\\/uploads\\/media\\/336\\/instagram_image_two_2025-10-14_05-10-13_3da16fce.jpg\",\"instagram_image_three\":\"https:\\/\\/zaira.themedox.com\\/\\/uploads\\/media\\/328\\/instagram_image_three_2025-10-14_05-08-04_025abed4.jpg\",\"instagram_image_four\":\"https:\\/\\/zaira.themedox.com\\/\\/uploads\\/media\\/329\\/instagram_image_four_2025-10-14_05-08-04_2ac1109b.jpg\",\"instagram_image_five\":\"https:\\/\\/zaira.themedox.com\\/\\/uploads\\/media\\/330\\/instagram_image_five_2025-10-14_05-08-04_13f727dc.jpg\",\"instagram_image_six\":\"https:\\/\\/zaira.themedox.com\\/\\/uploads\\/media\\/337\\/instagram_image_six_2025-10-14_05-10-13_43c32d43.jpg\",\"instagram_image_seven\":\"https:\\/\\/zaira.themedox.com\\/\\/uploads\\/media\\/332\\/instagram_image_seven_2025-10-14_05-08-05_f153dd0a.jpg\",\"instagram_image_eight\":\"https:\\/\\/zaira.themedox.com\\/\\/uploads\\/media\\/333\\/instagram_image_eight_2025-10-14_05-08-05_aaf4cb2e.jpg\",\"instagram_image_nine\":\"https:\\/\\/zaira.themedox.com\\/\\/uploads\\/media\\/334\\/instagram_image_nine_2025-10-14_05-08-05_2e405b64.jpg\",\"instagram_image_ten\":\"https:\\/\\/zaira.themedox.com\\/\\/uploads\\/media\\/335\\/instagram_image_ten_2025-10-14_05-08-06_849723b1.jpg\",\"show_slider\":\"1\"}', '[{\"language_code\":\"en\",\"values\":{\"instagram_image_one\":\"https:\\/\\/zaira.themedox.com\\/\\/uploads\\/media\\/326\\/instagram_image_one_2025-10-14_05-08-03_a060b53a.jpg\",\"instagram_image_two\":\"https:\\/\\/zaira.themedox.com\\/\\/uploads\\/media\\/336\\/instagram_image_two_2025-10-14_05-10-13_3da16fce.jpg\",\"instagram_image_three\":\"https:\\/\\/zaira.themedox.com\\/\\/uploads\\/media\\/328\\/instagram_image_three_2025-10-14_05-08-04_025abed4.jpg\",\"instagram_image_four\":\"https:\\/\\/zaira.themedox.com\\/\\/uploads\\/media\\/329\\/instagram_image_four_2025-10-14_05-08-04_2ac1109b.jpg\",\"instagram_image_five\":\"https:\\/\\/zaira.themedox.com\\/\\/uploads\\/media\\/330\\/instagram_image_five_2025-10-14_05-08-04_13f727dc.jpg\",\"instagram_image_six\":\"https:\\/\\/zaira.themedox.com\\/\\/uploads\\/media\\/337\\/instagram_image_six_2025-10-14_05-10-13_43c32d43.jpg\",\"instagram_image_seven\":\"https:\\/\\/zaira.themedox.com\\/\\/uploads\\/media\\/332\\/instagram_image_seven_2025-10-14_05-08-05_f153dd0a.jpg\",\"instagram_image_eight\":\"https:\\/\\/zaira.themedox.com\\/\\/uploads\\/media\\/333\\/instagram_image_eight_2025-10-14_05-08-05_aaf4cb2e.jpg\",\"instagram_image_nine\":\"https:\\/\\/zaira.themedox.com\\/\\/uploads\\/media\\/334\\/instagram_image_nine_2025-10-14_05-08-05_2e405b64.jpg\",\"instagram_image_ten\":\"https:\\/\\/zaira.themedox.com\\/\\/uploads\\/media\\/335\\/instagram_image_ten_2025-10-14_05-08-06_849723b1.jpg\",\"show_slider\":\"1\"},\"updated_at\":\"2025-10-14T05:10:13.871951Z\",\"created_at\":\"2025-10-14T05:08:06.377330Z\"}]', NULL, 'en', 'active', NULL, '2025-10-14 05:08:03', '2025-10-14 05:10:13'),
(90, 'followers_section', 'content', 'theme1', '{\"title\":\"Follow Us\",\"facebook_url\":\"https:\\/\\/www.facebook.com\\/\",\"facebook_followers\":\"23k Likes\",\"twitter_url\":\"https:\\/\\/x.com\\/\",\"twitter_followers\":\"56k Followers\",\"instagram_url\":\"https:\\/\\/www.instagram.com\\/\",\"instagram_followers\":\"5m Followers\",\"youtube_url\":\"https:\\/\\/www.youtube.com\\/\",\"youtube_followers\":\"56k Subscribe\",\"linkedin_url\":\"\",\"linkedin_followers\":\"\",\"pinterest_url\":\"https:\\/\\/www.pinterest.com\\/\",\"pinterest_followers\":\"59k Followers\",\"spotify_url\":\"https:\\/\\/open.spotify.com\\/\",\"spotify_followers\":\"14k Followers\",\"show_subscribe_followers\":\"1\"}', '[{\"language_code\":\"en\",\"values\":{\"title\":\"Follow Us\",\"facebook_url\":\"https:\\/\\/www.facebook.com\\/\",\"facebook_followers\":\"23k Likes\",\"twitter_url\":\"https:\\/\\/x.com\\/\",\"twitter_followers\":\"56k Followers\",\"instagram_url\":\"https:\\/\\/www.instagram.com\\/\",\"instagram_followers\":\"5m Followers\",\"youtube_url\":\"https:\\/\\/www.youtube.com\\/\",\"youtube_followers\":\"56k Subscribe\",\"linkedin_url\":\"\",\"linkedin_followers\":\"\",\"pinterest_url\":\"https:\\/\\/www.pinterest.com\\/\",\"pinterest_followers\":\"59k Followers\",\"spotify_url\":\"https:\\/\\/open.spotify.com\\/\",\"spotify_followers\":\"14k Followers\",\"show_subscribe_followers\":\"1\"},\"updated_at\":\"2025-10-25T04:45:35.113983Z\",\"created_at\":\"2025-10-25T04:40:06.983636Z\"},{\"language_code\":\"ar\",\"values\":{\"title\":\"\\u062a\\u0627\\u0628\\u0639\\u0646\\u0627\",\"facebook_url\":\"https:\\/\\/www.facebook.com\\/\",\"facebook_followers\":\"23 \\u0623\\u0644\\u0641 \\u0625\\u0639\\u062c\\u0627\\u0628\",\"twitter_url\":\"https:\\/\\/x.com\\/\",\"twitter_followers\":\"56 \\u0623\\u0644\\u0641 \\u0645\\u062a\\u0627\\u0628\\u0639\",\"instagram_url\":\"https:\\/\\/www.instagram.com\\/\",\"instagram_followers\":\"5 \\u0645\\u0644\\u0627\\u064a\\u064a\\u0646 \\u0645\\u062a\\u0627\\u0628\\u0639\",\"youtube_url\":\"https:\\/\\/www.youtube.com\\/\",\"youtube_followers\":\"56 \\u0623\\u0644\\u0641 \\u0627\\u0634\\u062a\\u0631\\u0627\\u0643\",\"linkedin_url\":\"\",\"linkedin_followers\":\"\",\"pinterest_url\":\"https:\\/\\/www.pinterest.com\\/\",\"pinterest_followers\":\"59 \\u0623\\u0644\\u0641 \\u0645\\u062a\\u0627\\u0628\\u0639\",\"spotify_url\":\"https:\\/\\/open.spotify.com\\/\",\"spotify_followers\":\"14 \\u0623\\u0644\\u0641 \\u0645\\u062a\\u0627\\u0628\\u0639\",\"show_subscribe_followers\":\"1\"},\"updated_at\":\"2025-10-25T05:44:18.192644Z\",\"created_at\":\"2025-10-25T05:44:18.192729Z\"}]', NULL, 'en', 'active', NULL, '2025-10-25 04:40:06', '2025-10-25 05:44:18'),
(93, 'theme1_ad_banner_three_section', 'content', 'theme1', '{\"logo\":\"https:\\/\\/posty-laravel.themedox.com\\/\\/uploads\\/media\\/387\\/logo_2025-10-25_05-23-46_2c5626ec.png\",\"title\":\"News and Magazine Blog Laravel Script\",\"button_text\":\"Buy Now\",\"button_url\":\"\\/shop\",\"show_ad_banner_three\":\"1\"}', '[{\"language_code\":\"en\",\"values\":{\"logo\":\"https:\\/\\/posty-laravel.themedox.com\\/\\/uploads\\/media\\/387\\/logo_2025-10-25_05-23-46_2c5626ec.png\",\"title\":\"News and Magazine Blog Laravel Script\",\"button_text\":\"Buy Now\",\"button_url\":\"\\/shop\",\"show_ad_banner_three\":\"1\"},\"updated_at\":\"2025-10-27T13:20:06.587275Z\",\"created_at\":\"2025-10-25T05:23:46.800081Z\"},{\"language_code\":\"ar\",\"values\":{\"logo\":\"https:\\/\\/posty-laravel.themedox.com\\/\\/uploads\\/media\\/387\\/logo_2025-10-25_05-23-46_2c5626ec.png\",\"title\":\"\\u0645\\u062f\\u0648\\u0646\\u0629 \\u0627\\u0644\\u0623\\u062e\\u0628\\u0627\\u0631 \\u0648\\u0627\\u0644\\u0645\\u062c\\u0644\\u0627\\u062a \\u0628\\u0627\\u0633\\u062a\\u062e\\u062f\\u0627\\u0645 \\u0628\\u0631\\u0646\\u0627\\u0645\\u062c\",\"button_text\":\"\\u0627\\u0634\\u062a\\u0631\\u064a \\u0627\\u0644\\u0622\\u0646\",\"button_url\":\"\\/shop\",\"show_ad_banner_three\":\"1\"},\"updated_at\":\"2025-10-27T13:19:50.209712Z\",\"created_at\":\"2025-10-25T05:46:37.156689Z\"}]', NULL, 'en', 'active', NULL, '2025-10-25 05:23:46', '2025-10-27 13:20:06'),
(95, 'theme2_ad_banner_one_section', 'content', 'theme2', '{\"banner_image\":\"https:\\/\\/posty-laravel.themedox.com\\/\\/uploads\\/media\\/390\\/banner_image_2025-10-25_07-06-42_266120ab.jpg\",\"url\":\"\\/shop\",\"show_ad_banner_one\":\"1\"}', '[{\"language_code\":\"en\",\"values\":{\"banner_image\":\"https:\\/\\/posty-laravel.themedox.com\\/\\/uploads\\/media\\/390\\/banner_image_2025-10-25_07-06-42_266120ab.jpg\",\"url\":\"\\/shop\",\"show_ad_banner_one\":\"1\"},\"updated_at\":\"2025-10-25T07:06:42.594296Z\",\"created_at\":\"2025-10-25T07:06:42.594406Z\"}]', NULL, 'en', 'active', NULL, '2025-10-25 07:06:42', '2025-10-25 07:06:42'),
(96, 'theme2_ad_banner_two_section', 'content', 'theme2', '{\"logo\":\"https:\\/\\/posty-laravel.themedox.com\\/\\/uploads\\/media\\/391\\/logo_2025-10-25_07-07-46_f8317b16.png\",\"title\":\"News and Magazine Blog Laravel Script\",\"button_text\":\"Buy Now\",\"button_url\":\"\\/shop\",\"show_ad_banner_two\":\"1\"}', '[{\"language_code\":\"en\",\"values\":{\"logo\":\"https:\\/\\/posty-laravel.themedox.com\\/\\/uploads\\/media\\/391\\/logo_2025-10-25_07-07-46_f8317b16.png\",\"title\":\"News and Magazine Blog Laravel Script\",\"button_text\":\"Buy Now\",\"button_url\":\"\\/shop\",\"show_ad_banner_two\":\"1\"},\"updated_at\":\"2025-10-25T07:17:56.873401Z\",\"created_at\":\"2025-10-25T07:07:47.225385Z\"},{\"language_code\":\"ar\",\"values\":{\"logo\":\"https:\\/\\/posty-laravel.themedox.com\\/\\/uploads\\/media\\/391\\/logo_2025-10-25_07-07-46_f8317b16.png\",\"title\":\"\\u0645\\u062f\\u0648\\u0646\\u0629 \\u0627\\u0644\\u0623\\u062e\\u0628\\u0627\\u0631 \\u0648\\u0627\\u0644\\u0645\\u062c\\u0644\\u0627\\u062a\",\"button_text\":\"\\u0627\\u0634\\u062a\\u0631\\u064a \\u0627\\u0644\\u0622\\u0646\",\"button_url\":\"\\/shop\",\"show_ad_banner_two\":\"1\"},\"updated_at\":\"2025-10-27T13:22:35.341185Z\",\"created_at\":\"2025-10-25T07:08:34.638160Z\"}]', NULL, 'en', 'active', NULL, '2025-10-25 07:07:46', '2025-10-27 13:22:35'),
(97, 'theme2_ad_banner_three_section', 'content', 'theme2', '{\"logo\":\"https:\\/\\/posty-laravel.themedox.com\\/\\/uploads\\/media\\/392\\/logo_2025-10-25_07-14-19_00d04f24.png\",\"title\":\"News and Magazine Blog Laravel Script\",\"button_text\":\"Buy Now\",\"button_url\":\"\\/shop\",\"show_ad_banner_three\":\"1\"}', '[{\"language_code\":\"en\",\"values\":{\"logo\":\"https:\\/\\/posty-laravel.themedox.com\\/\\/uploads\\/media\\/392\\/logo_2025-10-25_07-14-19_00d04f24.png\",\"title\":\"News and Magazine Blog Laravel Script\",\"button_text\":\"Buy Now\",\"button_url\":\"\\/shop\",\"show_ad_banner_three\":\"1\"},\"updated_at\":\"2025-10-25T07:17:37.309820Z\",\"created_at\":\"2025-10-25T07:14:20.077504Z\"},{\"language_code\":\"ar\",\"values\":{\"logo\":\"https:\\/\\/posty-laravel.themedox.com\\/\\/uploads\\/media\\/392\\/logo_2025-10-25_07-14-19_00d04f24.png\",\"title\":\"\\u0645\\u062f\\u0648\\u0646\\u0629 \\u0627\\u0644\\u0623\\u062e\\u0628\\u0627\\u0631 \\u0648\\u0627\\u0644\\u0645\\u062c\\u0644\\u0627\\u062a \\u0628\\u0627\\u0633\\u062a\\u062e\\u062f\\u0627\\u0645 \\u0628\\u0631\\u0646\\u0627\\u0645\\u062c\",\"button_text\":\"\\u0627\\u0634\\u062a\\u0631\\u064a \\u0627\\u0644\\u0622\\u0646\",\"button_url\":\"\\/shop\",\"show_ad_banner_three\":\"1\"},\"updated_at\":\"2025-10-27T13:22:52.901047Z\",\"created_at\":\"2025-10-25T07:14:42.771710Z\"}]', NULL, 'en', 'active', NULL, '2025-10-25 07:14:19', '2025-10-27 13:22:52'),
(98, 'theme2_blog_sidebar_profile_section', 'content', 'theme2', '{\"profile_image\":\"https:\\/\\/posty-laravel.themedox.com\\/\\/uploads\\/media\\/393\\/profile_image_2025-10-25_07-15-43_f7c1e9e5.png\",\"title\":\"Hello, I&amp;#039;m James\",\"short_description\":\"Lorem ipsum dolor sit amet consectetur. Ut tellus suspendisse nulla aliquam. Risus rutrum tellus eget ultrices pretium.\",\"button_text\":\"About Me\",\"button_url\":\"\\/blog\\/author\\/1\",\"show_sidebar_profile\":\"1\"}', '[{\"language_code\":\"en\",\"values\":{\"profile_image\":\"https:\\/\\/posty-laravel.themedox.com\\/\\/uploads\\/media\\/393\\/profile_image_2025-10-25_07-15-43_f7c1e9e5.png\",\"title\":\"Hello, I&#039;m James\",\"short_description\":\"Lorem ipsum dolor sit amet consectetur. Ut tellus suspendisse nulla aliquam. Risus rutrum tellus eget ultrices pretium.\",\"button_text\":\"About Me\",\"button_url\":\"\\/blog\\/author\\/1\",\"show_sidebar_profile\":\"1\"},\"updated_at\":\"2025-10-25T07:15:43.236416Z\",\"created_at\":\"2025-10-25T07:15:43.236523Z\"},{\"language_code\":\"ar\",\"values\":{\"profile_image\":\"https:\\/\\/posty-laravel.themedox.com\\/\\/uploads\\/media\\/393\\/profile_image_2025-10-25_07-15-43_f7c1e9e5.png\",\"title\":\"\\u0645\\u0631\\u062d\\u0628\\u0627\\u064b\\u060c \\u0623\\u0646\\u0627 \\u062c\\u064a\\u0645\\u0633\",\"short_description\":\"\\u0645\\u0631\\u062d\\u0628\\u0627\\u064b\\u060c \\u0623\\u0646\\u0627 \\u062c\\u064a\\u0645\\u0633  \\u0645\\u0631\\u062d\\u0628\\u0627\\u064b\\u060c \\u0623\\u0646\\u0627 \\u062c\\u064a\\u0645\\u0633 \\u0645\\u0631\\u062d\\u0628\\u0627\\u064b\\u060c \\u0623\\u0646\\u0627 \\u062c\\u064a\\u0645\\u0633 \\u0645\\u0631\\u062d\\u0628\\u0627\\u064b\\u060c \\u0623\\u0646\\u0627 \\u062c\\u064a\\u0645\\u0633 \\u0645\\u0631\\u062d\\u0628\\u0627\\u064b\\u060c \\u0623\\u0646\\u0627 \\u062c\\u064a\\u0645\\u0633 \\u0645\\u0631\\u062d\\u0628\\u0627\\u064b\\u060c \\u0623\\u0646\\u0627 \\u062c\\u064a\\u0645\\u0633 \\u0645\\u0631\\u062d\\u0628\\u0627\\u064b\\u060c \\u0623\\u0646\\u0627 \\u062c\\u064a\\u0645\\u0633 \\u0645\\u0631\\u062d\\u0628\\u0627\\u064b\\u060c \\u0623\\u0646\\u0627 \\u062c\\u064a\\u0645\\u0633 \\u0645\\u0631\\u062d\\u0628\\u0627\\u064b\\u060c \\u0623\\u0646\\u0627 \\u062c\\u064a\\u0645\\u0633 \\u0645\\u0631\\u062d\\u0628\\u0627\\u064b\\u060c \\u0623\\u0646\\u0627 \\u062c\\u064a\\u0645\\u0633 \\u0645\\u0631\\u062d\\u0628\\u0627\\u064b\\u060c \\u0623\\u0646\\u0627 \\u062c\\u064a\\u0645\\u0633 \\u0645\\u0631\\u062d\\u0628\\u0627\\u064b\\u060c \\u0623\\u0646\\u0627 \\u062c\\u064a\\u0645\\u0633\",\"button_text\":\"\\u0652\\u0639\\u064e\\u0646\\u0651\\u0650\\u064a\",\"button_url\":\"\\/blog\\/author\\/1\",\"show_sidebar_profile\":\"1\"},\"updated_at\":\"2025-10-25T07:16:47.607289Z\",\"created_at\":\"2025-10-25T07:16:47.607381Z\"}]', NULL, 'en', 'active', NULL, '2025-10-25 07:15:43', '2025-10-25 07:16:47'),
(99, 'theme2_blog_newsletter_section', 'content', 'theme2', '{\"image\":\"https:\\/\\/posty-laravel.themedox.com\\/\\/uploads\\/media\\/394\\/image_2025-10-25_07-19-54_26eb8408.png\",\"title\":\"Get the best blog stories into your inbox!\",\"button_text\":\"Subscribe\",\"show_Newsletter\":\"1\"}', '[{\"language_code\":\"en\",\"values\":{\"image\":\"https:\\/\\/posty-laravel.themedox.com\\/\\/uploads\\/media\\/394\\/image_2025-10-25_07-19-54_26eb8408.png\",\"title\":\"Get the best blog stories into your inbox!\",\"button_text\":\"Subscribe\",\"show_Newsletter\":\"1\"},\"updated_at\":\"2025-10-25T07:19:55.021574Z\",\"created_at\":\"2025-10-25T07:19:55.021675Z\"},{\"language_code\":\"ar\",\"values\":{\"image\":\"https:\\/\\/posty-laravel.themedox.com\\/\\/uploads\\/media\\/394\\/image_2025-10-25_07-19-54_26eb8408.png\",\"title\":\"\\u0627\\u062d\\u0635\\u0644 \\u0639\\u0644\\u0649 \\u0623\\u0641\\u0636\\u0644 \\u0627\\u0644\\u0642\\u0635\\u0635 \\u0627\\u0644\\u0645\\u062f\\u0648\\u0646\\u0629 \\u0641\\u064a \\u0635\\u0646\\u062f\\u0648\\u0642 \\u0627\\u0644\\u0648\\u0627\\u0631\\u062f \\u0627\\u0644\\u062e\\u0627\\u0635 \\u0628\\u0643!\",\"button_text\":\"\\u064a\\u0634\\u062a\\u0631\\u0643\",\"show_Newsletter\":\"1\"},\"updated_at\":\"2025-10-25T07:20:31.528635Z\",\"created_at\":\"2025-10-25T07:20:31.528736Z\"}]', NULL, 'en', 'active', NULL, '2025-10-25 07:19:54', '2025-10-25 07:20:31');

-- --------------------------------------------------------

--
-- Table structure for table `subscriber_newsletters`
--

CREATE TABLE `subscriber_newsletters` (
  `id` bigint(20) UNSIGNED NOT NULL,
  `subscriber_id` bigint(20) UNSIGNED NOT NULL,
  `newsletter_id` bigint(20) UNSIGNED NOT NULL
) ENGINE=InnoDB DEFAULT CHARSET=utf8mb4 COLLATE=utf8mb4_unicode_ci;

-- --------------------------------------------------------

--
-- Table structure for table `taxonomies`
--

CREATE TABLE `taxonomies` (
  `id` bigint(20) UNSIGNED NOT NULL,
  `name` varchar(255) NOT NULL,
  `slug` varchar(255) NOT NULL,
  `description` text DEFAULT NULL,
  `taxonomy_type` varchar(255) DEFAULT NULL,
  `taxonomable_type` varchar(255) DEFAULT NULL,
  `taxonomable_id` bigint(20) UNSIGNED DEFAULT NULL,
  `parent_id` bigint(20) UNSIGNED DEFAULT NULL,
  `language_code` varchar(10) NOT NULL DEFAULT 'en',
  `status` tinyint(4) NOT NULL DEFAULT 1,
  `meta_data` longtext CHARACTER SET utf8mb4 COLLATE utf8mb4_bin DEFAULT NULL CHECK (json_valid(`meta_data`)),
  `sort_order` int(11) NOT NULL DEFAULT 0,
  `color` varchar(7) DEFAULT NULL,
  `icon` varchar(255) DEFAULT NULL,
  `created_at` timestamp NULL DEFAULT NULL,
  `updated_at` timestamp NULL DEFAULT NULL
) ENGINE=InnoDB DEFAULT CHARSET=utf8mb4 COLLATE=utf8mb4_unicode_ci;

--
-- Dumping data for table `taxonomies`
--

INSERT INTO `taxonomies` (`id`, `name`, `slug`, `description`, `taxonomy_type`, `taxonomable_type`, `taxonomable_id`, `parent_id`, `language_code`, `status`, `meta_data`, `sort_order`, `color`, `icon`, `created_at`, `updated_at`) VALUES
(1, 'Trending', 'trending-topics', 'Des', 'category', 'Modules\\Backend\\Models\\Blog', NULL, NULL, 'en', 1, '{\"is_featured\":\"0\"}', 0, NULL, NULL, '2025-09-29 15:38:01', '2025-10-16 12:22:36'),
(2, 'Community', 'community', 'Description', 'category', 'Modules\\Backend\\Models\\Blog', NULL, NULL, 'en', 1, '{\"is_featured\":\"0\"}', 0, NULL, NULL, '2025-09-29 15:40:53', '2025-10-16 12:22:36'),
(3, 'Updates', 'news-updates', 'Description', 'category', 'Modules\\Backend\\Models\\Blog', NULL, NULL, 'en', 1, '{\"is_featured\":\"0\"}', 0, NULL, NULL, '2025-09-29 15:45:22', '2025-10-16 12:22:37'),
(4, 'Opinion', 'opinion', 'Description', 'category', 'Modules\\Backend\\Models\\Blog', NULL, NULL, 'en', 1, '{\"is_featured\":\"0\"}', 0, NULL, NULL, '2025-09-29 15:46:18', '2025-10-16 12:22:37'),
(5, 'Featured', 'featured', 'Description', 'category', 'Modules\\Backend\\Models\\Blog', NULL, NULL, 'en', 1, '{\"is_featured\":\"0\"}', 0, NULL, NULL, '2025-09-29 15:47:06', '2025-10-16 12:22:38'),
(6, 'Insights', 'insights', 'Description', 'category', 'Modules\\Backend\\Models\\Blog', NULL, NULL, 'en', 1, '{\"is_featured\":\"0\"}', 0, NULL, NULL, '2025-09-29 15:47:41', '2025-10-25 06:02:29'),
(7, 'Recent News', 'recent-news', 'Description', 'tag', 'Modules\\Backend\\Models\\Blog', NULL, NULL, 'en', 1, NULL, 0, NULL, NULL, '2025-09-29 15:55:17', '2025-09-29 15:55:17'),
(8, 'Adventure', 'adventure', 'Description', 'tag', 'Modules\\Backend\\Models\\Blog', NULL, NULL, 'en', 1, NULL, 0, NULL, NULL, '2025-09-29 15:55:40', '2025-09-29 15:55:40'),
(9, 'Art And Design', 'art-design', 'Description', 'tag', 'Modules\\Backend\\Models\\Blog', NULL, NULL, 'en', 1, NULL, 0, NULL, NULL, '2025-09-29 15:56:12', '2025-10-11 15:48:44'),
(10, 'Travel', 'travel', 'Description', 'tag', 'Modules\\Backend\\Models\\Blog', NULL, NULL, 'en', 1, NULL, 0, NULL, NULL, '2025-09-29 15:59:32', '2025-09-29 15:59:32'),
(11, 'Technology', 'technology', 'Description', 'tag', 'Modules\\Backend\\Models\\Blog', NULL, NULL, 'en', 1, NULL, 0, NULL, NULL, '2025-09-29 16:01:01', '2025-09-29 16:01:01'),
(12, 'Food And Recipes', 'food-recipes', 'Description', 'tag', 'Modules\\Backend\\Models\\Blog', NULL, NULL, 'en', 1, NULL, 0, NULL, NULL, '2025-09-29 16:01:25', '2025-10-11 16:06:07'),
(13, 'Education', 'education', 'Description', 'tag', 'Modules\\Backend\\Models\\Blog', NULL, NULL, 'en', 1, NULL, 0, NULL, NULL, '2025-09-29 16:01:40', '2025-09-29 16:01:40'),
(14, 'Sports', 'sports', 'Description', 'tag', 'Modules\\Backend\\Models\\Blog', NULL, NULL, 'en', 1, NULL, 0, NULL, NULL, '2025-09-29 16:01:58', '2025-09-29 16:01:58'),
(15, 'Health And Fitness', 'health-fitness', 'Description', 'tag', 'Modules\\Backend\\Models\\Blog', NULL, NULL, 'en', 1, NULL, 0, NULL, NULL, '2025-09-29 16:02:17', '2025-10-11 16:06:29'),
(16, 'Science And Innovation', 'science-innovation', 'Description', 'tag', 'Modules\\Backend\\Models\\Blog', NULL, NULL, 'en', 1, NULL, 0, NULL, NULL, '2025-09-29 16:02:51', '2025-10-11 16:06:49'),
(17, 'Canon', 'canon', 'Description', 'brand', 'Modules\\Backend\\Models\\Product', NULL, NULL, 'en', 1, NULL, 0, NULL, NULL, '2025-09-29 17:19:51', '2025-09-29 17:19:51'),
(18, 'Electronics', 'electronics', 'Description', 'category', 'Modules\\Backend\\Models\\Product', NULL, NULL, 'en', 1, NULL, 0, NULL, NULL, '2025-09-29 17:22:44', '2025-09-29 17:22:44'),
(19, 'Best Deals', 'best-deals', 'Description', 'tag', 'Modules\\Backend\\Models\\Product', NULL, NULL, 'en', 1, NULL, 0, NULL, NULL, '2025-09-29 17:25:45', '2025-09-29 17:25:45'),
(20, 'New Arrivals', 'new-arrivals', 'Description', 'tag', 'Modules\\Backend\\Models\\Product', NULL, NULL, 'en', 1, NULL, 0, NULL, NULL, '2025-09-29 17:26:04', '2025-09-29 17:26:04'),
(21, 'Top Selling', 'top-selling', 'Description', 'tag', 'Modules\\Backend\\Models\\Product', NULL, NULL, 'en', 1, NULL, 0, NULL, NULL, '2025-09-29 17:26:26', '2025-09-29 17:26:26'),
(22, 'Discount Offers', 'discount-offers', 'Description', 'tag', 'Modules\\Backend\\Models\\Product', NULL, NULL, 'en', 1, NULL, 0, NULL, NULL, '2025-09-29 17:26:46', '2025-09-29 17:26:46'),
(23, 'Trending Now', 'trending-now', 'Description', 'tag', 'Modules\\Backend\\Models\\Product', NULL, NULL, 'en', 1, NULL, 0, NULL, NULL, '2025-09-29 17:27:02', '2025-09-29 17:27:02'),
(24, 'Exclusive Products', 'exclusive-products', 'Description', 'tag', 'Modules\\Backend\\Models\\Product', NULL, NULL, 'en', 1, NULL, 0, NULL, NULL, '2025-09-29 17:27:25', '2025-09-29 17:27:25'),
(25, 'Samsung', 'samsung', 'Description', 'brand', 'Modules\\Backend\\Models\\Product', NULL, NULL, 'en', 1, NULL, 0, NULL, NULL, '2025-09-30 02:40:53', '2025-09-30 02:40:53'),
(26, 'Apple', 'apple', 'Description', 'brand', 'Modules\\Backend\\Models\\Product', NULL, NULL, 'en', 1, NULL, 0, NULL, NULL, '2025-09-30 02:47:44', '2025-09-30 02:47:44'),
(29, 'Smartphone', 'smartphone', 'Description', 'category', 'Modules\\Backend\\Models\\Product', NULL, NULL, 'en', 1, NULL, 0, NULL, NULL, '2025-09-30 05:32:30', '2025-09-30 05:32:30'),
(30, 'Watch', 'watch', 'Description', 'category', 'Modules\\Backend\\Models\\Product', NULL, NULL, 'en', 1, NULL, 0, NULL, NULL, '2025-09-30 05:33:01', '2025-10-01 14:51:17'),
(31, 'Camera', 'camera', 'Description', 'category', 'Modules\\Backend\\Models\\Product', NULL, NULL, 'en', 1, NULL, 0, NULL, NULL, '2025-09-30 05:34:26', '2025-09-30 05:34:26'),
(32, 'Woodland', 'woodland', 'Description', 'brand', 'Modules\\Backend\\Models\\Product', NULL, NULL, 'en', 1, NULL, 0, NULL, NULL, '2025-09-30 05:36:34', '2025-09-30 05:36:34'),
(33, 'Realme', 'realme', 'Description', 'brand', 'Modules\\Backend\\Models\\Product', NULL, NULL, 'en', 1, NULL, 0, NULL, NULL, '2025-09-30 05:37:08', '2025-09-30 05:37:08'),
(34, 'Taran', 'taran', 'Description', 'brand', 'Modules\\Backend\\Models\\Product', NULL, NULL, 'en', 1, NULL, 0, NULL, NULL, '2025-09-30 05:37:42', '2025-09-30 05:37:42'),
(35, 'Monos', 'monos', 'Description', 'brand', 'Modules\\Backend\\Models\\Product', NULL, NULL, 'en', 1, NULL, 0, NULL, NULL, '2025-09-30 05:38:06', '2025-09-30 05:38:06'),
(42, 'الأكثر رواجًا', 'الأكثر-رواجًا', 'وصف', 'category', 'Modules\\Backend\\Models\\Blog', NULL, NULL, 'ar', 1, '{\"is_featured\":\"1\"}', 0, NULL, NULL, '2025-10-15 16:04:02', '2025-10-16 09:56:29'),
(43, 'مجتمع', 'مجتمع', 'وصف', 'category', 'Modules\\Backend\\Models\\Blog', NULL, NULL, 'ar', 1, '{\"is_featured\":\"0\"}', 0, NULL, NULL, '2025-10-15 16:05:37', '2025-10-25 05:59:06'),
(44, 'التحديثات', 'التحديثات', 'وصف', 'category', 'Modules\\Backend\\Models\\Blog', NULL, NULL, 'ar', 1, '{\"is_featured\":\"0\"}', 0, NULL, NULL, '2025-10-15 16:07:50', '2025-10-25 05:59:20'),
(45, 'رأي', 'رأي', 'وصف', 'category', 'Modules\\Backend\\Models\\Blog', NULL, NULL, 'ar', 1, '{\"is_featured\":\"0\"}', 0, NULL, NULL, '2025-10-15 16:09:38', '2025-10-25 06:00:32'),
(46, 'مميز', 'مميز', 'وصف', 'category', 'Modules\\Backend\\Models\\Blog', NULL, NULL, 'ar', 1, '{\"is_featured\":\"0\"}', 0, NULL, NULL, '2025-10-15 16:11:47', '2025-10-25 05:59:44'),
(47, 'رؤى', 'رؤى', 'وصف', 'category', 'Modules\\Backend\\Models\\Blog', NULL, NULL, 'ar', 1, '{\"is_featured\":\"0\"}', 0, NULL, NULL, '2025-10-15 16:12:26', '2025-10-25 06:01:26');

-- --------------------------------------------------------

--
-- Table structure for table `taxonomy_translations`
--

CREATE TABLE `taxonomy_translations` (
  `id` bigint(20) UNSIGNED NOT NULL,
  `original_taxonomy_id` bigint(20) UNSIGNED NOT NULL,
  `translated_taxonomy_id` bigint(20) UNSIGNED NOT NULL,
  `language_code` varchar(10) NOT NULL,
  `status` varchar(20) NOT NULL DEFAULT 'published',
  `created_at` timestamp NULL DEFAULT NULL,
  `updated_at` timestamp NULL DEFAULT NULL
) ENGINE=InnoDB DEFAULT CHARSET=utf8mb4 COLLATE=utf8mb4_unicode_ci;

--
-- Dumping data for table `taxonomy_translations`
--

INSERT INTO `taxonomy_translations` (`id`, `original_taxonomy_id`, `translated_taxonomy_id`, `language_code`, `status`, `created_at`, `updated_at`) VALUES
(2, 1, 42, 'ar', 'published', '2025-10-15 16:04:02', '2025-10-15 16:04:02'),
(3, 2, 43, 'ar', 'published', '2025-10-15 16:05:37', '2025-10-15 16:05:37'),
(4, 3, 44, 'ar', 'published', '2025-10-15 16:07:50', '2025-10-15 16:07:50'),
(5, 4, 45, 'ar', 'published', '2025-10-15 16:09:38', '2025-10-15 16:09:38'),
(6, 5, 46, 'ar', 'published', '2025-10-15 16:11:47', '2025-10-15 16:11:47'),
(7, 6, 47, 'ar', 'published', '2025-10-15 16:12:26', '2025-10-15 16:12:26');

-- --------------------------------------------------------

--
-- Table structure for table `telescope_entries`
--

CREATE TABLE `telescope_entries` (
  `sequence` bigint(20) UNSIGNED NOT NULL,
  `uuid` char(36) NOT NULL,
  `batch_id` char(36) NOT NULL,
  `family_hash` varchar(255) DEFAULT NULL,
  `should_display_on_index` tinyint(1) NOT NULL DEFAULT 1,
  `type` varchar(20) NOT NULL,
  `content` longtext NOT NULL,
  `created_at` datetime DEFAULT NULL
) ENGINE=InnoDB DEFAULT CHARSET=utf8mb4 COLLATE=utf8mb4_unicode_ci;

-- --------------------------------------------------------

--
-- Table structure for table `telescope_entries_tags`
--

CREATE TABLE `telescope_entries_tags` (
  `entry_uuid` char(36) NOT NULL,
  `tag` varchar(255) NOT NULL
) ENGINE=InnoDB DEFAULT CHARSET=utf8mb4 COLLATE=utf8mb4_unicode_ci;

-- --------------------------------------------------------

--
-- Table structure for table `telescope_monitoring`
--

CREATE TABLE `telescope_monitoring` (
  `tag` varchar(255) NOT NULL
) ENGINE=InnoDB DEFAULT CHARSET=utf8mb4 COLLATE=utf8mb4_unicode_ci;

-- --------------------------------------------------------

--
-- Table structure for table `test_orders`
--

CREATE TABLE `test_orders` (
  `id` bigint(20) UNSIGNED NOT NULL,
  `order_number` varchar(255) NOT NULL,
  `total_amount` decimal(10,2) NOT NULL,
  `currency` varchar(3) NOT NULL DEFAULT 'USD',
  `description` text DEFAULT NULL,
  `customer_name` varchar(255) NOT NULL,
  `customer_email` varchar(255) NOT NULL,
  `billing_address` longtext CHARACTER SET utf8mb4 COLLATE utf8mb4_bin DEFAULT NULL CHECK (json_valid(`billing_address`)),
  `items` longtext CHARACTER SET utf8mb4 COLLATE utf8mb4_bin DEFAULT NULL CHECK (json_valid(`items`)),
  `metadata` longtext CHARACTER SET utf8mb4 COLLATE utf8mb4_bin DEFAULT NULL CHECK (json_valid(`metadata`)),
  `status` enum('pending','completed','failed','cancelled') NOT NULL DEFAULT 'pending',
  `payment_id` varchar(255) DEFAULT NULL,
  `failure_reason` text DEFAULT NULL,
  `paid_at` timestamp NULL DEFAULT NULL,
  `cancelled_at` timestamp NULL DEFAULT NULL,
  `created_at` timestamp NULL DEFAULT NULL,
  `updated_at` timestamp NULL DEFAULT NULL
) ENGINE=InnoDB DEFAULT CHARSET=utf8mb4 COLLATE=utf8mb4_unicode_ci;

-- --------------------------------------------------------

--
-- Table structure for table `updates`
--

CREATE TABLE `updates` (
  `id` bigint(20) UNSIGNED NOT NULL,
  `version` varchar(255) NOT NULL,
  `title` varchar(255) NOT NULL,
  `description` text DEFAULT NULL,
  `changelog` longtext DEFAULT NULL,
  `file_path` varchar(255) DEFAULT NULL,
  `file_size` bigint(20) DEFAULT NULL,
  `status` enum('pending','installing','completed','failed','rolled_back') NOT NULL DEFAULT 'pending',
  `uploaded_by` bigint(20) UNSIGNED DEFAULT NULL,
  `installed_at` timestamp NULL DEFAULT NULL,
  `completed_at` timestamp NULL DEFAULT NULL,
  `rolled_back_at` timestamp NULL DEFAULT NULL,
  `backup_path` varchar(255) DEFAULT NULL,
  `extract_path` varchar(255) DEFAULT NULL,
  `error_message` text DEFAULT NULL,
  `package_info` longtext CHARACTER SET utf8mb4 COLLATE utf8mb4_bin DEFAULT NULL CHECK (json_valid(`package_info`)),
  `created_at` timestamp NULL DEFAULT NULL,
  `updated_at` timestamp NULL DEFAULT NULL
) ENGINE=InnoDB DEFAULT CHARSET=utf8mb4 COLLATE=utf8mb4_unicode_ci;

-- --------------------------------------------------------

--
-- Table structure for table `user_metas`
--

CREATE TABLE `user_metas` (
  `id` bigint(20) UNSIGNED NOT NULL,
  `user_id` bigint(20) UNSIGNED NOT NULL,
  `meta_key` varchar(255) NOT NULL,
  `meta_value` longtext DEFAULT NULL,
  `created_at` timestamp NULL DEFAULT NULL,
  `updated_at` timestamp NULL DEFAULT NULL
) ENGINE=InnoDB DEFAULT CHARSET=utf8mb4 COLLATE=utf8mb4_unicode_ci;

--
-- Dumping data for table `user_metas`
--

INSERT INTO `user_metas` (`id`, `user_id`, `meta_key`, `meta_value`, `created_at`, `updated_at`) VALUES
(1, 1, 'phone', '123-343-4444', '2025-09-29 14:10:00', '2025-09-29 14:31:07'),
(2, 1, 'skill', 'PHP, Laravel, JavaScript, Full Stack Web Developer, Laravel Developer, PHP Developer', '2025-09-29 14:10:00', '2025-09-29 14:31:07'),
(3, 1, 'bio', 'I am a passionate Full Stack Web Developer with strong expertise in PHP, Laravel, and JavaScript. Over the years, I’ve built and maintained numerous dynamic, scalable, and user-friendly web applications. My primary focus is on backend development using Laravel, where I create efficient APIs, implement authentication systems, and design well-structured databases. On the frontend, I leverage modern JavaScript frameworks to build responsive and interactive user interfaces that enhance user experience.', '2025-09-29 14:10:00', '2025-10-15 13:12:20'),
(4, 1, 'facebook_link', 'https://www.facebook.com/', '2025-09-29 14:10:00', '2025-10-12 01:04:14'),
(5, 1, 'x_link', 'https://www.x.com', '2025-09-29 14:10:00', '2025-09-29 14:31:07'),
(6, 1, 'linkedin_link', 'https://www.linkedin.com', '2025-09-29 14:10:00', '2025-09-29 14:31:07'),
(7, 1, 'instagram_link', 'https://www.instagram.com', '2025-09-29 14:10:00', '2025-09-29 14:31:07'),
(8, 1, 'youtube_link', 'https://www.instagram.com', '2025-09-29 14:10:00', '2025-10-01 14:45:38'),
(9, 1, 'pinterest_link', 'https://www.pinterest.com', '2025-09-29 14:10:00', '2025-09-29 14:31:07'),
(10, 1, 'designation', 'Full Stack Web Developer', '2025-09-29 14:10:00', '2025-09-29 14:31:07'),
(11, 4, 'facebook_link', 'https://www.chartjs.org/', '2025-10-01 13:32:39', '2025-10-01 13:32:39'),
(12, 4, 'x_link', '', '2025-10-01 13:32:39', '2025-10-01 13:32:39'),
(13, 4, 'linkedin_link', '', '2025-10-01 13:32:39', '2025-10-01 13:32:39'),
(14, 4, 'instagram_link', '', '2025-10-01 13:32:39', '2025-10-01 13:32:39'),
(15, 4, 'youtube_link', '', '2025-10-01 13:32:39', '2025-10-01 13:32:39'),
(16, 4, 'pinterest_link', '', '2025-10-01 13:32:39', '2025-10-01 13:32:39'),
(17, 4, 'phone', '01245785021', '2025-10-01 13:32:39', '2025-10-01 13:32:39'),
(18, 4, 'bio', 'asadasdfadf', '2025-10-01 13:32:39', '2025-10-01 13:32:39'),
(19, 5, 'facebook_link', '', '2025-10-02 05:15:43', '2025-10-02 05:15:43'),
(20, 5, 'x_link', '', '2025-10-02 05:15:43', '2025-10-02 05:15:43'),
(21, 5, 'linkedin_link', '', '2025-10-02 05:15:43', '2025-10-02 05:15:43'),
(22, 5, 'instagram_link', '', '2025-10-02 05:15:43', '2025-10-02 05:15:43'),
(23, 5, 'youtube_link', '', '2025-10-02 05:15:43', '2025-10-02 05:15:43'),
(24, 5, 'pinterest_link', '', '2025-10-02 05:15:43', '2025-10-02 05:15:43'),
(25, 5, 'phone', '01729542809', '2025-10-02 05:15:43', '2025-10-02 05:15:43'),
(26, 5, 'bio', '', '2025-10-02 05:15:43', '2025-10-02 05:15:43'),
(27, 6, 'avatar', '/home/u670559785/domains/themedox.com/public_html/zaira/public/users/avatars/6.jpg', '2025-10-11 17:40:01', '2025-10-11 17:40:01'),
(28, 1, 'author_status', 'approved', '2025-10-13 12:17:03', '2025-10-20 15:26:49'),
(29, 2, 'phone', '+1 (123) 456-7890', '2025-10-16 07:49:13', '2025-10-16 07:50:23'),
(30, 2, 'skill', 'Visa application procedures, Immigration regulations, Document verification, Analytical skills', '2025-10-16 07:49:13', '2025-10-20 15:18:27'),
(31, 2, 'bio', 'A Visa Processing Officer is a highly organized and detail-oriented professional responsible for managing and facilitating the visa application process for individuals and organizations. With extensive knowledge of immigration laws, visa regulations, and international travel policies, they ensure that applicants meet all the necessary criteria for obtaining visas efficiently and accurately.\r\n\r\nA typical Visa Processing Officer handles tasks such as reviewing visa applications, verifying supporting documents, conducting preliminary background checks, liaising with embassies or consulates, and guiding applicants through the entire process. They play a crucial role in maintaining compliance with legal and procedural requirements while delivering excellent customer service.', '2025-10-16 07:49:13', '2025-10-20 15:17:52'),
(32, 2, 'facebook_link', 'https://www.facebook.com/', '2025-10-16 07:49:13', '2025-10-16 07:50:23'),
(33, 2, 'x_link', 'https://x.com', '2025-10-16 07:49:13', '2025-10-16 07:50:23'),
(34, 2, 'linkedin_link', 'https://www.linkedin.com', '2025-10-16 07:49:13', '2025-10-16 07:50:23'),
(35, 2, 'instagram_link', 'https://www.instagram.com', '2025-10-16 07:49:13', '2025-10-16 07:50:23'),
(36, 2, 'youtube_link', 'https://www.instagram.com', '2025-10-16 07:49:13', '2025-10-20 15:17:52'),
(37, 2, 'pinterest_link', 'https://www.pinterest.com', '2025-10-16 07:49:13', '2025-10-16 07:50:23'),
(38, 2, 'designation', 'Visa Processing Officer', '2025-10-16 07:49:13', '2025-10-16 07:50:23'),
(39, 3, 'facebook_link', 'https://www.facebook.com/', '2025-10-19 16:34:53', '2025-10-19 16:53:05'),
(40, 3, 'x_link', 'https://x.com/home', '2025-10-19 16:34:53', '2025-10-19 16:53:05'),
(41, 3, 'linkedin_link', 'https://www.linkedin.com', '2025-10-19 16:34:53', '2025-10-19 16:53:05'),
(42, 3, 'instagram_link', 'https://www.instagram.com', '2025-10-19 16:34:53', '2025-10-19 16:53:05'),
(43, 3, 'youtube_link', 'https://www.instagram.com', '2025-10-19 16:34:53', '2025-10-19 16:53:20'),
(44, 3, 'pinterest_link', 'https://www.pinterest.com', '2025-10-19 16:34:53', '2025-10-19 16:53:05'),
(45, 3, 'phone', '+1 (123) 456-7890', '2025-10-19 16:34:53', '2025-10-19 16:53:20'),
(46, 3, 'bio', 'As a dedicated Visa Processing Officer, I specialize in managing and facilitating visa applications with precision, efficiency, and a strong commitment to client satisfaction. With extensive knowledge of immigration regulations, documentation requirements, and international travel procedures, I ensure every application is handled accurately and promptly.\r\n\r\nI possess excellent organizational and communication skills, enabling smooth coordination between applicants, embassies, and government authorities. My focus is on providing clear guidance, minimizing errors, and streamlining the visa approval process for individuals and organizations alike.\r\n\r\nWhether assisting with student, work, or travel visas, I strive to deliver reliable service and maintain the highest standards of integrity, confidentiality, and professionalism throughout every stage of visa processing.', '2025-10-19 16:34:53', '2025-10-20 10:27:57'),
(47, 3, 'skill', 'JavaScript, Vue.js, Tailwind CSS', '2025-10-19 16:37:02', '2025-10-19 16:53:20'),
(48, 3, 'designation', 'Visa Processing Officer', '2025-10-19 16:37:02', '2025-10-19 16:53:20'),
(49, 3, 'author_status', 'approved', '2025-10-19 16:37:02', '2025-10-19 16:37:02');

-- --------------------------------------------------------

--
-- Table structure for table `wishlists`
--

CREATE TABLE `wishlists` (
  `id` bigint(20) UNSIGNED NOT NULL,
  `user_id` bigint(20) UNSIGNED NOT NULL,
  `wishlistable_type` varchar(255) NOT NULL,
  `wishlistable_id` bigint(20) UNSIGNED NOT NULL,
  `created_at` timestamp NULL DEFAULT NULL,
  `updated_at` timestamp NULL DEFAULT NULL
) ENGINE=InnoDB DEFAULT CHARSET=utf8mb4 COLLATE=utf8mb4_unicode_ci;

--
-- Dumping data for table `wishlists`
--

INSERT INTO `wishlists` (`id`, `user_id`, `wishlistable_type`, `wishlistable_id`, `created_at`, `updated_at`) VALUES
(2, 1, 'Modules\\Backend\\Models\\Product', 15, '2025-10-09 15:34:19', '2025-10-09 15:34:19'),
(8, 2, 'Modules\\Backend\\Models\\Product', 11, '2025-10-16 07:58:54', '2025-10-16 07:58:54'),
(9, 2, 'Modules\\Backend\\Models\\Product', 12, '2025-10-16 07:58:56', '2025-10-16 07:58:56'),
(10, 2, 'Modules\\Backend\\Models\\Product', 13, '2025-10-16 07:58:57', '2025-10-16 07:58:57'),
(11, 2, 'Modules\\Backend\\Models\\Product', 14, '2025-10-16 07:58:59', '2025-10-16 07:58:59'),
(12, 2, 'Modules\\Backend\\Models\\Product', 15, '2025-10-16 07:59:01', '2025-10-16 07:59:01'),
(13, 2, 'Modules\\Backend\\Models\\Product', 16, '2025-10-16 07:59:02', '2025-10-16 07:59:02'),
(14, 2, 'Modules\\Backend\\Models\\Product', 17, '2025-10-16 07:59:05', '2025-10-16 07:59:05'),
(15, 2, 'Modules\\Backend\\Models\\Product', 18, '2025-10-16 07:59:07', '2025-10-16 07:59:07'),
(16, 2, 'Modules\\Backend\\Models\\Product', 19, '2025-10-16 07:59:08', '2025-10-16 07:59:08'),
(17, 1, 'Modules\\Backend\\Models\\Product', 19, '2025-10-18 06:39:41', '2025-10-18 06:39:41'),
(18, 1, 'Modules\\Backend\\Models\\Product', 13, '2025-10-19 04:48:14', '2025-10-19 04:48:14'),
(19, 1, 'Modules\\Backend\\Models\\Product', 16, '2025-10-19 04:48:16', '2025-10-19 04:48:16'),
(20, 1, 'Modules\\Backend\\Models\\Product', 14, '2025-10-19 04:48:16', '2025-10-19 04:48:16'),
(21, 3, 'Modules\\Backend\\Models\\Product', 11, '2025-10-19 17:09:18', '2025-10-19 17:09:18'),
(22, 3, 'Modules\\Backend\\Models\\Product', 12, '2025-10-19 17:09:20', '2025-10-19 17:09:20'),
(23, 3, 'Modules\\Backend\\Models\\Product', 13, '2025-10-19 17:09:21', '2025-10-19 17:09:21'),
(24, 3, 'Modules\\Backend\\Models\\Product', 16, '2025-10-19 17:09:23', '2025-10-19 17:09:23'),
(25, 3, 'Modules\\Backend\\Models\\Product', 15, '2025-10-19 17:09:25', '2025-10-19 17:09:25'),
(26, 3, 'Modules\\Backend\\Models\\Product', 14, '2025-10-19 17:09:26', '2025-10-19 17:09:26'),
(27, 3, 'Modules\\Backend\\Models\\Product', 17, '2025-10-19 17:09:28', '2025-10-19 17:09:28'),
(28, 3, 'Modules\\Backend\\Models\\Product', 18, '2025-10-19 17:09:29', '2025-10-19 17:09:29'),
(29, 3, 'Modules\\Backend\\Models\\Product', 19, '2025-10-19 17:09:30', '2025-10-19 17:09:30');

--
-- Indexes for dumped tables
--

--
-- Indexes for table `cache`
--
ALTER TABLE `cache`
  ADD PRIMARY KEY (`key`);

--
-- Indexes for table `cache_locks`
--
ALTER TABLE `cache_locks`
  ADD PRIMARY KEY (`key`);

--
-- Indexes for table `carts`
--
ALTER TABLE `carts`
  ADD PRIMARY KEY (`id`),
  ADD KEY `carts_cartable_type_cartable_id_index` (`cartable_type`,`cartable_id`);

--
-- Indexes for table `comments`
--
ALTER TABLE `comments`
  ADD PRIMARY KEY (`id`),
  ADD KEY `comments_commentable_type_commentable_id_index` (`commentable_type`,`commentable_id`),
  ADD KEY `comments_user_id_status_index` (`user_id`,`status`),
  ADD KEY `comments_parent_id_index` (`parent_id`),
  ADD KEY `comments_status_created_at_index` (`status`,`created_at`);

--
-- Indexes for table `contact_messages`
--
ALTER TABLE `contact_messages`
  ADD PRIMARY KEY (`id`),
  ADD KEY `contact_messages_status_index` (`status`),
  ADD KEY `contact_messages_priority_index` (`priority`),
  ADD KEY `contact_messages_created_at_index` (`created_at`),
  ADD KEY `contact_messages_status_priority_index` (`status`,`priority`);

--
-- Indexes for table `contents`
--
ALTER TABLE `contents`
  ADD PRIMARY KEY (`id`),
  ADD UNIQUE KEY `contents_slug_language_code_unique` (`slug`,`language_code`),
  ADD UNIQUE KEY `contents_uuid_unique` (`uuid`),
  ADD KEY `contents_status_language_code_index` (`status`,`language_code`),
  ADD KEY `contents_author_id_published_at_index` (`author_id`,`published_at`),
  ADD KEY `contents_parent_id_index` (`parent_id`),
  ADD KEY `contents_published_at_status_index` (`published_at`,`status`),
  ADD KEY `contents_published_at_index` (`published_at`);

--
-- Indexes for table `content_metas`
--
ALTER TABLE `content_metas`
  ADD PRIMARY KEY (`id`),
  ADD UNIQUE KEY `content_metas_content_id_meta_key_unique` (`content_id`,`meta_key`),
  ADD KEY `content_metas_meta_key_index` (`meta_key`);

--
-- Indexes for table `content_taxonomies`
--
ALTER TABLE `content_taxonomies`
  ADD PRIMARY KEY (`id`),
  ADD UNIQUE KEY `content_taxonomies_content_id_taxonomy_id_unique` (`content_id`,`taxonomy_id`),
  ADD KEY `content_taxonomies_taxonomy_id_index` (`taxonomy_id`);

--
-- Indexes for table `content_translations`
--
ALTER TABLE `content_translations`
  ADD PRIMARY KEY (`id`),
  ADD UNIQUE KEY `content_translations_original_content_id_language_code_unique` (`original_content_id`,`language_code`),
  ADD KEY `content_translations_translated_content_id_index` (`translated_content_id`);

--
-- Indexes for table `conversations`
--
ALTER TABLE `conversations`
  ADD PRIMARY KEY (`id`);

--
-- Indexes for table `conversation_messages`
--
ALTER TABLE `conversation_messages`
  ADD PRIMARY KEY (`id`);

--
-- Indexes for table `currencies`
--
ALTER TABLE `currencies`
  ADD PRIMARY KEY (`id`),
  ADD UNIQUE KEY `currencies_name_unique` (`name`),
  ADD UNIQUE KEY `currencies_code_unique` (`code`);

--
-- Indexes for table `failed_jobs`
--
ALTER TABLE `failed_jobs`
  ADD PRIMARY KEY (`id`),
  ADD UNIQUE KEY `failed_jobs_uuid_unique` (`uuid`);

--
-- Indexes for table `files`
--
ALTER TABLE `files`
  ADD PRIMARY KEY (`id`),
  ADD KEY `files_fileable_type_fileable_id_index` (`fileable_type`,`fileable_id`),
  ADD KEY `files_user_id_foreign` (`user_id`);

--
-- Indexes for table `frontends`
--
ALTER TABLE `frontends`
  ADD PRIMARY KEY (`id`);

--
-- Indexes for table `jobs`
--
ALTER TABLE `jobs`
  ADD PRIMARY KEY (`id`),
  ADD KEY `jobs_queue_index` (`queue`);

--
-- Indexes for table `job_batches`
--
ALTER TABLE `job_batches`
  ADD PRIMARY KEY (`id`);

--
-- Indexes for table `languages`
--
ALTER TABLE `languages`
  ADD PRIMARY KEY (`id`),
  ADD UNIQUE KEY `languages_code_unique` (`code`),
  ADD KEY `languages_is_active_sort_order_index` (`is_active`,`sort_order`);

--
-- Indexes for table `media`
--
ALTER TABLE `media`
  ADD PRIMARY KEY (`id`),
  ADD UNIQUE KEY `media_uuid_unique` (`uuid`),
  ADD KEY `media_model_type_model_id_index` (`model_type`,`model_id`),
  ADD KEY `media_order_column_index` (`order_column`);

--
-- Indexes for table `menus`
--
ALTER TABLE `menus`
  ADD PRIMARY KEY (`id`),
  ADD UNIQUE KEY `menus_name_unique` (`name`),
  ADD UNIQUE KEY `menus_slug_unique` (`slug`);

--
-- Indexes for table `menu_items`
--
ALTER TABLE `menu_items`
  ADD PRIMARY KEY (`id`),
  ADD KEY `menu_items_menu_id_foreign` (`menu_id`);

--
-- Indexes for table `migrations`
--
ALTER TABLE `migrations`
  ADD PRIMARY KEY (`id`);

--
-- Indexes for table `model_has_permissions`
--
ALTER TABLE `model_has_permissions`
  ADD PRIMARY KEY (`permission_id`,`model_id`,`model_type`),
  ADD KEY `model_has_permissions_model_id_model_type_index` (`model_id`,`model_type`);

--
-- Indexes for table `model_has_roles`
--
ALTER TABLE `model_has_roles`
  ADD PRIMARY KEY (`role_id`,`model_id`,`model_type`),
  ADD KEY `model_has_roles_model_id_model_type_index` (`model_id`,`model_type`);

--
-- Indexes for table `newsletters`
--
ALTER TABLE `newsletters`
  ADD PRIMARY KEY (`id`);

--
-- Indexes for table `notifications`
--
ALTER TABLE `notifications`
  ADD PRIMARY KEY (`id`),
  ADD KEY `notifications_notifiable_type_notifiable_id_index` (`notifiable_type`,`notifiable_id`);

--
-- Indexes for table `options`
--
ALTER TABLE `options`
  ADD PRIMARY KEY (`id`),
  ADD UNIQUE KEY `options_key_unique` (`key`);

--
-- Indexes for table `orders`
--
ALTER TABLE `orders`
  ADD PRIMARY KEY (`id`),
  ADD UNIQUE KEY `orders_order_number_unique` (`order_number`),
  ADD KEY `orders_user_id_index` (`user_id`),
  ADD KEY `orders_status_index` (`status`),
  ADD KEY `orders_payment_status_index` (`payment_status`),
  ADD KEY `orders_order_number_index` (`order_number`),
  ADD KEY `orders_created_at_index` (`created_at`);

--
-- Indexes for table `order_items`
--
ALTER TABLE `order_items`
  ADD PRIMARY KEY (`id`),
  ADD KEY `order_items_orderable_type_orderable_id_index` (`orderable_type`,`orderable_id`),
  ADD KEY `order_items_order_id_index` (`order_id`),
  ADD KEY `order_items_status_index` (`status`);

--
-- Indexes for table `pages`
--
ALTER TABLE `pages`
  ADD PRIMARY KEY (`id`),
  ADD UNIQUE KEY `pages_slug_unique` (`slug`);

--
-- Indexes for table `page_contents`
--
ALTER TABLE `page_contents`
  ADD PRIMARY KEY (`id`),
  ADD KEY `page_contents_page_id_foreign` (`page_id`);

--
-- Indexes for table `password_reset_tokens`
--
ALTER TABLE `password_reset_tokens`
  ADD PRIMARY KEY (`email`);

--
-- Indexes for table `payment_histories`
--
ALTER TABLE `payment_histories`
  ADD PRIMARY KEY (`id`),
  ADD KEY `payment_histories_payer_type_payer_id_index` (`payer_type`,`payer_id`),
  ADD KEY `payment_histories_paymentable_type_paymentable_id_index` (`paymentable_type`,`paymentable_id`),
  ADD KEY `payment_histories_payment_method_foreign` (`payment_method`),
  ADD KEY `payment_histories_module_index` (`module`);

--
-- Indexes for table `payment_methods`
--
ALTER TABLE `payment_methods`
  ADD PRIMARY KEY (`id`),
  ADD UNIQUE KEY `payment_methods_driver_unique` (`driver`);

--
-- Indexes for table `payment_method_translations`
--
ALTER TABLE `payment_method_translations`
  ADD PRIMARY KEY (`id`),
  ADD UNIQUE KEY `payment_method_locale_unique` (`payment_method_id`,`locale`),
  ADD KEY `payment_method_translations_payment_method_id_index` (`payment_method_id`),
  ADD KEY `payment_method_translations_locale_index` (`locale`);

--
-- Indexes for table `permissions`
--
ALTER TABLE `permissions`
  ADD PRIMARY KEY (`id`),
  ADD UNIQUE KEY `permissions_name_guard_name_unique` (`name`,`guard_name`);

--
-- Indexes for table `roles`
--
ALTER TABLE `roles`
  ADD PRIMARY KEY (`id`),
  ADD UNIQUE KEY `roles_name_guard_name_unique` (`name`,`guard_name`);

--
-- Indexes for table `role_has_permissions`
--
ALTER TABLE `role_has_permissions`
  ADD PRIMARY KEY (`permission_id`,`role_id`),
  ADD KEY `role_has_permissions_role_id_foreign` (`role_id`);

--
-- Indexes for table `sessions`
--
ALTER TABLE `sessions`
  ADD PRIMARY KEY (`id`),
  ADD KEY `sessions_user_id_index` (`user_id`),
  ADD KEY `sessions_last_activity_index` (`last_activity`);

--
-- Indexes for table `settings`
--
ALTER TABLE `settings`
  ADD PRIMARY KEY (`id`),
  ADD UNIQUE KEY `settings_key_unique` (`key`),
  ADD KEY `settings_group_key_index` (`group`,`key`),
  ADD KEY `settings_is_public_index` (`is_public`);

--
-- Indexes for table `site_configurations`
--
ALTER TABLE `site_configurations`
  ADD PRIMARY KEY (`id`),
  ADD UNIQUE KEY `site_config_unique` (`section_key`,`configuration_type`,`theme_name`),
  ADD KEY `site_configurations_section_key_configuration_type_index` (`section_key`,`configuration_type`),
  ADD KEY `site_configurations_theme_name_status_index` (`theme_name`,`status`),
  ADD KEY `site_configurations_language_code_status_index` (`language_code`,`status`),
  ADD KEY `site_configurations_section_key_index` (`section_key`),
  ADD KEY `site_configurations_configuration_type_index` (`configuration_type`),
  ADD KEY `site_configurations_theme_name_index` (`theme_name`),
  ADD KEY `site_configurations_language_code_index` (`language_code`),
  ADD KEY `site_configurations_status_index` (`status`);

--
-- Indexes for table `subscriber_newsletters`
--
ALTER TABLE `subscriber_newsletters`
  ADD PRIMARY KEY (`id`);

--
-- Indexes for table `taxonomies`
--
ALTER TABLE `taxonomies`
  ADD PRIMARY KEY (`id`),
  ADD UNIQUE KEY `taxonomies_slug_language_code_taxonomy_type_unique` (`slug`,`language_code`,`taxonomy_type`),
  ADD KEY `taxonomies_language_code_index` (`language_code`),
  ADD KEY `taxonomies_parent_id_index` (`parent_id`),
  ADD KEY `taxonomies_taxonomable_type_taxonomable_id_index` (`taxonomable_type`,`taxonomable_id`);

--
-- Indexes for table `taxonomy_translations`
--
ALTER TABLE `taxonomy_translations`
  ADD PRIMARY KEY (`id`),
  ADD UNIQUE KEY `taxonomy_translations_original_taxonomy_id_language_code_unique` (`original_taxonomy_id`,`language_code`),
  ADD KEY `taxonomy_translations_translated_taxonomy_id_foreign` (`translated_taxonomy_id`),
  ADD KEY `taxonomy_translations_language_code_foreign` (`language_code`);

--
-- Indexes for table `telescope_entries`
--
ALTER TABLE `telescope_entries`
  ADD PRIMARY KEY (`sequence`),
  ADD UNIQUE KEY `telescope_entries_uuid_unique` (`uuid`),
  ADD KEY `telescope_entries_batch_id_index` (`batch_id`),
  ADD KEY `telescope_entries_family_hash_index` (`family_hash`),
  ADD KEY `telescope_entries_created_at_index` (`created_at`),
  ADD KEY `telescope_entries_type_should_display_on_index_index` (`type`,`should_display_on_index`);

--
-- Indexes for table `telescope_entries_tags`
--
ALTER TABLE `telescope_entries_tags`
  ADD PRIMARY KEY (`entry_uuid`,`tag`),
  ADD KEY `telescope_entries_tags_tag_index` (`tag`);

--
-- Indexes for table `telescope_monitoring`
--
ALTER TABLE `telescope_monitoring`
  ADD PRIMARY KEY (`tag`);

--
-- Indexes for table `test_orders`
--
ALTER TABLE `test_orders`
  ADD PRIMARY KEY (`id`),
  ADD UNIQUE KEY `test_orders_order_number_unique` (`order_number`),
  ADD KEY `test_orders_status_created_at_index` (`status`,`created_at`),
  ADD KEY `test_orders_customer_email_index` (`customer_email`),
  ADD KEY `test_orders_order_number_index` (`order_number`);

--
-- Indexes for table `updates`
--
ALTER TABLE `updates`
  ADD PRIMARY KEY (`id`),
  ADD UNIQUE KEY `updates_version_unique` (`version`),
  ADD KEY `updates_uploaded_by_foreign` (`uploaded_by`),
  ADD KEY `updates_status_created_at_index` (`status`,`created_at`),
  ADD KEY `updates_version_index` (`version`);

--
-- Indexes for table `user_metas`
--
ALTER TABLE `user_metas`
  ADD PRIMARY KEY (`id`),
  ADD UNIQUE KEY `user_metas_user_id_meta_key_unique` (`user_id`,`meta_key`),
  ADD KEY `user_metas_meta_key_index` (`meta_key`);

--
-- Indexes for table `wishlists`
--
ALTER TABLE `wishlists`
  ADD PRIMARY KEY (`id`),
  ADD KEY `wishlists_wishlistable_type_wishlistable_id_index` (`wishlistable_type`,`wishlistable_id`);

--
-- AUTO_INCREMENT for dumped tables
--

--
-- AUTO_INCREMENT for table `carts`
--
ALTER TABLE `carts`
  MODIFY `id` bigint(20) UNSIGNED NOT NULL AUTO_INCREMENT, AUTO_INCREMENT=61;

--
-- AUTO_INCREMENT for table `comments`
--
ALTER TABLE `comments`
  MODIFY `id` bigint(20) UNSIGNED NOT NULL AUTO_INCREMENT, AUTO_INCREMENT=13;

--
-- AUTO_INCREMENT for table `contact_messages`
--
ALTER TABLE `contact_messages`
  MODIFY `id` bigint(20) UNSIGNED NOT NULL AUTO_INCREMENT, AUTO_INCREMENT=3;

--
-- AUTO_INCREMENT for table `contents`
--
ALTER TABLE `contents`
  MODIFY `id` bigint(20) UNSIGNED NOT NULL AUTO_INCREMENT, AUTO_INCREMENT=369;

--
-- AUTO_INCREMENT for table `content_metas`
--
ALTER TABLE `content_metas`
  MODIFY `id` bigint(20) UNSIGNED NOT NULL AUTO_INCREMENT, AUTO_INCREMENT=1818;

--
-- AUTO_INCREMENT for table `content_taxonomies`
--
ALTER TABLE `content_taxonomies`
  MODIFY `id` bigint(20) UNSIGNED NOT NULL AUTO_INCREMENT, AUTO_INCREMENT=841;

--
-- AUTO_INCREMENT for table `content_translations`
--
ALTER TABLE `content_translations`
  MODIFY `id` bigint(20) UNSIGNED NOT NULL AUTO_INCREMENT, AUTO_INCREMENT=177;

--
-- AUTO_INCREMENT for table `conversations`
--
ALTER TABLE `conversations`
  MODIFY `id` bigint(20) UNSIGNED NOT NULL AUTO_INCREMENT, AUTO_INCREMENT=3;

--
-- AUTO_INCREMENT for table `conversation_messages`
--
ALTER TABLE `conversation_messages`
  MODIFY `id` bigint(20) UNSIGNED NOT NULL AUTO_INCREMENT, AUTO_INCREMENT=7;

--
-- AUTO_INCREMENT for table `currencies`
--
ALTER TABLE `currencies`
  MODIFY `id` bigint(20) UNSIGNED NOT NULL AUTO_INCREMENT, AUTO_INCREMENT=3;

--
-- AUTO_INCREMENT for table `failed_jobs`
--
ALTER TABLE `failed_jobs`
  MODIFY `id` bigint(20) UNSIGNED NOT NULL AUTO_INCREMENT;

--
-- AUTO_INCREMENT for table `files`
--
ALTER TABLE `files`
  MODIFY `id` bigint(20) UNSIGNED NOT NULL AUTO_INCREMENT;

--
-- AUTO_INCREMENT for table `frontends`
--
ALTER TABLE `frontends`
  MODIFY `id` bigint(20) UNSIGNED NOT NULL AUTO_INCREMENT;

--
-- AUTO_INCREMENT for table `jobs`
--
ALTER TABLE `jobs`
  MODIFY `id` bigint(20) UNSIGNED NOT NULL AUTO_INCREMENT;

--
-- AUTO_INCREMENT for table `languages`
--
ALTER TABLE `languages`
  MODIFY `id` bigint(20) UNSIGNED NOT NULL AUTO_INCREMENT, AUTO_INCREMENT=3;

--
-- AUTO_INCREMENT for table `media`
--
ALTER TABLE `media`
  MODIFY `id` bigint(20) UNSIGNED NOT NULL AUTO_INCREMENT, AUTO_INCREMENT=442;

--
-- AUTO_INCREMENT for table `menus`
--
ALTER TABLE `menus`
  MODIFY `id` bigint(20) UNSIGNED NOT NULL AUTO_INCREMENT, AUTO_INCREMENT=7;

--
-- AUTO_INCREMENT for table `menu_items`
--
ALTER TABLE `menu_items`
  MODIFY `id` bigint(20) UNSIGNED NOT NULL AUTO_INCREMENT, AUTO_INCREMENT=46;

--
-- AUTO_INCREMENT for table `migrations`
--
ALTER TABLE `migrations`
  MODIFY `id` int(10) UNSIGNED NOT NULL AUTO_INCREMENT, AUTO_INCREMENT=46;

--
-- AUTO_INCREMENT for table `newsletters`
--
ALTER TABLE `newsletters`
  MODIFY `id` bigint(20) UNSIGNED NOT NULL AUTO_INCREMENT;

--
-- AUTO_INCREMENT for table `options`
--
ALTER TABLE `options`
  MODIFY `id` bigint(20) UNSIGNED NOT NULL AUTO_INCREMENT;

--
-- AUTO_INCREMENT for table `orders`
--
ALTER TABLE `orders`
  MODIFY `id` bigint(20) UNSIGNED NOT NULL AUTO_INCREMENT, AUTO_INCREMENT=39;

--
-- AUTO_INCREMENT for table `order_items`
--
ALTER TABLE `order_items`
  MODIFY `id` bigint(20) UNSIGNED NOT NULL AUTO_INCREMENT, AUTO_INCREMENT=92;

--
-- AUTO_INCREMENT for table `pages`
--
ALTER TABLE `pages`
  MODIFY `id` bigint(20) UNSIGNED NOT NULL AUTO_INCREMENT;

--
-- AUTO_INCREMENT for table `page_contents`
--
ALTER TABLE `page_contents`
  MODIFY `id` bigint(20) UNSIGNED NOT NULL AUTO_INCREMENT;

--
-- AUTO_INCREMENT for table `payment_methods`
--
ALTER TABLE `payment_methods`
  MODIFY `id` bigint(20) UNSIGNED NOT NULL AUTO_INCREMENT, AUTO_INCREMENT=10;

--
-- AUTO_INCREMENT for table `payment_method_translations`
--
ALTER TABLE `payment_method_translations`
  MODIFY `id` bigint(20) UNSIGNED NOT NULL AUTO_INCREMENT;

--
-- AUTO_INCREMENT for table `permissions`
--
ALTER TABLE `permissions`
  MODIFY `id` bigint(20) UNSIGNED NOT NULL AUTO_INCREMENT, AUTO_INCREMENT=5;

--
-- AUTO_INCREMENT for table `roles`
--
ALTER TABLE `roles`
  MODIFY `id` bigint(20) UNSIGNED NOT NULL AUTO_INCREMENT, AUTO_INCREMENT=7;

--
-- AUTO_INCREMENT for table `settings`
--
ALTER TABLE `settings`
  MODIFY `id` bigint(20) UNSIGNED NOT NULL AUTO_INCREMENT, AUTO_INCREMENT=79;

--
-- AUTO_INCREMENT for table `site_configurations`
--
ALTER TABLE `site_configurations`
  MODIFY `id` bigint(20) UNSIGNED NOT NULL AUTO_INCREMENT, AUTO_INCREMENT=100;

--
-- AUTO_INCREMENT for table `subscriber_newsletters`
--
ALTER TABLE `subscriber_newsletters`
  MODIFY `id` bigint(20) UNSIGNED NOT NULL AUTO_INCREMENT;

--
-- AUTO_INCREMENT for table `taxonomies`
--
ALTER TABLE `taxonomies`
  MODIFY `id` bigint(20) UNSIGNED NOT NULL AUTO_INCREMENT, AUTO_INCREMENT=49;

--
-- AUTO_INCREMENT for table `taxonomy_translations`
--
ALTER TABLE `taxonomy_translations`
  MODIFY `id` bigint(20) UNSIGNED NOT NULL AUTO_INCREMENT, AUTO_INCREMENT=9;

--
-- AUTO_INCREMENT for table `telescope_entries`
--
ALTER TABLE `telescope_entries`
  MODIFY `sequence` bigint(20) UNSIGNED NOT NULL AUTO_INCREMENT, AUTO_INCREMENT=3784332;

--
-- AUTO_INCREMENT for table `test_orders`
--
ALTER TABLE `test_orders`
  MODIFY `id` bigint(20) UNSIGNED NOT NULL AUTO_INCREMENT;

--
-- AUTO_INCREMENT for table `updates`
--
ALTER TABLE `updates`
  MODIFY `id` bigint(20) UNSIGNED NOT NULL AUTO_INCREMENT;

--
-- AUTO_INCREMENT for table `user_metas`
--
ALTER TABLE `user_metas`
  MODIFY `id` bigint(20) UNSIGNED NOT NULL AUTO_INCREMENT, AUTO_INCREMENT=50;

--
-- AUTO_INCREMENT for table `wishlists`
--
ALTER TABLE `wishlists`
  MODIFY `id` bigint(20) UNSIGNED NOT NULL AUTO_INCREMENT, AUTO_INCREMENT=30;

--
-- Constraints for dumped tables
--

--
-- Constraints for table `comments`
--
ALTER TABLE `comments`
  ADD CONSTRAINT `comments_parent_id_foreign` FOREIGN KEY (`parent_id`) REFERENCES `comments` (`id`) ON DELETE CASCADE,
  ADD CONSTRAINT `comments_user_id_foreign` FOREIGN KEY (`user_id`) REFERENCES `users` (`id`) ON DELETE CASCADE;

--
-- Constraints for table `contents`
--
ALTER TABLE `contents`
  ADD CONSTRAINT `contents_author_id_foreign` FOREIGN KEY (`author_id`) REFERENCES `users` (`id`) ON DELETE CASCADE,
  ADD CONSTRAINT `contents_parent_id_foreign` FOREIGN KEY (`parent_id`) REFERENCES `contents` (`id`) ON DELETE CASCADE;

--
-- Constraints for table `content_metas`
--
ALTER TABLE `content_metas`
  ADD CONSTRAINT `content_metas_content_id_foreign` FOREIGN KEY (`content_id`) REFERENCES `contents` (`id`) ON DELETE CASCADE;

--
-- Constraints for table `content_taxonomies`
--
ALTER TABLE `content_taxonomies`
  ADD CONSTRAINT `content_taxonomies_content_id_foreign` FOREIGN KEY (`content_id`) REFERENCES `contents` (`id`) ON DELETE CASCADE,
  ADD CONSTRAINT `content_taxonomies_taxonomy_id_foreign` FOREIGN KEY (`taxonomy_id`) REFERENCES `taxonomies` (`id`) ON DELETE CASCADE;

--
-- Constraints for table `content_translations`
--
ALTER TABLE `content_translations`
  ADD CONSTRAINT `content_translations_original_content_id_foreign` FOREIGN KEY (`original_content_id`) REFERENCES `contents` (`id`) ON DELETE CASCADE,
  ADD CONSTRAINT `content_translations_translated_content_id_foreign` FOREIGN KEY (`translated_content_id`) REFERENCES `contents` (`id`) ON DELETE CASCADE;

--
-- Constraints for table `files`
--
ALTER TABLE `files`
  ADD CONSTRAINT `files_user_id_foreign` FOREIGN KEY (`user_id`) REFERENCES `users` (`id`) ON DELETE SET NULL;

--
-- Constraints for table `menu_items`
--
ALTER TABLE `menu_items`
  ADD CONSTRAINT `menu_items_menu_id_foreign` FOREIGN KEY (`menu_id`) REFERENCES `menus` (`id`) ON DELETE CASCADE;

--
-- Constraints for table `model_has_permissions`
--
ALTER TABLE `model_has_permissions`
  ADD CONSTRAINT `model_has_permissions_permission_id_foreign` FOREIGN KEY (`permission_id`) REFERENCES `permissions` (`id`) ON DELETE CASCADE;

--
-- Constraints for table `model_has_roles`
--
ALTER TABLE `model_has_roles`
  ADD CONSTRAINT `model_has_roles_role_id_foreign` FOREIGN KEY (`role_id`) REFERENCES `roles` (`id`) ON DELETE CASCADE;

--
-- Constraints for table `orders`
--
ALTER TABLE `orders`
  ADD CONSTRAINT `orders_user_id_foreign` FOREIGN KEY (`user_id`) REFERENCES `users` (`id`) ON DELETE CASCADE;

--
-- Constraints for table `order_items`
--
ALTER TABLE `order_items`
  ADD CONSTRAINT `order_items_order_id_foreign` FOREIGN KEY (`order_id`) REFERENCES `orders` (`id`) ON DELETE CASCADE;

--
-- Constraints for table `page_contents`
--
ALTER TABLE `page_contents`
  ADD CONSTRAINT `page_contents_page_id_foreign` FOREIGN KEY (`page_id`) REFERENCES `pages` (`id`) ON DELETE CASCADE;

--
-- Constraints for table `payment_histories`
--
ALTER TABLE `payment_histories`
  ADD CONSTRAINT `payment_histories_payment_method_foreign` FOREIGN KEY (`payment_method`) REFERENCES `payment_methods` (`driver`) ON DELETE SET NULL;

--
-- Constraints for table `payment_method_translations`
--
ALTER TABLE `payment_method_translations`
  ADD CONSTRAINT `payment_method_translations_payment_method_id_foreign` FOREIGN KEY (`payment_method_id`) REFERENCES `payment_methods` (`id`) ON DELETE CASCADE;

--
-- Constraints for table `role_has_permissions`
--
ALTER TABLE `role_has_permissions`
  ADD CONSTRAINT `role_has_permissions_permission_id_foreign` FOREIGN KEY (`permission_id`) REFERENCES `permissions` (`id`) ON DELETE CASCADE,
  ADD CONSTRAINT `role_has_permissions_role_id_foreign` FOREIGN KEY (`role_id`) REFERENCES `roles` (`id`) ON DELETE CASCADE;

--
-- Constraints for table `taxonomies`
--
ALTER TABLE `taxonomies`
  ADD CONSTRAINT `taxonomies_parent_id_foreign` FOREIGN KEY (`parent_id`) REFERENCES `taxonomies` (`id`) ON DELETE CASCADE;

--
-- Constraints for table `taxonomy_translations`
--
ALTER TABLE `taxonomy_translations`
  ADD CONSTRAINT `taxonomy_translations_language_code_foreign` FOREIGN KEY (`language_code`) REFERENCES `languages` (`code`) ON DELETE CASCADE,
  ADD CONSTRAINT `taxonomy_translations_original_taxonomy_id_foreign` FOREIGN KEY (`original_taxonomy_id`) REFERENCES `taxonomies` (`id`) ON DELETE CASCADE,
  ADD CONSTRAINT `taxonomy_translations_translated_taxonomy_id_foreign` FOREIGN KEY (`translated_taxonomy_id`) REFERENCES `taxonomies` (`id`) ON DELETE CASCADE;

--
-- Constraints for table `telescope_entries_tags`
--
ALTER TABLE `telescope_entries_tags`
  ADD CONSTRAINT `telescope_entries_tags_entry_uuid_foreign` FOREIGN KEY (`entry_uuid`) REFERENCES `telescope_entries` (`uuid`) ON DELETE CASCADE;

--
-- Constraints for table `updates`
--
ALTER TABLE `updates`
  ADD CONSTRAINT `updates_uploaded_by_foreign` FOREIGN KEY (`uploaded_by`) REFERENCES `users` (`id`) ON DELETE SET NULL;

--
-- Constraints for table `user_metas`
--
ALTER TABLE `user_metas`
  ADD CONSTRAINT `user_metas_user_id_foreign` FOREIGN KEY (`user_id`) REFERENCES `users` (`id`) ON DELETE CASCADE;
COMMIT;

